{"id":4658,"date":"2023-05-05T15:40:57","date_gmt":"2023-05-05T18:40:57","guid":{"rendered":"https:\/\/sites.uel.br\/prograd\/?page_id=4658"},"modified":"2024-02-06T15:26:22","modified_gmt":"2024-02-06T18:26:22","slug":"projetos-pedagogicos-educacao-fisica","status":"publish","type":"page","link":"https:\/\/sites.uel.br\/prograd\/graduacao\/projetos-pedagogicos\/projetos-pedagogicos-educacao-fisica\/","title":{"rendered":"Projetos Pedag\u00f3gicos"},"content":{"rendered":"\n<hr class=\"wp-block-separator has-alpha-channel-opacity is-style-wide\"\/>\n\n\n\n<p class=\"has-text-align-center has-verde-claro-background-color has-background\"><em><strong>O estudante a ingressar no Curso de Educa\u00e7\u00e3o F\u00edsica a partir do ano de 2023 s\u00f3 poder\u00e1 ser matriculado em uma das forma\u00e7\u00f5es espec\u00edficas (Licenciatura ou Bacharelado) depois de integralizar as 1.600 (mil e seiscentas) horas da etapa comum (1\u00ba e 2\u00ba anos)<\/strong><\/em>.<\/p>\n\n\n\n<h2 class=\"wp-block-heading\">Educa\u00e7\u00e3o F\u00edsica<\/h2>\n\n\n\n<p><a href=\"https:\/\/sites.uel.br\/prograd\/wp-content\/uploads\/documentos\/resolucoes\/2022\/resolucao_09_22.pdf\" target=\"_blank\" rel=\"noreferrer noopener\"><strong>Resolu\u00e7\u00e3o CEPE\/CA n\u00ba 09\/2022<\/strong><\/a><br>Reformula o Projeto Pedag\u00f3gico do Curso de Educa\u00e7\u00e3o F\u00edsica, a ser implantado a partir do ano letivo de 2023<\/p>\n\n\n\n<hr class=\"wp-block-separator has-text-color has-cinza-color has-css-opacity has-cinza-background-color has-background is-style-wide\"\/>\n\n\n\n<p><strong>Veja tamb\u00e9m:<\/strong><\/p>\n\n\n\n<p><a href=\"https:\/\/sites.uel.br\/prograd\/graduacao\/catalogo-dos-cursos-de-graduacao-indice\/\">Cat\u00e1logo dos Curso de Gradua\u00e7\u00e3o (Organiza\u00e7\u00e3o Curricular, Ementas, Corpo Docente<\/a>)<\/p>\n\n\n\n<p><a href=\"https:\/\/sites.uel.br\/prograd\/regulamentos-tcc-e-estagio\/\">Regulamentos TCC e Est\u00e1gios<\/a><\/p>\n","protected":false},"excerpt":{"rendered":"<p>O estudante a ingressar no Curso de Educa\u00e7\u00e3o F\u00edsica a partir do ano de 2023 s\u00f3 poder\u00e1 ser matriculado em uma das forma\u00e7\u00f5es espec\u00edficas (Licenciatura ou Bacharelado) depois de integralizar as 1.600 (mil e seiscentas) horas da etapa comum (1\u00ba e 2\u00ba anos). Educa\u00e7\u00e3o F\u00edsica Resolu\u00e7\u00e3o CEPE\/CA n\u00ba 09\/2022Reformula o Projeto Pedag\u00f3gico do Curso de [&hellip;]<\/p>\n","protected":false},"author":8,"featured_media":0,"parent":174,"menu_order":0,"comment_status":"closed","ping_status":"closed","template":"","meta":{"_acf_changed":false,"_themeisle_gutenberg_block_has_review":false,"footnotes":""},"class_list":["post-4658","page","type-page","status-publish","hentry"],"acf":[],"_links":{"self":[{"href":"https:\/\/sites.uel.br\/prograd\/wp-json\/wp\/v2\/pages\/4658","targetHints":{"allow":["GET"]}}],"collection":[{"href":"https:\/\/sites.uel.br\/prograd\/wp-json\/wp\/v2\/pages"}],"about":[{"href":"https:\/\/sites.uel.br\/prograd\/wp-json\/wp\/v2\/types\/page"}],"author":[{"embeddable":true,"href":"https:\/\/sites.uel.br\/prograd\/wp-json\/wp\/v2\/users\/8"}],"replies":[{"embeddable":true,"href":"https:\/\/sites.uel.br\/prograd\/wp-json\/wp\/v2\/comments?post=4658"}],"version-history":[{"count":9,"href":"https:\/\/sites.uel.br\/prograd\/wp-json\/wp\/v2\/pages\/4658\/revisions"}],"predecessor-version":[{"id":21006,"href":"https:\/\/sites.uel.br\/prograd\/wp-json\/wp\/v2\/pages\/4658\/revisions\/21006"}],"up":[{"embeddable":true,"href":"https:\/\/sites.uel.br\/prograd\/wp-json\/wp\/v2\/pages\/174"}],"wp:attachment":[{"href":"https:\/\/sites.uel.br\/prograd\/wp-json\/wp\/v2\/media?parent=4658"}],"curies":[{"name":"wp","href":"https:\/\/api.w.org\/{rel}","templated":true}]}}

Projetos Pedagógicos

<hr class="wp-block-separator has-alpha-channel-opacity is-style-wide"/>



<p class="has-text-align-center has-verde-claro-background-color has-background"><em><strong>O estudante a ingressar no Curso de Educação Física a partir do ano de 2023 só poderá ser matriculado em uma das formações específicas (Licenciatura ou Bacharelado) depois de integralizar as 1.600 (mil e seiscentas) horas da etapa comum (1º e 2º anos)</strong></em>.</p>



<h2 class="wp-block-heading">Educação Física</h2>



<p><a href="https://sites.uel.br/prograd/wp-content/uploads/documentos/resolucoes/2022/resolucao_09_22.pdf" target="_blank" rel="noreferrer noopener"><strong>Resolução CEPE/CA nº 09/2022</strong></a><br>Reformula o Projeto Pedagógico do Curso de Educação Física, a ser implantado a partir do ano letivo de 2023</p>



<hr class="wp-block-separator has-text-color has-cinza-color has-css-opacity has-cinza-background-color has-background is-style-wide"/>



<p><strong>Veja também:</strong></p>



<p><a href="https://sites.uel.br/prograd/graduacao/catalogo-dos-cursos-de-graduacao-indice/">Catálogo dos Curso de Graduação (Organização Curricular, Ementas, Corpo Docente</a>)</p>



<p><a href="https://sites.uel.br/prograd/regulamentos-tcc-e-estagio/">Regulamentos TCC e Estágios</a></p>

<p>O estudante a ingressar no Curso de Educação Física a partir do ano de 2023 só poderá ser matriculado em uma das formações específicas (Licenciatura ou Bacharelado) depois de integralizar as 1.600 (mil e seiscentas) horas da etapa comum (1º e 2º anos). Educação Física Resolução CEPE/CA nº 09/2022Reformula o Projeto Pedagógico do Curso de [&hellip;]</p>
