{"id":4572,"date":"2023-05-05T15:28:43","date_gmt":"2023-05-05T18:28:43","guid":{"rendered":"https:\/\/sites.uel.br\/prograd\/?page_id=4572"},"modified":"2024-06-11T16:53:46","modified_gmt":"2024-06-11T19:53:46","slug":"projetos-pedagogicos-pedagogia","status":"publish","type":"page","link":"https:\/\/sites.uel.br\/prograd\/graduacao\/projetos-pedagogicos\/projetos-pedagogicos-pedagogia\/","title":{"rendered":"Projetos Pedag\u00f3gicos"},"content":{"rendered":"\n<hr class=\"wp-block-separator has-alpha-channel-opacity is-style-wide\"\/>\n\n\n\n<h2 class=\"wp-block-heading\">Pedagogia<\/h2>\n\n\n\n<p><strong><a href=\"https:\/\/sites.uel.br\/prograd\/wp-content\/uploads\/documentos\/deliberacoes\/2023\/deliberacao_27_23.pdf\" target=\"_blank\" rel=\"noreferrer noopener\">Delibera\u00e7\u00e3o da C\u00e2mara de Gradua\u00e7\u00e3o n\u00ba 27\/2023<\/a><\/strong><br>Altera o semestre de oferta da atividade acad\u00eamica de natureza obrigat\u00f3ria especial 1EST682 \u2013 Est\u00e1gio Supervisionado de Gest\u00e3o N\u00e3o Escolar \u2013 N\u00facleo Integrador V, do curso de Pedagogia, curr\u00edculo 2019<\/p>\n\n\n\n<p><a href=\"https:\/\/sites.uel.br\/prograd\/wp-content\/uploads\/documentos\/resolucoes\/2023\/resolucao_56_23.pdf\" target=\"_blank\" rel=\"noreferrer noopener\"><strong>Resolu\u00e7\u00e3o CEPE n\u00ba 56\/2023<\/strong><\/a><br>Estabelece adequa\u00e7\u00f5es no Projeto Pedag\u00f3gico do Curso de Pedagogia<\/p>\n\n\n\n<p><a href=\"https:\/\/sites.uel.br\/prograd\/wp-content\/uploads\/documentos\/deliberacoes\/2022\/deliberacao_17_22.pdf\" target=\"_blank\" rel=\"noreferrer noopener\"><strong>Delibera\u00e7\u00e3o da C\u00e2mara de Gradua\u00e7\u00e3o n\u00ba 17\/2022<\/strong><\/a><br>Estabelece adequa\u00e7\u00f5es curriculares no Curso de Pedagogia<\/p>\n\n\n\n<p><a href=\"https:\/\/sites.uel.br\/prograd\/wp-content\/uploads\/documentos\/deliberacoes\/2021\/deliberacao_08_21.pdf\" target=\"_blank\" rel=\"noreferrer noopener\"><strong>Delibera\u00e7\u00e3o da C\u00e2mara de Gradua\u00e7\u00e3o n\u00ba 08\/2021<\/strong><\/a><br>Cria pr\u00e9-requisitos para as Atividades Acad\u00eamicas de Natureza Obrigat\u00f3ria Especial 1EST678 &#8211; Est\u00e1gio Supervisionado da Educa\u00e7\u00e3o Infantil II &#8211; N\u00facleo Integrador II, 1EST680 &#8211; Est\u00e1gio Supervisionado dos Anos Iniciais II &#8211; N\u00facleo Integrador IV, 1 EST681 &#8211; Est\u00e1gio Supervisionado de Gest\u00e3o Escolar I &#8211; N\u00facleo Integrador V, 1EST683 &#8211; Est\u00e1gio Supervisionado de Gest\u00e3o Escolar II &#8211; N\u00facleo Integrador VI, 1TCC602 &#8211; Trabalho de Conclus\u00e3o de Curso II e 1TCC603 &#8211; Trabalho de Conclus\u00e3o de Curso III, do Curso de Gradua\u00e7\u00e3o em Pedagogia<\/p>\n\n\n\n<p><a href=\"https:\/\/sites.uel.br\/prograd\/wp-content\/uploads\/documentos\/deliberacoes\/2019\/deliberacao_28_19.pdf\" target=\"_blank\" rel=\"noreferrer noopener\"><strong>Delibera\u00e7\u00e3o da C\u00e2mara de Gradua\u00e7\u00e3o n\u00ba 28\/2019<\/strong><\/a><br>Extingue os pr\u00e9-requisitos exigidos na matriz curricular do Curso de Gradua\u00e7\u00e3o em Pedagogia, curr\u00edculo implantado a partir do ano letivo de 2019, constantes da Resolu\u00e7\u00e3o CEPE\/CA n\u00ba 118\/2018<\/p>\n\n\n\n<p><a href=\"https:\/\/sites.uel.br\/prograd\/wp-content\/uploads\/documentos\/deliberacoes\/2019\/deliberacao_14_19.pdf\" target=\"_blank\" rel=\"noreferrer noopener\"><strong>Delibera\u00e7\u00e3o da C\u00e2mara de Gradua\u00e7\u00e3o n\u00ba 14\/2019<\/strong><\/a><br>Altera o per\u00edodo de oferta das atividades acad\u00eamicas 1EDU052 &#8211; Did\u00e1tica da L\u00edngua Portuguesa para os Anos Iniciais do Ensino Fundamental e 1EDU061 &#8211; Did\u00e1tica da Geografia para os Anos Iniciais do Ensino Fundamental, do Curso de Gradua\u00e7\u00e3o em Pedagogia<\/p>\n\n\n\n<p><a href=\"https:\/\/sites.uel.br\/prograd\/wp-content\/uploads\/documentos\/resolucoes\/2018\/resolucao_118_18.pdf\" target=\"_blank\" rel=\"noreferrer noopener\"><strong>Resolu\u00e7\u00e3o CEPE\/CA n\u00ba 118\/2018<\/strong><\/a><br>Reformula o Projeto Pedag\u00f3gico do Curso de Pedagogia &#8211; Licenciatura, a ser implantado a partir do ano letivo de 2019<\/p>\n\n\n\n<p><a href=\"https:\/\/sites.uel.br\/prograd\/wp-content\/uploads\/documentos\/deliberacoes\/2018\/deliberacao_09_18.pdf\" target=\"_blank\" rel=\"noreferrer noopener\"><strong>Delibera\u00e7\u00e3o da C\u00e2mara de Gradua\u00e7\u00e3o n\u00ba 09\/2018<\/strong><\/a><br>Altera o per\u00edodo de oferta das atividades acad\u00eamicas 6EDU095 &#8211; Psicologia da Aprendizagem B e 6EDU100 &#8211; Educa\u00e7\u00e3o Especial A, do curso de gradua\u00e7\u00e3o em Pedagogia, curr\u00edculo 2010<\/p>\n\n\n\n<p><a href=\"https:\/\/sites.uel.br\/prograd\/wp-content\/uploads\/documentos\/deliberacoes\/2016\/deliberacao_06_16.pdf\" target=\"_blank\" rel=\"noreferrer noopener\"><strong>Delibera\u00e7\u00e3o da C\u00e2mara de Gradua\u00e7\u00e3o n\u00ba 06\/2016<\/strong><\/a><br>Altera o per\u00edodo de ofertas das atividades acad\u00eamicas 6EDU092 &#8211; Filosofia e Educa\u00e7\u00e3o: aspectos Epistemol\u00f3gicos e 6EDU093 Educa\u00e7\u00e3o Infantil A, do curso de gradua\u00e7\u00e3o em Pedagogia, curr\u00edculo 2010<\/p>\n\n\n\n<p><strong><a href=\"https:\/\/sites.uel.br\/prograd\/wp-content\/uploads\/documentos\/deliberacoes\/2014\/deliberacao_43_14.pdf\" target=\"_blank\" rel=\"noreferrer noopener\">Delibera\u00e7\u00e3o da C\u00e2mara de Gradua\u00e7\u00e3o n\u00ba 43\/2014<\/a><\/strong><br>Altera a nomenclatura e ementas das atividades acad\u00eamicas, do curso de Gradua\u00e7\u00e3o em Pedagogia, do curr\u00edculo de 2010<\/p>\n\n\n\n<p><a href=\"https:\/\/sites.uel.br\/prograd\/wp-content\/uploads\/documentos\/deliberacoes\/2013\/deliberacao_20_13.pdf\" target=\"_blank\" rel=\"noreferrer noopener\"><strong>Delibera\u00e7\u00e3o da C\u00e2mara de Gradua\u00e7\u00e3o n\u00ba 20\/2013<\/strong><\/a><br>Altera a composi\u00e7\u00e3o do Colegiado do Curso de Pedagogia<\/p>\n\n\n\n<p><a href=\"https:\/\/sites.uel.br\/prograd\/wp-content\/uploads\/documentos\/deliberacoes\/2013\/deliberacao_06_13.pdf\" target=\"_blank\" rel=\"noreferrer noopener\"><strong>Delibera\u00e7\u00e3o da C\u00e2mara de Gradua\u00e7\u00e3o n\u00ba 06\/2013<\/strong><\/a><br>Estabelece adequa\u00e7\u00f5es curriculares no curso de Pedagogia, licenciatura, curr\u00edculo 2010<\/p>\n\n\n\n<p><a href=\"https:\/\/sites.uel.br\/prograd\/wp-content\/uploads\/documentos\/deliberacoes\/2012\/deliberacao_26_12.pdf\" target=\"_blank\" rel=\"noreferrer noopener\"><strong>Delibera\u00e7\u00e3o da C\u00e2mara de Gradua\u00e7\u00e3o n\u00ba 26\/2012<\/strong><\/a><br>Altera, na matriz curricular do curso de Gradua\u00e7\u00e3o em Pedagogia, curr\u00edculo 2010, a s\u00e9rie e semestre de oferta da atividade acad\u00eamica 6EDU113 &#8211; Saberes e Fazeres do Professor Diante das Dificuldades de Aprendizagem<\/p>\n\n\n\n<p><a href=\"https:\/\/sites.uel.br\/prograd\/wp-content\/uploads\/documentos\/deliberacoes\/2012\/deliberacao_14_12.pdf\" target=\"_blank\" rel=\"noreferrer noopener\"><strong>Delibera\u00e7\u00e3o da C\u00e2mara de Gradua\u00e7\u00e3o n\u00ba 14\/2012<\/strong><\/a><br>Altera de anual para o segundo semestre a oferta da Atividade Acad\u00eamica 6EST614 &#8211; Est\u00e1gio Supervisionado em Gest\u00e3o da Educa\u00e7\u00e3o Escolar, locada na 4\u00aa s\u00e9rie do curso de Pedagogia, curr\u00edculo 2010<\/p>\n\n\n\n<p><a href=\"https:\/\/sites.uel.br\/prograd\/wp-content\/uploads\/documentos\/deliberacoes\/2011\/deliberacao_02_11.pdf\" target=\"_blank\" rel=\"noreferrer noopener\"><strong>Delibera\u00e7\u00e3o da C\u00e2mara de Gradua\u00e7\u00e3o n\u00ba 02\/2011<\/strong><\/a><br>Estabelece Adequa\u00e7\u00f5es Curriculares \u00e0 Resolu\u00e7\u00e3o CEPE\/CA n\u00ba 245\/2009, do Projeto Pedag\u00f3gico do curso de Primeira Licenciatura em Pedagogia, integrante do Programa Emergencial de Forma\u00e7\u00e3o de Professores em exerc\u00edcio na Educa\u00e7\u00e3o B\u00e1sica P\u00fablica<\/p>\n\n\n\n<p><a href=\"https:\/\/sites.uel.br\/prograd\/wp-content\/uploads\/documentos\/resolucoes\/2009\/resolucao_109_09.pdf\" target=\"_blank\" rel=\"noreferrer noopener\"><strong>Resolu\u00e7\u00e3o CEPE\/CA n\u00ba 0109\/2009<\/strong><\/a><br>Reformula o Projeto Pedag\u00f3gico do Curso de Gradua\u00e7\u00e3o em Pedagogia, Licenciatura, a ser implantado a partir do ano letivo de 2010<\/p>\n\n\n\n<p><a href=\"https:\/\/sites.uel.br\/prograd\/wp-content\/uploads\/documentos\/resolucoes\/2006\/resolucao_187_06.pdf\" target=\"_blank\" rel=\"noreferrer noopener\"><strong>Resolu\u00e7\u00e3o CEPE n\u00ba 187\/2006<\/strong><\/a><br>Reformula o Projeto Pedag\u00f3gico do Curso de Gradua\u00e7\u00e3o em Pedagogia &#8211; Licenciatura a ser implantado a partir do ano letivo de 2007<\/p>\n\n\n\n<p><a href=\"https:\/\/sites.uel.br\/prograd\/wp-content\/uploads\/documentos\/resolucoes\/2006\/resolucao_128_06.pdf\" target=\"_blank\" rel=\"noreferrer noopener\"><strong>Resolu\u00e7\u00e3o CEPE n\u00ba 128\/2006<\/strong><\/a><br>Altera a Resolu\u00e7\u00e3o CEPE N\u00ba 272\/05 referente ao Projeto Pedag\u00f3gico do curso de Pedagogia em implanta\u00e7\u00e3o a partir do ano letivo de 2005<\/p>\n\n\n\n<p><a href=\"https:\/\/sites.uel.br\/prograd\/wp-content\/uploads\/documentos\/deliberacoes\/2006\/deliberacao_22_06.pdf\" target=\"_blank\" rel=\"noreferrer noopener\"><strong>Delibera\u00e7\u00e3o da C\u00e2mara de Gradua\u00e7\u00e3o n\u00ba 22\/2006<\/strong><\/a><br>Estabelece adequa\u00e7\u00f5es curriculares para o curso de gradua\u00e7\u00e3o em Pedagogia a serem implantadas a partir do ano letivo de 2007<\/p>\n\n\n\n<p><a href=\"https:\/\/sites.uel.br\/prograd\/wp-content\/uploads\/documentos\/resolucoes\/2005\/resolucao_272_05.pdf\" target=\"_blank\" rel=\"noreferrer noopener\"><strong>Resolu\u00e7\u00e3o CEPE n\u00ba 272\/2005<\/strong><\/a><br>Altera os artigos 25, 29, 30 e 31 da Resolu\u00e7\u00e3o CEPE n\u00ba 46\/2005, que reformula o projeto Pol\u00edtico-Pedag\u00f3gico do Curso de Pedagogia<\/p>\n\n\n\n<p><a href=\"https:\/\/sites.uel.br\/prograd\/wp-content\/uploads\/documentos\/resolucoes\/2005\/resolucao_46_05.pdf\" target=\"_blank\" rel=\"noreferrer noopener\"><strong>Resolu\u00e7\u00e3o CEPE n\u00ba 46\/2005<\/strong><\/a><br>Reformula o Projeto Pol\u00edtico-Pedag\u00f3gico do Curso de Pedagogia a partir do ano letivo de 2005<\/p>\n\n\n\n<hr class=\"wp-block-separator has-text-color has-cinza-color has-css-opacity has-cinza-background-color has-background is-style-wide\"\/>\n\n\n\n<p><strong>Veja tamb\u00e9m:<\/strong><\/p>\n\n\n\n<p><a href=\"https:\/\/sites.uel.br\/prograd\/graduacao\/catalogo-dos-cursos-de-graduacao-indice\/\">Cat\u00e1logo dos Curso de Gradua\u00e7\u00e3o (Organiza\u00e7\u00e3o Curricular, Ementas, Corpo Docente<\/a>)<\/p>\n\n\n\n<p><a href=\"https:\/\/sites.uel.br\/prograd\/regulamentos-tcc-e-estagio\/\">Regulamentos TCC e Est\u00e1gios<\/a><\/p>\n","protected":false},"excerpt":{"rendered":"<p>Pedagogia Delibera\u00e7\u00e3o da C\u00e2mara de Gradua\u00e7\u00e3o n\u00ba 27\/2023Altera o semestre de oferta da atividade acad\u00eamica de natureza obrigat\u00f3ria especial 1EST682 \u2013 Est\u00e1gio Supervisionado de Gest\u00e3o N\u00e3o Escolar \u2013 N\u00facleo Integrador V, do curso de Pedagogia, curr\u00edculo 2019 Resolu\u00e7\u00e3o CEPE n\u00ba 56\/2023Estabelece adequa\u00e7\u00f5es no Projeto Pedag\u00f3gico do Curso de Pedagogia Delibera\u00e7\u00e3o da C\u00e2mara de Gradua\u00e7\u00e3o n\u00ba [&hellip;]<\/p>\n","protected":false},"author":8,"featured_media":0,"parent":174,"menu_order":0,"comment_status":"closed","ping_status":"closed","template":"","meta":{"_acf_changed":false,"_themeisle_gutenberg_block_has_review":false,"footnotes":""},"class_list":["post-4572","page","type-page","status-publish","hentry"],"acf":[],"_links":{"self":[{"href":"https:\/\/sites.uel.br\/prograd\/wp-json\/wp\/v2\/pages\/4572","targetHints":{"allow":["GET"]}}],"collection":[{"href":"https:\/\/sites.uel.br\/prograd\/wp-json\/wp\/v2\/pages"}],"about":[{"href":"https:\/\/sites.uel.br\/prograd\/wp-json\/wp\/v2\/types\/page"}],"author":[{"embeddable":true,"href":"https:\/\/sites.uel.br\/prograd\/wp-json\/wp\/v2\/users\/8"}],"replies":[{"embeddable":true,"href":"https:\/\/sites.uel.br\/prograd\/wp-json\/wp\/v2\/comments?post=4572"}],"version-history":[{"count":15,"href":"https:\/\/sites.uel.br\/prograd\/wp-json\/wp\/v2\/pages\/4572\/revisions"}],"predecessor-version":[{"id":30550,"href":"https:\/\/sites.uel.br\/prograd\/wp-json\/wp\/v2\/pages\/4572\/revisions\/30550"}],"up":[{"embeddable":true,"href":"https:\/\/sites.uel.br\/prograd\/wp-json\/wp\/v2\/pages\/174"}],"wp:attachment":[{"href":"https:\/\/sites.uel.br\/prograd\/wp-json\/wp\/v2\/media?parent=4572"}],"curies":[{"name":"wp","href":"https:\/\/api.w.org\/{rel}","templated":true}]}}