{"id":4563,"date":"2023-05-05T15:28:21","date_gmt":"2023-05-05T18:28:21","guid":{"rendered":"https:\/\/sites.uel.br\/prograd\/?page_id=4563"},"modified":"2025-11-28T12:21:41","modified_gmt":"2025-11-28T15:21:41","slug":"projetos-pedagogicos-letras-frances","status":"publish","type":"page","link":"https:\/\/sites.uel.br\/prograd\/graduacao\/projetos-pedagogicos\/projetos-pedagogicos-letras-frances\/","title":{"rendered":"Projetos Pedag\u00f3gicos"},"content":{"rendered":"\n<hr class=\"wp-block-separator has-alpha-channel-opacity is-style-wide\"\/>\n\n\n\n<h2 class=\"wp-block-heading\">Letras Franc\u00eas<\/h2>\n\n\n\n<p><strong><a href=\"https:\/\/sites.uel.br\/prograd\/wp-content\/uploads\/documentos\/deliberacoes\/2025\/deliberacao_35_25.pdf\" target=\"_blank\" rel=\"noreferrer noopener\">Delibera\u00e7\u00e3o da C\u00e2mara de Gradua\u00e7\u00e3o n\u00ba 35\/2025<\/a><\/strong><br>Constitui o Colegiado dos Cursos de Letras \u2013 Espanhol e Franc\u00eas<\/p>\n\n\n\n<p><a href=\"https:\/\/sites.uel.br\/prograd\/wp-content\/uploads\/documentos\/resolucoes\/2023\/resolucao_07_23.pdf\" target=\"_blank\" rel=\"noreferrer noopener\"><strong>Resolu\u00e7\u00e3o CEPE\/CA n\u00ba 07\/2023<\/strong><\/a><br>Reformula o Projeto Pedag\u00f3gico do Curso de Letras &#8211; Franc\u00eas, a ser implantado a partir do ano letivo de 2023<\/p>\n\n\n\n<p><a href=\"https:\/\/sites.uel.br\/prograd\/wp-content\/uploads\/documentos\/resolucoes\/2022\/resolucao_61_22.pdf\" target=\"_blank\" rel=\"noreferrer noopener\"><strong>Resolu\u00e7\u00e3o CEPE n\u00ba 61\/2022<\/strong><\/a><br>Altera o sistema de promo\u00e7\u00e3o do Curso de Letras Franc\u00eas &#8211; Modalidade: Bacharelado em L\u00edngua e Cultura Francesas<\/p>\n\n\n\n<p><a href=\"https:\/\/sites.uel.br\/prograd\/wp-content\/uploads\/documentos\/deliberacoes\/2019\/deliberacao_27_19.pdf\" target=\"_blank\" rel=\"noreferrer noopener\"><strong>Delibera\u00e7\u00e3o da C\u00e2mara de Gradua\u00e7\u00e3o n\u00ba 27\/2019<\/strong><\/a><br>Altera o sistema de promo\u00e7\u00e3o do Curso de Letras Franc\u00eas &#8211; Modalidade: Bacharelado, Habilita\u00e7\u00e3o: L\u00edngua e Cultura Francesas<\/p>\n\n\n\n<p><a href=\"https:\/\/sites.uel.br\/prograd\/wp-content\/uploads\/documentos\/deliberacoes\/2019\/deliberacao_05_19.pdf\" target=\"_blank\" rel=\"noreferrer noopener\"><strong>Delibera\u00e7\u00e3o da C\u00e2mara de Gradua\u00e7\u00e3o n\u00ba 05\/2019<\/strong><\/a><br>Estabelece adequa\u00e7\u00f5es curriculares no Curso de Gradua\u00e7\u00e3o em Letras Franc\u00eas, L\u00edngua e Cultura Francesas<\/p>\n\n\n\n<p><a href=\"https:\/\/sites.uel.br\/prograd\/wp-content\/uploads\/documentos\/deliberacoes\/2018\/deliberacao_25_18.pdf\" target=\"_blank\" rel=\"noreferrer noopener\"><strong>Delibera\u00e7\u00e3o da C\u00e2mara de Gradua\u00e7\u00e3o n\u00ba 25\/2018<\/strong><\/a><br>Estabelece adequa\u00e7\u00f5es curriculares no curso de Letras Franc\u00eas &#8211; Modalidade Bacharelado, Habilita\u00e7\u00e3o em L\u00edngua e Cultura Francesas<\/p>\n\n\n\n<p><a href=\"https:\/\/sites.uel.br\/prograd\/wp-content\/uploads\/documentos\/deliberacoes\/2016\/deliberacao_17_16.pdf\" target=\"_blank\" rel=\"noreferrer noopener\"><strong>Delibera\u00e7\u00e3o da C\u00e2mara de Gradua\u00e7\u00e3o n\u00ba 17\/2016<\/strong><\/a><br>Altera a ementa da atividade acad\u00eamica 6FIL041 Manifesta\u00e7\u00f5es Filos\u00f3ficas de Express\u00e3o Francesa A, do curso de gradua\u00e7\u00e3o em Letras Franc\u00eas &#8211; Modalidade Bacharelado, Habilita\u00e7\u00e3o em L\u00edngua e Cultura Francesas, curr\u00edculo 2010<\/p>\n\n\n\n<p><a href=\"https:\/\/sites.uel.br\/prograd\/wp-content\/uploads\/documentos\/deliberacoes\/2015\/deliberacao_15_15.pdf\" target=\"_blank\" rel=\"noreferrer noopener\"><strong>Delibera\u00e7\u00e3o da C\u00e2mara de Gradua\u00e7\u00e3o n\u00ba 15\/2015<\/strong><\/a><br>Aprova o Regulamento do NDE &#8211; N\u00facleo Docente Estruturante, do Curso de Letras Ingl\u00eas &#8211; Modalidade: Licenciatura &#8211; Habilita\u00e7\u00e3o: L\u00edngua Inglesa e Literaturas em L\u00edngua Inglesa; Letras Espanhol &#8211; Modalidade: Licenciatura &#8211; Habilita\u00e7\u00e3o: L\u00edngua Espanhola e Literatura Hisp\u00e2nica e Letras Franc\u00eas &#8211; Modalidade: Bacharelado &#8211; Habilita\u00e7\u00e3o: L\u00edngua e Cultura Francesas<\/p>\n\n\n\n<p><a href=\"https:\/\/sites.uel.br\/prograd\/wp-content\/uploads\/documentos\/deliberacoes\/2013\/deliberacao_32_13.pdf\" target=\"_blank\" rel=\"noreferrer noopener\"><strong>Delibera\u00e7\u00e3o da C\u00e2mara de Gradua\u00e7\u00e3o n\u00ba 32\/2013<\/strong><\/a><br>Inclui Libras &#8211; L\u00edngua Brasileira de Sinais como disciplina especial no Projeto Pedag\u00f3gico do Curso de Letras Franc\u00eas, Modalidade: Bacharelado, Habilita\u00e7\u00e3o: L\u00edngua e Cultura Francesas, a partir do ano letivo de 2014<\/p>\n\n\n\n<p><a href=\"https:\/\/sites.uel.br\/prograd\/wp-content\/uploads\/documentos\/deliberacoes\/2013\/deliberacao_31_13.pdf\" target=\"_blank\" rel=\"noreferrer noopener\"><strong>Delibera\u00e7\u00e3o da C\u00e2mara de Gradua\u00e7\u00e3o n\u00ba 31\/2013<\/strong><\/a><br>Altera o c\u00f3digo e ementa da atividade acad\u00eamica 6LEM104 &#8211; Teoria do Texto Liter\u00e1rio, locada na 2\u00aa s\u00e9rie do curso de Letras Franc\u00eas &#8211; Modalidade: Bacharelado &#8211; Habilita\u00e7\u00e3o: L\u00edngua e Cultura Francesas, curr\u00edculo 2010<\/p>\n\n\n\n<p><a href=\"https:\/\/sites.uel.br\/prograd\/wp-content\/uploads\/documentos\/resolucoes\/2013\/resolucao_49_13.pdf\" target=\"_blank\" rel=\"noreferrer noopener\"><strong>Resolu\u00e7\u00e3o CEPE n\u00ba 049\/2013<\/strong><\/a><br>Altera a denomina\u00e7\u00e3o do Curso de Letras &#8211; modalidade: Licenciatura &#8211; habilita\u00e7\u00e3o L\u00edngua Inglesa e Literaturas em L\u00edngua Inglesa; Letras &#8211; modalidade: Licenciatura &#8211; habilita\u00e7\u00e3o: L\u00edngua Espanhola e Literatura Hisp\u00e2nica; Letras &#8211; modalidade: Bacharelado &#8211; habilita\u00e7\u00e3o: L\u00edngua e Cultura Francesas; Letras &#8211; Modalidade: Licenciatura &#8211; Habilita\u00e7\u00e3o: L\u00edngua Portuguesa e Respectivas Literaturas e Letras &#8211; Modalidade: Bacharelado &#8211; Habilita\u00e7\u00e3o: Estudos Liter\u00e1rios, a vigorar a partir do ano letivo de 2014<\/p>\n\n\n\n<p><a href=\"https:\/\/sites.uel.br\/prograd\/wp-content\/uploads\/documentos\/deliberacoes\/2012\/deliberacao_08_12.pdf\" target=\"_blank\" rel=\"noreferrer noopener\"><strong>Delibera\u00e7\u00e3o da C\u00e2mara de Gradua\u00e7\u00e3o n\u00ba 08\/2012<\/strong><\/a><br>Altera a composi\u00e7\u00e3o do Colegiado do Curso de Letras &#8211; Modalidade &#8211; Bacharelado, Habilita\u00e7\u00e3o: L\u00edngua e Cultura Francesas e Modalidade &#8211; Licenciatura, Habilita\u00e7\u00f5es: L\u00edngua Espanhola e Literatura Hisp\u00e2nica; L\u00edngua Inglesa e Literaturas em L\u00edngua Inglesa<\/p>\n\n\n\n<p><a href=\"https:\/\/sites.uel.br\/prograd\/wp-content\/uploads\/documentos\/resolucoes\/2009\/resolucao_110_09.pdf\" target=\"_blank\" rel=\"noreferrer noopener\"><strong>Resolu\u00e7\u00e3o CEPE\/CA n\u00ba 0110\/2009<\/strong><\/a><br>Aprova a cria\u00e7\u00e3o do Curso de Gradua\u00e7\u00e3o em Letras &#8211; Modalidade: Bacharelado &#8211; Habilita\u00e7\u00e3o: L\u00edngua e Cultura Francesas, a ser implantado a partir do ano letivo de 2010<\/p>\n\n\n\n<p><a href=\"https:\/\/sites.uel.br\/prograd\/wp-content\/uploads\/documentos\/deliberacoes\/2008\/deliberacao_24_08.pdf\" target=\"_blank\" rel=\"noreferrer noopener\"><strong>Delibera\u00e7\u00e3o da C\u00e2mara de Gradua\u00e7\u00e3o n\u00ba 24\/2008<\/strong><\/a><br>Estabelece adequa\u00e7\u00f5es curriculares para o curso de gradua\u00e7\u00e3o em Letras, Habilita\u00e7\u00e3o: Licenciatura em L\u00edngua Inglesa e Respectivas Literaturas, Licenciatura em L\u00edngua Espanhola e Respetivas Literaturas e Habilita\u00e7\u00e3o Opcional em L\u00edngua e Cultura Francesa, a vigorar a partir do ano letivo de 2009<\/p>\n\n\n\n<hr class=\"wp-block-separator has-text-color has-cinza-color has-css-opacity has-cinza-background-color has-background is-style-wide\"\/>\n\n\n\n<p><strong>Veja tamb\u00e9m:<\/strong><\/p>\n\n\n\n<p><a href=\"https:\/\/sites.uel.br\/prograd\/graduacao\/catalogo-dos-cursos-de-graduacao-indice\/\">Cat\u00e1logo dos Curso de Gradua\u00e7\u00e3o (Organiza\u00e7\u00e3o Curricular, Ementas, Corpo Docente<\/a>)<\/p>\n\n\n\n<p><a href=\"https:\/\/sites.uel.br\/prograd\/regulamentos-tcc-e-estagio\/\">Regulamentos TCC e Est\u00e1gios<\/a><\/p>\n","protected":false},"excerpt":{"rendered":"<p>Letras Franc\u00eas Delibera\u00e7\u00e3o da C\u00e2mara de Gradua\u00e7\u00e3o n\u00ba 35\/2025Constitui o Colegiado dos Cursos de Letras \u2013 Espanhol e Franc\u00eas Resolu\u00e7\u00e3o CEPE\/CA n\u00ba 07\/2023Reformula o Projeto Pedag\u00f3gico do Curso de Letras &#8211; Franc\u00eas, a ser implantado a partir do ano letivo de 2023 Resolu\u00e7\u00e3o CEPE n\u00ba 61\/2022Altera o sistema de promo\u00e7\u00e3o do Curso de Letras Franc\u00eas [&hellip;]<\/p>\n","protected":false},"author":8,"featured_media":0,"parent":174,"menu_order":0,"comment_status":"closed","ping_status":"closed","template":"","meta":{"_acf_changed":false,"_themeisle_gutenberg_block_has_review":false,"footnotes":""},"class_list":["post-4563","page","type-page","status-publish","hentry"],"acf":[],"_links":{"self":[{"href":"https:\/\/sites.uel.br\/prograd\/wp-json\/wp\/v2\/pages\/4563","targetHints":{"allow":["GET"]}}],"collection":[{"href":"https:\/\/sites.uel.br\/prograd\/wp-json\/wp\/v2\/pages"}],"about":[{"href":"https:\/\/sites.uel.br\/prograd\/wp-json\/wp\/v2\/types\/page"}],"author":[{"embeddable":true,"href":"https:\/\/sites.uel.br\/prograd\/wp-json\/wp\/v2\/users\/8"}],"replies":[{"embeddable":true,"href":"https:\/\/sites.uel.br\/prograd\/wp-json\/wp\/v2\/comments?post=4563"}],"version-history":[{"count":13,"href":"https:\/\/sites.uel.br\/prograd\/wp-json\/wp\/v2\/pages\/4563\/revisions"}],"predecessor-version":[{"id":35889,"href":"https:\/\/sites.uel.br\/prograd\/wp-json\/wp\/v2\/pages\/4563\/revisions\/35889"}],"up":[{"embeddable":true,"href":"https:\/\/sites.uel.br\/prograd\/wp-json\/wp\/v2\/pages\/174"}],"wp:attachment":[{"href":"https:\/\/sites.uel.br\/prograd\/wp-json\/wp\/v2\/media?parent=4563"}],"curies":[{"name":"wp","href":"https:\/\/api.w.org\/{rel}","templated":true}]}}