{"id":4466,"date":"2023-05-05T09:34:25","date_gmt":"2023-05-05T12:34:25","guid":{"rendered":"https:\/\/sites.uel.br\/prograd\/?page_id=4466"},"modified":"2024-04-18T10:30:38","modified_gmt":"2024-04-18T13:30:38","slug":"programa-de-formacao-complementar","status":"publish","type":"page","link":"https:\/\/sites.uel.br\/prograd\/programa-de-formacao-complementar\/","title":{"rendered":"Programa de Forma\u00e7\u00e3o Complementar"},"content":{"rendered":"\n<hr class=\"wp-block-separator has-alpha-channel-opacity is-style-wide\"\/>\n\n\n\n<p>Programa de Forma\u00e7\u00e3o Complementar \u00e9 um conjunto de a\u00e7\u00f5es de natureza acad\u00eamica, social ou cultural que proporcionem a participa\u00e7\u00e3o dos estudantes regularmente matriculados em cursos de gradua\u00e7\u00e3o da Universidade, por meio de estudos e pr\u00e1ticas complementares \u00e0 forma\u00e7\u00e3o curricular.<\/p>\n\n\n\n<p><a href=\"https:\/\/sites.uel.br\/prograd\/wp-content\/uploads\/documentos\/resolucoes\/2012\/resolucao_142_12.pdf\" target=\"_blank\" rel=\"noreferrer noopener\">Resolu\u00e7\u00e3o CEPE n\u00ba 142\/2012<\/a><br>D\u00e1 nova regulamenta\u00e7\u00e3o ao Programa de Forma\u00e7\u00e3o Complementar no Ensino de Gradua\u00e7\u00e3o da Universidade Estadual de Londrina<\/p>\n\n\n\n<p><strong>Formul\u00e1rios:<\/strong><\/p>\n\n\n\n<p><a href=\"https:\/\/sites.uel.br\/prograd\/wp-content\/uploads\/formularios\/programa_formacao_complementar\/relatorio_final_colaboradores_externos.doc\">Relat\u00f3rio Final de Participa\u00e7\u00e3o de Colaboradores Externos<\/a><br><a href=\"https:\/\/sites.uel.br\/prograd\/wp-content\/uploads\/formularios\/programa_formacao_complementar\/form_colaborador_externo.doc\">Formul\u00e1rio de Inscri\u00e7\u00e3o de Colaborador Externo Projeto\/Programa<\/a><br><a href=\"https:\/\/sites.uel.br\/prograd\/wp-content\/uploads\/formularios\/programa_formacao_complementar\/inclusao_docentes_pfc.doc\">Inclus\u00e3o de Docente em Programa de Forma\u00e7\u00e3o Complementar<\/a><br><a href=\"https:\/\/sites.uel.br\/prograd\/wp-content\/uploads\/formularios\/programa_formacao_complementar\/substituicao_docente.doc\">Substitui\u00e7\u00e3o de Docentes em Programa de Forma\u00e7\u00e3o Complementar no Ensino de Gradua\u00e7\u00e3o<\/a><\/p>\n","protected":false},"excerpt":{"rendered":"<p>Programa de Forma\u00e7\u00e3o Complementar \u00e9 um conjunto de a\u00e7\u00f5es de natureza acad\u00eamica, social ou cultural que proporcionem a participa\u00e7\u00e3o dos estudantes regularmente matriculados em cursos de gradua\u00e7\u00e3o da Universidade, por meio de estudos e pr\u00e1ticas complementares \u00e0 forma\u00e7\u00e3o curricular. Resolu\u00e7\u00e3o CEPE n\u00ba 142\/2012D\u00e1 nova regulamenta\u00e7\u00e3o ao Programa de Forma\u00e7\u00e3o Complementar no Ensino de Gradua\u00e7\u00e3o da [&hellip;]<\/p>\n","protected":false},"author":8,"featured_media":0,"parent":0,"menu_order":0,"comment_status":"closed","ping_status":"closed","template":"","meta":{"_acf_changed":false,"_themeisle_gutenberg_block_has_review":false,"footnotes":""},"class_list":["post-4466","page","type-page","status-publish","hentry"],"acf":[],"_links":{"self":[{"href":"https:\/\/sites.uel.br\/prograd\/wp-json\/wp\/v2\/pages\/4466","targetHints":{"allow":["GET"]}}],"collection":[{"href":"https:\/\/sites.uel.br\/prograd\/wp-json\/wp\/v2\/pages"}],"about":[{"href":"https:\/\/sites.uel.br\/prograd\/wp-json\/wp\/v2\/types\/page"}],"author":[{"embeddable":true,"href":"https:\/\/sites.uel.br\/prograd\/wp-json\/wp\/v2\/users\/8"}],"replies":[{"embeddable":true,"href":"https:\/\/sites.uel.br\/prograd\/wp-json\/wp\/v2\/comments?post=4466"}],"version-history":[{"count":5,"href":"https:\/\/sites.uel.br\/prograd\/wp-json\/wp\/v2\/pages\/4466\/revisions"}],"predecessor-version":[{"id":28313,"href":"https:\/\/sites.uel.br\/prograd\/wp-json\/wp\/v2\/pages\/4466\/revisions\/28313"}],"wp:attachment":[{"href":"https:\/\/sites.uel.br\/prograd\/wp-json\/wp\/v2\/media?parent=4466"}],"curies":[{"name":"wp","href":"https:\/\/api.w.org\/{rel}","templated":true}]}}

Programa de Formação Complementar

<hr class="wp-block-separator has-alpha-channel-opacity is-style-wide"/>



<p>Programa de Formação Complementar é um conjunto de ações de natureza acadêmica, social ou cultural que proporcionem a participação dos estudantes regularmente matriculados em cursos de graduação da Universidade, por meio de estudos e práticas complementares à formação curricular.</p>



<p><a href="https://sites.uel.br/prograd/wp-content/uploads/documentos/resolucoes/2012/resolucao_142_12.pdf" target="_blank" rel="noreferrer noopener">Resolução CEPE nº 142/2012</a><br>Dá nova regulamentação ao Programa de Formação Complementar no Ensino de Graduação da Universidade Estadual de Londrina</p>



<p><strong>Formulários:</strong></p>



<p><a href="https://sites.uel.br/prograd/wp-content/uploads/formularios/programa_formacao_complementar/relatorio_final_colaboradores_externos.doc">Relatório Final de Participação de Colaboradores Externos</a><br><a href="https://sites.uel.br/prograd/wp-content/uploads/formularios/programa_formacao_complementar/form_colaborador_externo.doc">Formulário de Inscrição de Colaborador Externo Projeto/Programa</a><br><a href="https://sites.uel.br/prograd/wp-content/uploads/formularios/programa_formacao_complementar/inclusao_docentes_pfc.doc">Inclusão de Docente em Programa de Formação Complementar</a><br><a href="https://sites.uel.br/prograd/wp-content/uploads/formularios/programa_formacao_complementar/substituicao_docente.doc">Substituição de Docentes em Programa de Formação Complementar no Ensino de Graduação</a></p>

<p>Programa de Formação Complementar é um conjunto de ações de natureza acadêmica, social ou cultural que proporcionem a participação dos estudantes regularmente matriculados em cursos de graduação da Universidade, por meio de estudos e práticas complementares à formação curricular. Resolução CEPE nº 142/2012Dá nova regulamentação ao Programa de Formação Complementar no Ensino de Graduação da [&hellip;]</p>
