{"id":4398,"date":"2023-05-03T15:48:29","date_gmt":"2023-05-03T18:48:29","guid":{"rendered":"https:\/\/sites.uel.br\/prograd\/?page_id=4398"},"modified":"2025-01-27T11:30:28","modified_gmt":"2025-01-27T14:30:28","slug":"matriculas-renovacao-de-matricula","status":"publish","type":"page","link":"https:\/\/sites.uel.br\/prograd\/matriculas-renovacao-de-matricula\/","title":{"rendered":"Matr\u00edculas"},"content":{"rendered":"\n<hr class=\"wp-block-separator has-alpha-channel-opacity is-style-wide\"\/>\n\n\n\n<h2 class=\"wp-block-heading\">Renova\u00e7\u00e3o de Matr\u00edcula<\/h2>\n\n\n\n<figure class=\"wp-block-image size-full\"><img loading=\"lazy\" decoding=\"async\" width=\"1655\" height=\"2340\" src=\"https:\/\/sites.uel.br\/prograd\/wp-content\/uploads\/2025\/01\/cartaz_renovacao_matricula_2025.png\" alt=\"\" class=\"wp-image-33461\" srcset=\"https:\/\/sites.uel.br\/prograd\/wp-content\/uploads\/2025\/01\/cartaz_renovacao_matricula_2025.png 1655w, https:\/\/sites.uel.br\/prograd\/wp-content\/uploads\/2025\/01\/cartaz_renovacao_matricula_2025-212x300.png 212w, https:\/\/sites.uel.br\/prograd\/wp-content\/uploads\/2025\/01\/cartaz_renovacao_matricula_2025-724x1024.png 724w, https:\/\/sites.uel.br\/prograd\/wp-content\/uploads\/2025\/01\/cartaz_renovacao_matricula_2025-768x1086.png 768w, https:\/\/sites.uel.br\/prograd\/wp-content\/uploads\/2025\/01\/cartaz_renovacao_matricula_2025-1086x1536.png 1086w, https:\/\/sites.uel.br\/prograd\/wp-content\/uploads\/2025\/01\/cartaz_renovacao_matricula_2025-1448x2048.png 1448w\" sizes=\"auto, (max-width: 1655px) 100vw, 1655px\" \/><\/figure>\n\n\n\n<p class=\"has-text-align-center\"><a href=\"http:\/\/www.uel.br\/portaldoestudante\" target=\"_blank\" rel=\"noreferrer noopener\">Portal do Estudante de Gradua\u00e7\u00e3o<\/a><\/p>\n","protected":false},"excerpt":{"rendered":"<p>Renova\u00e7\u00e3o de Matr\u00edcula Portal do Estudante de Gradua\u00e7\u00e3o<\/p>\n","protected":false},"author":8,"featured_media":0,"parent":0,"menu_order":0,"comment_status":"closed","ping_status":"closed","template":"","meta":{"_acf_changed":false,"_themeisle_gutenberg_block_has_review":false,"footnotes":""},"class_list":["post-4398","page","type-page","status-publish","hentry"],"acf":[],"_links":{"self":[{"href":"https:\/\/sites.uel.br\/prograd\/wp-json\/wp\/v2\/pages\/4398","targetHints":{"allow":["GET"]}}],"collection":[{"href":"https:\/\/sites.uel.br\/prograd\/wp-json\/wp\/v2\/pages"}],"about":[{"href":"https:\/\/sites.uel.br\/prograd\/wp-json\/wp\/v2\/types\/page"}],"author":[{"embeddable":true,"href":"https:\/\/sites.uel.br\/prograd\/wp-json\/wp\/v2\/users\/8"}],"replies":[{"embeddable":true,"href":"https:\/\/sites.uel.br\/prograd\/wp-json\/wp\/v2\/comments?post=4398"}],"version-history":[{"count":10,"href":"https:\/\/sites.uel.br\/prograd\/wp-json\/wp\/v2\/pages\/4398\/revisions"}],"predecessor-version":[{"id":33470,"href":"https:\/\/sites.uel.br\/prograd\/wp-json\/wp\/v2\/pages\/4398\/revisions\/33470"}],"wp:attachment":[{"href":"https:\/\/sites.uel.br\/prograd\/wp-json\/wp\/v2\/media?parent=4398"}],"curies":[{"name":"wp","href":"https:\/\/api.w.org\/{rel}","templated":true}]}}