{"id":3967,"date":"2023-04-17T10:10:16","date_gmt":"2023-04-17T13:10:16","guid":{"rendered":"https:\/\/sites.uel.br\/prograd\/?page_id=3967"},"modified":"2023-10-25T11:39:49","modified_gmt":"2023-10-25T14:39:49","slug":"politicas-de-cotas-da-uel-apresentacao","status":"publish","type":"page","link":"https:\/\/sites.uel.br\/prograd\/graduacao\/acoes-afirmativas\/politicas-de-cotas-da-uel-apresentacao\/","title":{"rendered":"Pol\u00edticas de Cotas da UEL"},"content":{"rendered":"\n<hr class=\"wp-block-separator has-alpha-channel-opacity is-style-wide\" \/>\n\n\n\n<h3 class=\"wp-block-heading\">APRESENTA\u00c7\u00c3O<\/h3>\n\n\n\n<p>A discuss\u00e3o acerca da pol\u00edtica de cotas na UEL amparou-se no inciso III do artigo 3\u00ba da Constitui\u00e7\u00e3o Federal \u201cerradicar a pobreza e a marginaliza\u00e7\u00e3o e reduzir as desigualdades sociais e regionais\u201d. Al\u00e9m disso, a Universidade estabelece como uma de suas finalidades, no inciso IX do artigo 3\u00ba de seu Estatuto, \u201cpropiciar condi\u00e7\u00f5es para a transforma\u00e7\u00e3o da realidade, visando justi\u00e7a e equidade social\u201d. Essas prerrogativas permitiram a cria\u00e7\u00e3o do sistema de reserva de vagas para estudantes oriundos de escola p\u00fablica e para estudantes que se autodeclararem negros, oriundos de escola p\u00fablica. Para essa tomada de decis\u00e3o aconteceram oito debates internos, dezenas de reuni\u00f5es, uma audi\u00eancia p\u00fablica e a realiza\u00e7\u00e3o de eventos como o V Encontro \u201cO Negro na Universidade: o direito \u00e0 inclus\u00e3o\u201d, realizado nos dias 13 e 14 de abril de 2004.<br><br>Portanto, em 23 de julho de 2004, a Universidade Estadual de Londrina por meio da Resolu\u00e7\u00e3o n\u00ba 78\/2004 do Conselho Universit\u00e1rio estabelece a reserva de vagas no concurso vestibular para candidatos oriundos de institui\u00e7\u00f5es p\u00fablicas de ensino e para aqueles que se autodeclararem negros.<br><br>O artigo 1\u00ba desta Resolu\u00e7\u00e3o traz que at\u00e9 40% das vagas de cada curso de gradua\u00e7\u00e3o ser\u00e3o ofertadas a estudantes oriundos de institui\u00e7\u00f5es p\u00fablicas de ensino, sendo que at\u00e9 metade das vagas dever\u00e3o ser reservadas a candidatos que se autodeclararem negros, sendo destacado em seu \u00a71\u00ba que esses percentuais ser\u00e3o proporcionais \u00e0 quantidade de inscritos por cursos.<br><br>Tamb\u00e9m se faz importante lembrar que o artigo 3\u00ba da Resolu\u00e7\u00e3o em tela esclarece o entendimento do termo negro, sendo nele inclu\u00eddos os que possu\u00edrem pele de cor preta ou parda.<br><br>Finalmente o artigo 4\u00ba atesta que os percentuais para reserva de vagas dever\u00e3o vigorar por per\u00edodo de 7 (sete) anos, contados a partir da sua implanta\u00e7\u00e3o em 2005. Portanto, o prazo em quest\u00e3o encerrou-se com a realiza\u00e7\u00e3o do concurso vestibular 2011.<br><br>Diante do exposto, em 17 de dezembro de 2010, o Conselho Universit\u00e1rio indicou membros para compor uma Comiss\u00e3o que apresentou uma metodologia e cronograma para an\u00e1lise do assunto na Institui\u00e7\u00e3o, ambos aprovados em 25 de fevereiro de 2011.<br><br>Com base no cronograma aprovado pelo Conselho Universit\u00e1rio o processo de discuss\u00e3o da pol\u00edtica de cotas na UEL se estender\u00e1 at\u00e9 agosto do corrente ano, o que exigiu a aprova\u00e7\u00e3o de uma resolu\u00e7\u00e3o que mant\u00e9m a sistem\u00e1tica de reserva de vagas de acordo com a Resolu\u00e7\u00e3o n\u00ba 78\/2004 do Conselho Universit\u00e1rio para o processo seletivo vestibular 2012. Portanto, qualquer altera\u00e7\u00e3o na pol\u00edtica de cotas da UEL ocorrer\u00e1 para o processo seletivo vestibular 2013.<br><br>A Pr\u00f3-Reitoria de Gradua\u00e7\u00e3o (Prograd) mant\u00e9m atualizados em sua p\u00e1gina no site da UEL informa\u00e7\u00f5es, relat\u00f3rios e documentos referentes ao sistema de cotas. A Pr\u00f3-Reitoria de Planejamento (Proplan) tamb\u00e9m disp\u00f5e de informa\u00e7\u00f5es sobre perfil do candidato e perfil do estudante ingressante. Essas informa\u00e7\u00f5es encontram-se agrupadas em um novo espa\u00e7o vinculado \u00e0 Se\u00e7\u00e3o ACONTECE da Coordenadoria de Comunica\u00e7\u00e3o da UEL (COM), com o objetivo de facilitar a busca de dados, bem como de estabelecer um canal de comunica\u00e7\u00e3o com a comunidade, o que possibilitar\u00e1 o esclarecimento de d\u00favidas.<\/p>\n","protected":false},"excerpt":{"rendered":"<p>APRESENTA\u00c7\u00c3O A discuss\u00e3o acerca da pol\u00edtica de cotas na UEL amparou-se no inciso III do artigo 3\u00ba da Constitui\u00e7\u00e3o Federal \u201cerradicar a pobreza e a marginaliza\u00e7\u00e3o e reduzir as desigualdades sociais e regionais\u201d. Al\u00e9m disso, a Universidade estabelece como uma de suas finalidades, no inciso IX do artigo 3\u00ba de seu Estatuto, \u201cpropiciar condi\u00e7\u00f5es para [&hellip;]<\/p>\n","protected":false},"author":8,"featured_media":0,"parent":164,"menu_order":0,"comment_status":"closed","ping_status":"closed","template":"","meta":{"_acf_changed":false,"_themeisle_gutenberg_block_has_review":false,"footnotes":""},"class_list":["post-3967","page","type-page","status-publish","hentry"],"acf":[],"_links":{"self":[{"href":"https:\/\/sites.uel.br\/prograd\/wp-json\/wp\/v2\/pages\/3967","targetHints":{"allow":["GET"]}}],"collection":[{"href":"https:\/\/sites.uel.br\/prograd\/wp-json\/wp\/v2\/pages"}],"about":[{"href":"https:\/\/sites.uel.br\/prograd\/wp-json\/wp\/v2\/types\/page"}],"author":[{"embeddable":true,"href":"https:\/\/sites.uel.br\/prograd\/wp-json\/wp\/v2\/users\/8"}],"replies":[{"embeddable":true,"href":"https:\/\/sites.uel.br\/prograd\/wp-json\/wp\/v2\/comments?post=3967"}],"version-history":[{"count":4,"href":"https:\/\/sites.uel.br\/prograd\/wp-json\/wp\/v2\/pages\/3967\/revisions"}],"predecessor-version":[{"id":13868,"href":"https:\/\/sites.uel.br\/prograd\/wp-json\/wp\/v2\/pages\/3967\/revisions\/13868"}],"up":[{"embeddable":true,"href":"https:\/\/sites.uel.br\/prograd\/wp-json\/wp\/v2\/pages\/164"}],"wp:attachment":[{"href":"https:\/\/sites.uel.br\/prograd\/wp-json\/wp\/v2\/media?parent=3967"}],"curies":[{"name":"wp","href":"https:\/\/api.w.org\/{rel}","templated":true}]}}