{"id":3900,"date":"2023-04-14T14:21:46","date_gmt":"2023-04-14T17:21:46","guid":{"rendered":"https:\/\/sites.uel.br\/prograd\/?page_id=3900"},"modified":"2024-01-18T08:37:49","modified_gmt":"2024-01-18T11:37:49","slug":"prope-programa-de-apoio-ao-acesso-e-permanencia-para-a-formacao-do-estudante-da-uel-informacoes","status":"publish","type":"page","link":"https:\/\/sites.uel.br\/prograd\/prope-programa-de-apoio-ao-acesso-e-permanencia-para-a-formacao-do-estudante-da-uel-informacoes\/","title":{"rendered":"PROPE (Programa de Apoio ao Acesso e Perman\u00eancia para a Forma\u00e7\u00e3o do Estudante da UEL)"},"content":{"rendered":"\n<hr class=\"wp-block-separator has-alpha-channel-opacity is-style-wide\"\/>\n\n\n\n<h2 class=\"wp-block-heading\">Informa\u00e7\u00f5es<\/h2>\n\n\n\n<p>Para obter mais informa\u00e7\u00f5es a respeito do PROPE\/UEL, acesse: <a href=\"http:\/\/www.uel.br\/programas\/prope\/\" target=\"_blank\" rel=\"noreferrer noopener\">www.uel.br\/programas\/prope<\/a>.<\/p>\n","protected":false},"excerpt":{"rendered":"<p>Informa\u00e7\u00f5es Para obter mais informa\u00e7\u00f5es a respeito do PROPE\/UEL, acesse: www.uel.br\/programas\/prope.<\/p>\n","protected":false},"author":8,"featured_media":0,"parent":0,"menu_order":0,"comment_status":"closed","ping_status":"closed","template":"","meta":{"_acf_changed":false,"_themeisle_gutenberg_block_has_review":false,"footnotes":""},"class_list":["post-3900","page","type-page","status-publish","hentry"],"acf":[],"_links":{"self":[{"href":"https:\/\/sites.uel.br\/prograd\/wp-json\/wp\/v2\/pages\/3900","targetHints":{"allow":["GET"]}}],"collection":[{"href":"https:\/\/sites.uel.br\/prograd\/wp-json\/wp\/v2\/pages"}],"about":[{"href":"https:\/\/sites.uel.br\/prograd\/wp-json\/wp\/v2\/types\/page"}],"author":[{"embeddable":true,"href":"https:\/\/sites.uel.br\/prograd\/wp-json\/wp\/v2\/users\/8"}],"replies":[{"embeddable":true,"href":"https:\/\/sites.uel.br\/prograd\/wp-json\/wp\/v2\/comments?post=3900"}],"version-history":[{"count":4,"href":"https:\/\/sites.uel.br\/prograd\/wp-json\/wp\/v2\/pages\/3900\/revisions"}],"predecessor-version":[{"id":16772,"href":"https:\/\/sites.uel.br\/prograd\/wp-json\/wp\/v2\/pages\/3900\/revisions\/16772"}],"wp:attachment":[{"href":"https:\/\/sites.uel.br\/prograd\/wp-json\/wp\/v2\/media?parent=3900"}],"curies":[{"name":"wp","href":"https:\/\/api.w.org\/{rel}","templated":true}]}}