{"id":38627,"date":"2026-08-28T08:51:08","date_gmt":"2026-08-28T11:51:08","guid":{"rendered":"https:\/\/sites.uel.br\/prograd\/?page_id=38627"},"modified":"2026-08-28T08:53:13","modified_gmt":"2026-08-28T11:53:13","slug":"resolucoes-1995","status":"publish","type":"page","link":"https:\/\/sites.uel.br\/prograd\/resolucoes-1995\/","title":{"rendered":"Resolu\u00e7\u00f5es"},"content":{"rendered":"\n<hr class=\"wp-block-separator has-alpha-channel-opacity is-style-wide\"\/>\n\n\n\n<h4 class=\"wp-block-heading has-text-align-left\" style=\"font-size:25px\">1995<\/h4>\n\n\n\n<div style=\"height:20px\" aria-hidden=\"true\" class=\"wp-block-spacer\"><\/div>\n\n\n\n<p class=\"wp-block-paragraph\"><strong><a href=\"https:\/\/sites.uel.br\/prograd\/wp-content\/uploads\/documentos\/resolucoes\/1995\/resolucao_2901_95.pdf\" target=\"_blank\" rel=\"noopener\">Resolu\u00e7\u00e3o n\u00ba 2901\/1995<\/a><\/strong><br>Disp\u00f5e sobre a matr\u00edcula de portador de diploma de curso superior como aluno regular de curso de gradua\u00e7\u00e3o<\/p>\n\n\n\n<p class=\"wp-block-paragraph\"><\/p>\n","protected":false},"excerpt":{"rendered":"<p>1995 Resolu\u00e7\u00e3o n\u00ba 2901\/1995Disp\u00f5e sobre a matr\u00edcula de portador de diploma de curso superior como aluno regular de curso de gradua\u00e7\u00e3o<\/p>\n","protected":false},"author":8,"featured_media":0,"parent":0,"menu_order":0,"comment_status":"closed","ping_status":"closed","template":"","meta":{"_acf_changed":false,"_themeisle_gutenberg_block_has_review":false,"footnotes":"","_members_access_role":[],"_members_access_error":""},"class_list":["post-38627","page","type-page","status-publish","hentry"],"acf":[],"_links":{"self":[{"href":"https:\/\/sites.uel.br\/prograd\/wp-json\/wp\/v2\/pages\/38627","targetHints":{"allow":["GET"]}}],"collection":[{"href":"https:\/\/sites.uel.br\/prograd\/wp-json\/wp\/v2\/pages"}],"about":[{"href":"https:\/\/sites.uel.br\/prograd\/wp-json\/wp\/v2\/types\/page"}],"author":[{"embeddable":true,"href":"https:\/\/sites.uel.br\/prograd\/wp-json\/wp\/v2\/users\/8"}],"replies":[{"embeddable":true,"href":"https:\/\/sites.uel.br\/prograd\/wp-json\/wp\/v2\/comments?post=38627"}],"version-history":[{"count":3,"href":"https:\/\/sites.uel.br\/prograd\/wp-json\/wp\/v2\/pages\/38627\/revisions"}],"predecessor-version":[{"id":38632,"href":"https:\/\/sites.uel.br\/prograd\/wp-json\/wp\/v2\/pages\/38627\/revisions\/38632"}],"wp:attachment":[{"href":"https:\/\/sites.uel.br\/prograd\/wp-json\/wp\/v2\/media?parent=38627"}],"curies":[{"name":"wp","href":"https:\/\/api.w.org\/{rel}","templated":true}]}}

Resoluções

<hr class="wp-block-separator has-alpha-channel-opacity is-style-wide"/>



<h4 class="wp-block-heading has-text-align-left" style="font-size:25px">1995</h4>



<div style="height:20px" aria-hidden="true" class="wp-block-spacer"></div>



<p class="wp-block-paragraph"><strong><a href="https://sites.uel.br/prograd/wp-content/uploads/documentos/resolucoes/1995/resolucao_2901_95.pdf" target="_blank" rel="noopener">Resolução nº 2901/1995</a></strong><br>Dispõe sobre a matrícula de portador de diploma de curso superior como aluno regular de curso de graduação</p>



<p class="wp-block-paragraph"></p>

<p>1995 Resolução nº 2901/1995Dispõe sobre a matrícula de portador de diploma de curso superior como aluno regular de curso de graduação</p>
