{"id":37190,"date":"2026-04-13T16:33:03","date_gmt":"2026-04-13T19:33:03","guid":{"rendered":"https:\/\/sites.uel.br\/prograd\/?page_id=37190"},"modified":"2026-04-27T11:40:34","modified_gmt":"2026-04-27T14:40:34","slug":"programa-paranaense-de-aprendizado-pratico-e-integracao-universidade-sociedade-nucleo-de-insercao-profissional-nip-uel-apresentacao","status":"publish","type":"page","link":"https:\/\/sites.uel.br\/prograd\/programa-paranaense-de-aprendizado-pratico-e-integracao-universidade-sociedade-nucleo-de-insercao-profissional-nip-uel-apresentacao\/","title":{"rendered":"Programa Paranaense de Aprendizado Pr\u00e1tico e Integra\u00e7\u00e3o Universidade-Sociedade \u2013 N\u00facleo de Inser\u00e7\u00e3o Profissional (NIP\/UEL)"},"content":{"rendered":"\n<hr class=\"wp-block-separator has-alpha-channel-opacity is-style-wide\"\/>\n\n\n\n<div style=\"height:10px\" aria-hidden=\"true\" class=\"wp-block-spacer\"><\/div>\n\n\n\n<div class=\"wp-block-columns is-layout-flex wp-container-core-columns-is-layout-9d6595d7 wp-block-columns-is-layout-flex\">\n<div class=\"wp-block-column is-layout-flow wp-block-column-is-layout-flow\">\n<div class=\"wp-block-buttons is-layout-flex wp-block-buttons-is-layout-flex\">\n<div class=\"wp-block-button has-custom-width wp-block-button__width-100 is-style-outline is-style-outline--1\"><a class=\"wp-block-button__link has-white-color has-verde-background-color has-text-color has-background has-medium-font-size has-custom-font-size wp-element-button\" href=\"https:\/\/sites.uel.br\/prograd\/programa-paranaense-de-aprendizado-pratico-e-integracao-universidade-sociedade-nucleo-de-insercao-profissional-nip-uel-apresentacao\/\" style=\"border-radius:0px\">APRESENTA\u00c7\u00c3O<\/a><\/div>\n<\/div>\n<\/div>\n\n\n\n<div class=\"wp-block-column is-layout-flow wp-block-column-is-layout-flow\">\n<div class=\"wp-block-buttons is-layout-flex wp-block-buttons-is-layout-flex\">\n<div class=\"wp-block-button has-custom-width wp-block-button__width-100 is-style-outline is-style-outline--2\"><a class=\"wp-block-button__link has-white-color has-verde-background-color has-text-color has-background has-medium-font-size has-custom-font-size wp-element-button\" href=\"https:\/\/sites.uel.br\/prograd\/programa-paranaense-de-aprendizado-pratico-e-integracao-universidade-sociedade-nucleo-de-insercao-profissional-nip-uel-contato\/\" style=\"border-radius:0px\">CONTATO<\/a><\/div>\n<\/div>\n<\/div>\n\n\n\n<div class=\"wp-block-column is-layout-flow wp-block-column-is-layout-flow\">\n<div class=\"wp-block-buttons is-layout-flex wp-block-buttons-is-layout-flex\"><\/div>\n<\/div>\n\n\n\n<div class=\"wp-block-column is-layout-flow wp-block-column-is-layout-flow\">\n<div class=\"wp-block-buttons is-layout-flex wp-block-buttons-is-layout-flex\"><\/div>\n<\/div>\n<\/div>\n\n\n\n<h2 class=\"wp-block-heading\">Apresenta\u00e7\u00e3o<\/h2>\n\n\n\n<p class=\"has-text-align-left\">O NIP UEL (N\u00facleo de Inser\u00e7\u00e3o Profissional) \u00e9 uma iniciativa que conecta universidade, sociedade e empresas por meio de experi\u00eancias pr\u00e1ticas e projetos de inova\u00e7\u00e3o. O programa busca aproximar a forma\u00e7\u00e3o acad\u00eamica das demandas reais do mercado, promovendo uma aprendizagem mais aplicada e alinhada aos desafios atuais.<\/p>\n\n\n\n<p>Voltado para estudantes de gradua\u00e7\u00e3o e egressos, o NIP oferece oportunidades como desenvolvimento de projetos aplicados, capacita\u00e7\u00f5es, visitas t\u00e9cnicas, parcerias com organiza\u00e7\u00f5es p\u00fablicas e privadas, al\u00e9m de viv\u00eancias profissionais que contribuem para o crescimento acad\u00eamico e profissional.<\/p>\n\n\n\n<p class=\"has-text-align-left\">Com essa proposta, o NIP fortalece a troca de conhecimento, incentiva a participa\u00e7\u00e3o ativa em solu\u00e7\u00f5es para a sociedade e amplia as oportunidades de inser\u00e7\u00e3o no mundo do trabalho.<\/p>\n\n\n\n<p class=\"has-text-align-center\"><\/p>\n","protected":false},"excerpt":{"rendered":"<p>Apresenta\u00e7\u00e3o O NIP UEL (N\u00facleo de Inser\u00e7\u00e3o Profissional) \u00e9 uma iniciativa que conecta universidade, sociedade e empresas por meio de experi\u00eancias pr\u00e1ticas e projetos de inova\u00e7\u00e3o. O programa busca aproximar a forma\u00e7\u00e3o acad\u00eamica das demandas reais do mercado, promovendo uma aprendizagem mais aplicada e alinhada aos desafios atuais. Voltado para estudantes de gradua\u00e7\u00e3o e egressos, [&hellip;]<\/p>\n","protected":false},"author":8,"featured_media":0,"parent":0,"menu_order":0,"comment_status":"closed","ping_status":"closed","template":"","meta":{"_acf_changed":false,"_themeisle_gutenberg_block_has_review":false,"footnotes":""},"class_list":["post-37190","page","type-page","status-publish","hentry"],"acf":[],"_links":{"self":[{"href":"https:\/\/sites.uel.br\/prograd\/wp-json\/wp\/v2\/pages\/37190","targetHints":{"allow":["GET"]}}],"collection":[{"href":"https:\/\/sites.uel.br\/prograd\/wp-json\/wp\/v2\/pages"}],"about":[{"href":"https:\/\/sites.uel.br\/prograd\/wp-json\/wp\/v2\/types\/page"}],"author":[{"embeddable":true,"href":"https:\/\/sites.uel.br\/prograd\/wp-json\/wp\/v2\/users\/8"}],"replies":[{"embeddable":true,"href":"https:\/\/sites.uel.br\/prograd\/wp-json\/wp\/v2\/comments?post=37190"}],"version-history":[{"count":9,"href":"https:\/\/sites.uel.br\/prograd\/wp-json\/wp\/v2\/pages\/37190\/revisions"}],"predecessor-version":[{"id":37310,"href":"https:\/\/sites.uel.br\/prograd\/wp-json\/wp\/v2\/pages\/37190\/revisions\/37310"}],"wp:attachment":[{"href":"https:\/\/sites.uel.br\/prograd\/wp-json\/wp\/v2\/media?parent=37190"}],"curies":[{"name":"wp","href":"https:\/\/api.w.org\/{rel}","templated":true}]}}