{"id":36614,"date":"2026-01-19T11:06:53","date_gmt":"2026-01-19T14:06:53","guid":{"rendered":"https:\/\/sites.uel.br\/prograd\/?page_id=36614"},"modified":"2026-01-22T08:05:41","modified_gmt":"2026-01-22T11:05:41","slug":"instrucoes-de-servico-2026","status":"publish","type":"page","link":"https:\/\/sites.uel.br\/prograd\/instrucoes-de-servico-2026\/","title":{"rendered":"Instru\u00e7\u00f5es de Servi\u00e7o"},"content":{"rendered":"\n<hr class=\"wp-block-separator has-alpha-channel-opacity is-style-wide\"\/>\n\n\n\n<h2 class=\"wp-block-heading\">PROGRAD<\/h2>\n\n\n\n<h4 class=\"wp-block-heading\">2026<\/h4>\n\n\n\n<div style=\"height:20px\" aria-hidden=\"true\" class=\"wp-block-spacer\"><\/div>\n\n\n\n<p><a href=\"https:\/\/sites.uel.br\/prograd\/wp-content\/uploads\/documentos\/instrucoes_servico\/2026\/instrucao_servico_02_26.pdf\" target=\"_blank\" rel=\"noreferrer noopener\"><strong>Instru\u00e7\u00e3o de Servi\u00e7o Prograd n\u00ba 02\/2026<\/strong><\/a><br>Estabelece procedimentos para a Comiss\u00e3o de Homologa\u00e7\u00e3o de Matr\u00edcula de candidatos autodeclarados negros nos termos da Resolu\u00e7\u00e3o C.U. n\u00ba 046\/2025<\/p>\n\n\n\n<p><a href=\"https:\/\/sites.uel.br\/prograd\/wp-content\/uploads\/documentos\/instrucoes_servico\/2026\/instrucao_servico_01_26.pdf\" target=\"_blank\" rel=\"noreferrer noopener\"><strong>Instru\u00e7\u00e3o de Servi\u00e7o Prograd n\u00ba 01\/2026<\/strong><\/a><br>Estabelece orienta\u00e7\u00f5es e procedimentos para a a cria\u00e7\u00e3o de turmas\/pautas eletr\u00f4nicas de Est\u00e1gio Curricular Obrigat\u00f3rio, Trabalho de Conclus\u00e3o de Curso, atividades acad\u00eamicas de Pr\u00e1ticas Interdisciplinares e Intera\u00e7\u00e3o Ensino, Servi\u00e7o e Comunidade, m\u00f3dulos e d\u00e1 outras provid\u00eancias<\/p>\n\n\n\n<p><\/p>\n","protected":false},"excerpt":{"rendered":"<p>PROGRAD 2026 Instru\u00e7\u00e3o de Servi\u00e7o Prograd n\u00ba 02\/2026Estabelece procedimentos para a Comiss\u00e3o de Homologa\u00e7\u00e3o de Matr\u00edcula de candidatos autodeclarados negros nos termos da Resolu\u00e7\u00e3o C.U. n\u00ba 046\/2025 Instru\u00e7\u00e3o de Servi\u00e7o Prograd n\u00ba 01\/2026Estabelece orienta\u00e7\u00f5es e procedimentos para a a cria\u00e7\u00e3o de turmas\/pautas eletr\u00f4nicas de Est\u00e1gio Curricular Obrigat\u00f3rio, Trabalho de Conclus\u00e3o de Curso, atividades acad\u00eamicas de [&hellip;]<\/p>\n","protected":false},"author":8,"featured_media":0,"parent":0,"menu_order":0,"comment_status":"closed","ping_status":"closed","template":"","meta":{"_acf_changed":false,"_themeisle_gutenberg_block_has_review":false,"footnotes":""},"class_list":["post-36614","page","type-page","status-publish","hentry"],"acf":[],"_links":{"self":[{"href":"https:\/\/sites.uel.br\/prograd\/wp-json\/wp\/v2\/pages\/36614","targetHints":{"allow":["GET"]}}],"collection":[{"href":"https:\/\/sites.uel.br\/prograd\/wp-json\/wp\/v2\/pages"}],"about":[{"href":"https:\/\/sites.uel.br\/prograd\/wp-json\/wp\/v2\/types\/page"}],"author":[{"embeddable":true,"href":"https:\/\/sites.uel.br\/prograd\/wp-json\/wp\/v2\/users\/8"}],"replies":[{"embeddable":true,"href":"https:\/\/sites.uel.br\/prograd\/wp-json\/wp\/v2\/comments?post=36614"}],"version-history":[{"count":4,"href":"https:\/\/sites.uel.br\/prograd\/wp-json\/wp\/v2\/pages\/36614\/revisions"}],"predecessor-version":[{"id":36639,"href":"https:\/\/sites.uel.br\/prograd\/wp-json\/wp\/v2\/pages\/36614\/revisions\/36639"}],"wp:attachment":[{"href":"https:\/\/sites.uel.br\/prograd\/wp-json\/wp\/v2\/media?parent=36614"}],"curies":[{"name":"wp","href":"https:\/\/api.w.org\/{rel}","templated":true}]}}

Instruções de Serviço

<hr class="wp-block-separator has-alpha-channel-opacity is-style-wide"/>



<h2 class="wp-block-heading">PROGRAD</h2>



<h4 class="wp-block-heading">2026</h4>



<div style="height:20px" aria-hidden="true" class="wp-block-spacer"></div>



<p><a href="https://sites.uel.br/prograd/wp-content/uploads/documentos/instrucoes_servico/2026/instrucao_servico_02_26.pdf" target="_blank" rel="noreferrer noopener"><strong>Instrução de Serviço Prograd nº 02/2026</strong></a><br>Estabelece procedimentos para a Comissão de Homologação de Matrícula de candidatos autodeclarados negros nos termos da Resolução C.U. nº 046/2025</p>



<p><a href="https://sites.uel.br/prograd/wp-content/uploads/documentos/instrucoes_servico/2026/instrucao_servico_01_26.pdf" target="_blank" rel="noreferrer noopener"><strong>Instrução de Serviço Prograd nº 01/2026</strong></a><br>Estabelece orientações e procedimentos para a a criação de turmas/pautas eletrônicas de Estágio Curricular Obrigatório, Trabalho de Conclusão de Curso, atividades acadêmicas de Práticas Interdisciplinares e Interação Ensino, Serviço e Comunidade, módulos e dá outras providências</p>



<p></p>

<p>PROGRAD 2026 Instrução de Serviço Prograd nº 02/2026Estabelece procedimentos para a Comissão de Homologação de Matrícula de candidatos autodeclarados negros nos termos da Resolução C.U. nº 046/2025 Instrução de Serviço Prograd nº 01/2026Estabelece orientações e procedimentos para a a criação de turmas/pautas eletrônicas de Estágio Curricular Obrigatório, Trabalho de Conclusão de Curso, atividades acadêmicas de [&hellip;]</p>
