{"id":3629,"date":"2023-04-13T15:20:41","date_gmt":"2023-04-13T18:20:41","guid":{"rendered":"https:\/\/sites.uel.br\/prograd\/?page_id=3629"},"modified":"2024-04-25T16:27:12","modified_gmt":"2024-04-25T19:27:12","slug":"fope-forum-permanente-dos-cursos-de-licenciatura-materiais","status":"publish","type":"page","link":"https:\/\/sites.uel.br\/prograd\/fope-forum-permanente-dos-cursos-de-licenciatura-materiais\/","title":{"rendered":"FOPE (F\u00f3rum Permanente dos Cursos de Licenciatura)"},"content":{"rendered":"\n<hr class=\"wp-block-separator has-alpha-channel-opacity is-style-wide\"\/>\n\n\n\n<h2 class=\"wp-block-heading\">Materiais<\/h2>\n\n\n\n<p><a href=\"https:\/\/sites.uel.br\/prograd\/wp-content\/uploads\/fope\/materiais\/livro_01.pdf\" target=\"_blank\" rel=\"noreferrer noopener\">Experi\u00eancias e Reflex\u00f5es na forma\u00e7\u00e3o de professores<\/a><br><em>Adriana Regina de Jesus dos Santos<br>Andreia Maria Cavaminami Lugle<br>Angela Maria de Souza Lima<br>Angelica Lyra de Ara\u00fajo<br>Carlos Alberto Albertuni<br>(Org.)<\/em><\/p>\n\n\n\n<p><a href=\"https:\/\/sites.uel.br\/prograd\/wp-content\/uploads\/fope\/materiais\/livro_02.pdf\" target=\"_blank\" rel=\"noreferrer noopener\">Os Est\u00e1gios nas Licenciaturas da UEL<\/a><br><em>Angela Maria de Sousa Lima<br>Andreia Maria Cavaminami Lugle<br>Ana M\u00e1rcia Fernandes Tucci de Carvalho<br>Eliane Cleide da Silva Czernisz<br>(Org.)<\/em><\/p>\n\n\n\n<p><a href=\"https:\/\/sites.uel.br\/prograd\/wp-content\/uploads\/fope\/materiais\/livro_02.pdf\" target=\"_blank\" rel=\"noreferrer noopener\">Di\u00e1logos entre as Licenciaturas e a Educa\u00e7\u00e3o B\u00e1sica: aproxima\u00e7\u00f5es e desafios<\/a><br><em>Angela Maria de Sousa Lima<br>Adriana Regina de Jesus<br>Ana Odete Santos Vieira<br>Ang\u00e9lica Lyra de Ara\u00fajo<br>Carlos Alberto Albertuni<br>Cecilia Margarita Guerrero Ocampo<br>Leandro Augusto dos Reis<br>Margarida C\u00e1ssia Campos<br>Regina C\u00e9lia Alegro<br>Regina C\u00e9lia Guapo Pasquini<br>Rosemeri Passos Baltazar Machado<br>(Org.)<\/em><\/p>\n\n\n\n<p><a href=\"https:\/\/sites.uel.br\/prograd\/wp-content\/uploads\/fope\/materiais\/articulacao_entre_licenciaturas_2010_2012_politicas_inclusao.pdf\" target=\"_blank\" rel=\"noreferrer noopener\">Articula\u00e7\u00e3o entre as Licenciaturas &#8211; 2010-2012 (Pol\u00edticas de Inclus\u00e3o)<\/a><\/p>\n\n\n\n<p><a href=\"https:\/\/sites.uel.br\/prograd\/wp-content\/uploads\/fope\/materiais\/articulacao_entre_licenciaturas_2010_2012_estagios.pdf\" target=\"_blank\" rel=\"noreferrer noopener\">Articula\u00e7\u00e3o entre as Licenciaturas &#8211; 2010-2012 (Est\u00e1gios)<\/a><\/p>\n\n\n\n<p><a href=\"https:\/\/sites.uel.br\/prograd\/wp-content\/uploads\/fope\/materiais\/discussao_estagios_licenciaturas_uel.pdf\" target=\"_blank\" rel=\"noreferrer noopener\">O Fope na Discuss\u00e3o dos Est\u00e1gios nas Licenciaturas da UEL<\/a><\/p>\n\n\n\n<p><a href=\"https:\/\/sites.uel.br\/prograd\/wp-content\/uploads\/fope\/materiais\/anais_iii_jornada_humanidades.pdf\" target=\"_blank\" rel=\"noreferrer noopener\">Anais &#8211; Resumos &#8211; III Jornada de Humanidades &#8211; Col\u00e9gio Estadual Jos\u00e9 Aloisio de Arag\u00e3o &#8211; Col\u00e9gio de Aplica\u00e7\u00e3o da UEL &#8211; &#8220;IN\/EXCLUS\u00c3O E JUVENTUDES&#8221;<\/a><\/p>\n\n\n\n<p><a href=\"https:\/\/sites.uel.br\/prograd\/wp-content\/uploads\/fope\/materiais\/anais_v_jornada_humanidades.pdf\" target=\"_blank\" rel=\"noreferrer noopener\">Anais &#8211; V Jornada de Humanidades &#8211; Ensino M\u00e9dio e Integrado do CEEP &#8211; Centro Estadual de Educa\u00e7\u00e3o Profissional &#8211; Profa. Maria do Ros\u00e1rio Castaldi &#8211; &#8220;M\u00cdDIA, CIDADANIA E QUEST\u00d5ES AMBIENTAIS NA CONSTRU\u00c7\u00c3O DA COLETIVIDADE HUMANA&#8221;<\/a><\/p>\n\n","protected":false},"excerpt":{"rendered":"<p>Materiais Experi\u00eancias e Reflex\u00f5es na forma\u00e7\u00e3o de professoresAdriana Regina de Jesus dos SantosAndreia Maria Cavaminami LugleAngela Maria de Souza LimaAngelica Lyra de Ara\u00fajoCarlos Alberto Albertuni(Org.) Os Est\u00e1gios nas Licenciaturas da UELAngela Maria de Sousa LimaAndreia Maria Cavaminami LugleAna M\u00e1rcia Fernandes Tucci de CarvalhoEliane Cleide da Silva Czernisz(Org.) Di\u00e1logos entre as Licenciaturas e a Educa\u00e7\u00e3o B\u00e1sica: [&hellip;]<\/p>\n","protected":false},"author":8,"featured_media":0,"parent":0,"menu_order":0,"comment_status":"closed","ping_status":"closed","template":"","meta":{"_acf_changed":false,"_themeisle_gutenberg_block_has_review":false,"footnotes":""},"class_list":["post-3629","page","type-page","status-publish","hentry"],"acf":[],"_links":{"self":[{"href":"https:\/\/sites.uel.br\/prograd\/wp-json\/wp\/v2\/pages\/3629","targetHints":{"allow":["GET"]}}],"collection":[{"href":"https:\/\/sites.uel.br\/prograd\/wp-json\/wp\/v2\/pages"}],"about":[{"href":"https:\/\/sites.uel.br\/prograd\/wp-json\/wp\/v2\/types\/page"}],"author":[{"embeddable":true,"href":"https:\/\/sites.uel.br\/prograd\/wp-json\/wp\/v2\/users\/8"}],"replies":[{"embeddable":true,"href":"https:\/\/sites.uel.br\/prograd\/wp-json\/wp\/v2\/comments?post=3629"}],"version-history":[{"count":7,"href":"https:\/\/sites.uel.br\/prograd\/wp-json\/wp\/v2\/pages\/3629\/revisions"}],"predecessor-version":[{"id":28650,"href":"https:\/\/sites.uel.br\/prograd\/wp-json\/wp\/v2\/pages\/3629\/revisions\/28650"}],"wp:attachment":[{"href":"https:\/\/sites.uel.br\/prograd\/wp-json\/wp\/v2\/media?parent=3629"}],"curies":[{"name":"wp","href":"https:\/\/api.w.org\/{rel}","templated":true}]}}