{"id":34951,"date":"2025-08-01T14:10:57","date_gmt":"2025-08-01T17:10:57","guid":{"rendered":"https:\/\/sites.uel.br\/prograd\/?page_id=34951"},"modified":"2025-08-04T15:58:15","modified_gmt":"2025-08-04T18:58:15","slug":"decretos-renovacao-de-cursos-educacao-fisica-licenciatura","status":"publish","type":"page","link":"https:\/\/sites.uel.br\/prograd\/decretos-renovacao-de-cursos-educacao-fisica-licenciatura\/","title":{"rendered":"Decretos (Renova\u00e7\u00e3o de Cursos)"},"content":{"rendered":"\n<hr class=\"wp-block-separator has-alpha-channel-opacity is-style-wide\"\/>\n\n\n\n<h2 class=\"wp-block-heading\">Educa\u00e7\u00e3o F\u00edsica &#8211; Licenciatura<\/h2>\n\n\n\n<p>Educa\u00e7\u00e3o F\u00edsica \u2013 Habilita\u00e7\u00e3o \u2013 Licenciatura<\/p>\n\n\n\n<p><strong>Reconhecimento:<\/strong> Decreto Fed. n\u00ba 77.343 de 29\/03\/76 &#8211; Publica\u00e7\u00e3o: 30\/03\/1976<\/p>\n\n\n\n<p>&#8211; <strong>1\u00aa Renova\u00e7\u00e3o:<\/strong> Decreto Estadual n\u00ba 5920 de 14\/12\/2009 &#8211; Validade: 13\/12\/2014<br>&#8211; <strong>2\u00aa Renova\u00e7\u00e3o:<\/strong> Decreto Estadual n\u00ba 354 de 29\/01\/2015 &#8211; Validade: 13\/12\/2018<br>&#8211; <strong>3\u00aa Renova\u00e7\u00e3o:<\/strong> Decreto Estadual n\u00ba 11705 de 12\/11\/2018 &#8211; Validade: 13\/12\/2023<br>&#8211; <strong>4\u00aa Renova\u00e7\u00e3o:<\/strong> Resolu\u00e7\u00e3o Estadual n\u00ba 0124 de 07\/07\/2023 &#8211; Validade: 13\/12\/2027<\/p>\n\n\n\n<div style=\"height:10px\" aria-hidden=\"true\" class=\"wp-block-spacer\"><\/div>\n\n\n\n<hr class=\"wp-block-separator has-text-color has-cinza-color has-css-opacity has-cinza-background-color has-background is-style-wide\"\/>\n\n\n\n<p><strong>Veja tamb\u00e9m:<\/strong><\/p>\n\n\n\n<p><a href=\"https:\/\/sites.uel.br\/prograd\/graduacao\/catalogo-dos-cursos-de-graduacao-indice\/\">Cat\u00e1logo dos Curso de Gradua\u00e7\u00e3o (Organiza\u00e7\u00e3o Curricular, Ementas, Corpo Docente<\/a>)<\/p>\n\n\n\n<p><a href=\"https:\/\/sites.uel.br\/prograd\/graduacao\/projetos-pedagogicos\/\">Projetos Pedag\u00f3gicos dos Cursos de Gradua\u00e7\u00e3o<\/a><\/p>\n","protected":false},"excerpt":{"rendered":"<p>Educa\u00e7\u00e3o F\u00edsica &#8211; Licenciatura Educa\u00e7\u00e3o F\u00edsica \u2013 Habilita\u00e7\u00e3o \u2013 Licenciatura Reconhecimento: Decreto Fed. n\u00ba 77.343 de 29\/03\/76 &#8211; Publica\u00e7\u00e3o: 30\/03\/1976 &#8211; 1\u00aa Renova\u00e7\u00e3o: Decreto Estadual n\u00ba 5920 de 14\/12\/2009 &#8211; Validade: 13\/12\/2014&#8211; 2\u00aa Renova\u00e7\u00e3o: Decreto Estadual n\u00ba 354 de 29\/01\/2015 &#8211; Validade: 13\/12\/2018&#8211; 3\u00aa Renova\u00e7\u00e3o: Decreto Estadual n\u00ba 11705 de 12\/11\/2018 &#8211; Validade: 13\/12\/2023&#8211; 4\u00aa [&hellip;]<\/p>\n","protected":false},"author":8,"featured_media":0,"parent":0,"menu_order":0,"comment_status":"closed","ping_status":"closed","template":"","meta":{"_acf_changed":false,"_themeisle_gutenberg_block_has_review":false,"footnotes":""},"class_list":["post-34951","page","type-page","status-publish","hentry"],"acf":[],"_links":{"self":[{"href":"https:\/\/sites.uel.br\/prograd\/wp-json\/wp\/v2\/pages\/34951","targetHints":{"allow":["GET"]}}],"collection":[{"href":"https:\/\/sites.uel.br\/prograd\/wp-json\/wp\/v2\/pages"}],"about":[{"href":"https:\/\/sites.uel.br\/prograd\/wp-json\/wp\/v2\/types\/page"}],"author":[{"embeddable":true,"href":"https:\/\/sites.uel.br\/prograd\/wp-json\/wp\/v2\/users\/8"}],"replies":[{"embeddable":true,"href":"https:\/\/sites.uel.br\/prograd\/wp-json\/wp\/v2\/comments?post=34951"}],"version-history":[{"count":4,"href":"https:\/\/sites.uel.br\/prograd\/wp-json\/wp\/v2\/pages\/34951\/revisions"}],"predecessor-version":[{"id":35227,"href":"https:\/\/sites.uel.br\/prograd\/wp-json\/wp\/v2\/pages\/34951\/revisions\/35227"}],"wp:attachment":[{"href":"https:\/\/sites.uel.br\/prograd\/wp-json\/wp\/v2\/media?parent=34951"}],"curies":[{"name":"wp","href":"https:\/\/api.w.org\/{rel}","templated":true}]}}