{"id":34787,"date":"2025-08-01T11:09:17","date_gmt":"2025-08-01T14:09:17","guid":{"rendered":"https:\/\/sites.uel.br\/prograd\/?page_id=34787"},"modified":"2025-08-04T16:27:49","modified_gmt":"2025-08-04T19:27:49","slug":"decretos-renovacao-de-cursos-enfermagem","status":"publish","type":"page","link":"https:\/\/sites.uel.br\/prograd\/decretos-renovacao-de-cursos-enfermagem\/","title":{"rendered":"Decretos (Renova\u00e7\u00e3o de Cursos)"},"content":{"rendered":"\n<hr class=\"wp-block-separator has-alpha-channel-opacity is-style-wide\"\/>\n\n\n\n<h2 class=\"wp-block-heading\">Enfermagem<\/h2>\n\n\n\n<p><strong>Reconhecimento:<\/strong> Decreto Fed. n\u00ba 78.520 de 30\/09\/76 &#8211; Publica\u00e7\u00e3o: 01\/10\/1976<\/p>\n\n\n\n<p>&#8211; <strong>1\u00aa Renova\u00e7\u00e3o:<\/strong> Decreto Estadual n\u00ba 5919 de 14\/12\/2009 &#8211; Validade: 13\/12\/2014<br>&#8211; <strong>2\u00aa Renova\u00e7\u00e3o:<\/strong> Decreto Estadual n\u00ba 398 de 06\/02\/2015 &#8211; Validade: 13\/12\/2018<br>&#8211; <strong>3\u00aa Renova\u00e7\u00e3o:<\/strong> Decreto Estadual n\u00ba 11706 de 12\/11\/2018 &#8211; Validade: 13\/12\/2023<br>&#8211; <strong>4\u00aa Renova\u00e7\u00e3o:<\/strong> Resolu\u00e7\u00e3o n.\u00ba 131\/2024 \u2013 SETI, 11\/06\/2024 &#8211; Validade: 13\/12\/2026<\/p>\n\n\n\n<div style=\"height:10px\" aria-hidden=\"true\" class=\"wp-block-spacer\"><\/div>\n\n\n\n<hr class=\"wp-block-separator has-text-color has-cinza-color has-css-opacity has-cinza-background-color has-background is-style-wide\"\/>\n\n\n\n<p><strong>Veja tamb\u00e9m:<\/strong><\/p>\n\n\n\n<p><a href=\"https:\/\/sites.uel.br\/prograd\/graduacao\/catalogo-dos-cursos-de-graduacao-indice\/\">Cat\u00e1logo dos Curso de Gradua\u00e7\u00e3o (Organiza\u00e7\u00e3o Curricular, Ementas, Corpo Docente<\/a>)<\/p>\n\n\n\n<p><a href=\"https:\/\/sites.uel.br\/prograd\/graduacao\/projetos-pedagogicos\/\">Projetos Pedag\u00f3gicos dos Cursos de Gradua\u00e7\u00e3o<\/a><\/p>\n","protected":false},"excerpt":{"rendered":"<p>Enfermagem Reconhecimento: Decreto Fed. n\u00ba 78.520 de 30\/09\/76 &#8211; Publica\u00e7\u00e3o: 01\/10\/1976 &#8211; 1\u00aa Renova\u00e7\u00e3o: Decreto Estadual n\u00ba 5919 de 14\/12\/2009 &#8211; Validade: 13\/12\/2014&#8211; 2\u00aa Renova\u00e7\u00e3o: Decreto Estadual n\u00ba 398 de 06\/02\/2015 &#8211; Validade: 13\/12\/2018&#8211; 3\u00aa Renova\u00e7\u00e3o: Decreto Estadual n\u00ba 11706 de 12\/11\/2018 &#8211; Validade: 13\/12\/2023&#8211; 4\u00aa Renova\u00e7\u00e3o: Resolu\u00e7\u00e3o n.\u00ba 131\/2024 \u2013 SETI, 11\/06\/2024 &#8211; Validade: [&hellip;]<\/p>\n","protected":false},"author":8,"featured_media":0,"parent":0,"menu_order":0,"comment_status":"closed","ping_status":"closed","template":"","meta":{"_acf_changed":false,"_themeisle_gutenberg_block_has_review":false,"footnotes":""},"class_list":["post-34787","page","type-page","status-publish","hentry"],"acf":[],"_links":{"self":[{"href":"https:\/\/sites.uel.br\/prograd\/wp-json\/wp\/v2\/pages\/34787","targetHints":{"allow":["GET"]}}],"collection":[{"href":"https:\/\/sites.uel.br\/prograd\/wp-json\/wp\/v2\/pages"}],"about":[{"href":"https:\/\/sites.uel.br\/prograd\/wp-json\/wp\/v2\/types\/page"}],"author":[{"embeddable":true,"href":"https:\/\/sites.uel.br\/prograd\/wp-json\/wp\/v2\/users\/8"}],"replies":[{"embeddable":true,"href":"https:\/\/sites.uel.br\/prograd\/wp-json\/wp\/v2\/comments?post=34787"}],"version-history":[{"count":6,"href":"https:\/\/sites.uel.br\/prograd\/wp-json\/wp\/v2\/pages\/34787\/revisions"}],"predecessor-version":[{"id":35291,"href":"https:\/\/sites.uel.br\/prograd\/wp-json\/wp\/v2\/pages\/34787\/revisions\/35291"}],"wp:attachment":[{"href":"https:\/\/sites.uel.br\/prograd\/wp-json\/wp\/v2\/media?parent=34787"}],"curies":[{"name":"wp","href":"https:\/\/api.w.org\/{rel}","templated":true}]}}