{"id":34769,"date":"2025-08-01T11:06:47","date_gmt":"2025-08-01T14:06:47","guid":{"rendered":"https:\/\/sites.uel.br\/prograd\/?page_id=34769"},"modified":"2025-08-06T15:55:08","modified_gmt":"2025-08-06T18:55:08","slug":"decretos-renovacao-de-cursos-arquitetura-e-urbanismo","status":"publish","type":"page","link":"https:\/\/sites.uel.br\/prograd\/decretos-renovacao-de-cursos-arquitetura-e-urbanismo\/","title":{"rendered":"Decretos (Renova\u00e7\u00e3o de Cursos)"},"content":{"rendered":"\n<hr class=\"wp-block-separator has-alpha-channel-opacity is-style-wide\"\/>\n\n\n\n<h2 class=\"wp-block-heading\">Arquitetura e Urbanismo<\/h2>\n\n\n\n<p><strong>Reconhecimento:<\/strong> Portaria M. 331 de 26\/07\/84 &#8211; Publica\u00e7\u00e3o:&nbsp; 27\/07\/1984<\/p>\n\n\n\n<p><\/p>\n\n\n\n<p>&#8211; <strong>1\u00aa Renova\u00e7\u00e3o:<\/strong> Decreto Estadual n\u00ba 7068 de 12\/05\/2010 &#8211; Validade: 11\/05\/2015<br>&#8211; <strong>2\u00aa Renova\u00e7\u00e3o:<\/strong> Decreto Estadual n\u00ba 3286 de 08\/01\/2016 &#8211; Validade: 12\/05\/2020<br>&#8211; <strong>3\u00aa Renova\u00e7\u00e3o:<\/strong> Portaria Estadual n\u00ba 82 de 15\/04\/2020 &#8211; Validade: 12\/05\/2024<br>&#8211; <strong>4\u00aa Renova\u00e7\u00e3o:<\/strong> Resolu\u00e7\u00e3o n\u00ba 19\/2024 \u2013 SETI de 22\/02\/2024 &#8211; Validade: 12\/05\/2028<\/p>\n\n\n\n<div style=\"height:10px\" aria-hidden=\"true\" class=\"wp-block-spacer\"><\/div>\n\n\n\n<hr class=\"wp-block-separator has-text-color has-cinza-color has-css-opacity has-cinza-background-color has-background is-style-wide\"\/>\n\n\n\n<p><strong>Veja tamb\u00e9m:<\/strong><\/p>\n\n\n\n<p><a href=\"https:\/\/sites.uel.br\/prograd\/graduacao\/catalogo-dos-cursos-de-graduacao-indice\/\">Cat\u00e1logo dos Curso de Gradua\u00e7\u00e3o (Organiza\u00e7\u00e3o Curricular, Ementas, Corpo Docente<\/a>)<\/p>\n\n\n\n<p><a href=\"https:\/\/sites.uel.br\/prograd\/graduacao\/projetos-pedagogicos\/\">Projetos Pedag\u00f3gicos dos Cursos de Gradua\u00e7\u00e3o<\/a><\/p>\n","protected":false},"excerpt":{"rendered":"<p>Arquitetura e Urbanismo Reconhecimento: Portaria M. 331 de 26\/07\/84 &#8211; Publica\u00e7\u00e3o:&nbsp; 27\/07\/1984 &#8211; 1\u00aa Renova\u00e7\u00e3o: Decreto Estadual n\u00ba 7068 de 12\/05\/2010 &#8211; Validade: 11\/05\/2015&#8211; 2\u00aa Renova\u00e7\u00e3o: Decreto Estadual n\u00ba 3286 de 08\/01\/2016 &#8211; Validade: 12\/05\/2020&#8211; 3\u00aa Renova\u00e7\u00e3o: Portaria Estadual n\u00ba 82 de 15\/04\/2020 &#8211; Validade: 12\/05\/2024&#8211; 4\u00aa Renova\u00e7\u00e3o: Resolu\u00e7\u00e3o n\u00ba 19\/2024 \u2013 SETI de 22\/02\/2024 [&hellip;]<\/p>\n","protected":false},"author":8,"featured_media":0,"parent":0,"menu_order":0,"comment_status":"closed","ping_status":"closed","template":"","meta":{"_acf_changed":false,"_themeisle_gutenberg_block_has_review":false,"footnotes":""},"class_list":["post-34769","page","type-page","status-publish","hentry"],"acf":[],"_links":{"self":[{"href":"https:\/\/sites.uel.br\/prograd\/wp-json\/wp\/v2\/pages\/34769","targetHints":{"allow":["GET"]}}],"collection":[{"href":"https:\/\/sites.uel.br\/prograd\/wp-json\/wp\/v2\/pages"}],"about":[{"href":"https:\/\/sites.uel.br\/prograd\/wp-json\/wp\/v2\/types\/page"}],"author":[{"embeddable":true,"href":"https:\/\/sites.uel.br\/prograd\/wp-json\/wp\/v2\/users\/8"}],"replies":[{"embeddable":true,"href":"https:\/\/sites.uel.br\/prograd\/wp-json\/wp\/v2\/comments?post=34769"}],"version-history":[{"count":5,"href":"https:\/\/sites.uel.br\/prograd\/wp-json\/wp\/v2\/pages\/34769\/revisions"}],"predecessor-version":[{"id":35356,"href":"https:\/\/sites.uel.br\/prograd\/wp-json\/wp\/v2\/pages\/34769\/revisions\/35356"}],"wp:attachment":[{"href":"https:\/\/sites.uel.br\/prograd\/wp-json\/wp\/v2\/media?parent=34769"}],"curies":[{"name":"wp","href":"https:\/\/api.w.org\/{rel}","templated":true}]}}