{"id":3398,"date":"2023-04-12T15:51:48","date_gmt":"2023-04-12T18:51:48","guid":{"rendered":"https:\/\/sites.uel.br\/prograd\/?page_id=3398"},"modified":"2024-05-22T13:37:25","modified_gmt":"2024-05-22T16:37:25","slug":"camara-de-graduacao-atas-da-camara-de-graduacao-2006","status":"publish","type":"page","link":"https:\/\/sites.uel.br\/prograd\/camara-de-graduacao-atas-da-camara-de-graduacao-2006\/","title":{"rendered":"C\u00e2mara de Gradua\u00e7\u00e3o"},"content":{"rendered":"\n<hr class=\"wp-block-separator has-alpha-channel-opacity is-style-wide\"\/>\n\n\n\n<h2 class=\"wp-block-heading\"><strong><strong><strong>Atas da C\u00e2mara de Gradua\u00e7\u00e3o<\/strong><\/strong><\/strong><\/h2>\n\n\n\n<h3 class=\"wp-block-heading\">Anos Anteriores<\/h3>\n\n\n\n<h3 class=\"wp-block-heading\">2006<\/h3>\n\n\n\n<div style=\"height:20px\" aria-hidden=\"true\" class=\"wp-block-spacer\"><\/div>\n\n\n\n<p><a href=\"https:\/\/sites.uel.br\/prograd\/wp-content\/uploads\/camara_graduacao\/Ata-32-06.pdf\" target=\"_blank\" rel=\"noreferrer noopener\">Ata n\u00ba 32 de 27\/06\/2006<\/a><\/p>\n\n\n\n<p><a href=\"https:\/\/sites.uel.br\/prograd\/wp-content\/uploads\/camara_graduacao\/Ata-33-06.pdf\" target=\"_blank\" rel=\"noreferrer noopener\">Ata n\u00ba 33 de 25\/07\/2006<\/a><\/p>\n\n\n\n<p><a href=\"https:\/\/sites.uel.br\/prograd\/wp-content\/uploads\/camara_graduacao\/Ata-34-06.pdf\" target=\"_blank\" rel=\"noreferrer noopener\">Ata n\u00ba 34 de 15\/08\/2006<\/a><\/p>\n\n\n\n<p><a href=\"https:\/\/sites.uel.br\/prograd\/wp-content\/uploads\/camara_graduacao\/Ata-35-06.pdf\" target=\"_blank\" rel=\"noreferrer noopener\">Ata n\u00ba 35 de 22\/08\/2006<\/a><\/p>\n\n\n\n<p><a href=\"https:\/\/sites.uel.br\/prograd\/wp-content\/uploads\/camara_graduacao\/Ata-36-06.pdf\" target=\"_blank\" rel=\"noreferrer noopener\">Ata n\u00ba 36 de 29\/08\/2006<\/a><\/p>\n\n\n\n<p><a href=\"https:\/\/sites.uel.br\/prograd\/wp-content\/uploads\/camara_graduacao\/Ata-37-06.pdf\" target=\"_blank\" rel=\"noreferrer noopener\">Ata n\u00ba 37 de 12\/09\/2006<\/a><\/p>\n\n\n\n<p><a href=\"https:\/\/sites.uel.br\/prograd\/wp-content\/uploads\/camara_graduacao\/Ata-38-06.pdf\" target=\"_blank\" rel=\"noreferrer noopener\">Ata n\u00ba 38 de 19\/09\/2006<\/a><\/p>\n\n\n\n<p><a href=\"https:\/\/sites.uel.br\/prograd\/wp-content\/uploads\/camara_graduacao\/Ata-39-06.pdf\" target=\"_blank\" rel=\"noreferrer noopener\">Ata n\u00ba 39 de 26\/09\/2006<\/a><\/p>\n\n\n\n<p><a href=\"https:\/\/sites.uel.br\/prograd\/wp-content\/uploads\/camara_graduacao\/Ata-40-06.pdf\" target=\"_blank\" rel=\"noreferrer noopener\">Ata n\u00ba 40 de 24\/10\/2006<\/a><\/p>\n\n\n\n<p><a href=\"https:\/\/sites.uel.br\/prograd\/wp-content\/uploads\/camara_graduacao\/Ata-41-06.pdf\" target=\"_blank\" rel=\"noreferrer noopener\">Ata n\u00ba 41 de 14\/11\/2006<\/a><\/p>\n\n\n\n<p><a href=\"https:\/\/sites.uel.br\/prograd\/wp-content\/uploads\/camara_graduacao\/Ata-42-06.pdf\" target=\"_blank\" rel=\"noreferrer noopener\">Ata n\u00ba 42 de 05\/12\/2006<\/a><\/p>\n\n\n\n<p><a href=\"https:\/\/sites.uel.br\/prograd\/wp-content\/uploads\/camara_graduacao\/Ata-43-06.pdf\" target=\"_blank\" rel=\"noreferrer noopener\">Ata n\u00ba 43 de 12\/12\/2006<\/a><\/p>\n","protected":false},"excerpt":{"rendered":"<p>Atas da C\u00e2mara de Gradua\u00e7\u00e3o Anos Anteriores 2006 Ata n\u00ba 32 de 27\/06\/2006 Ata n\u00ba 33 de 25\/07\/2006 Ata n\u00ba 34 de 15\/08\/2006 Ata n\u00ba 35 de 22\/08\/2006 Ata n\u00ba 36 de 29\/08\/2006 Ata n\u00ba 37 de 12\/09\/2006 Ata n\u00ba 38 de 19\/09\/2006 Ata n\u00ba 39 de 26\/09\/2006 Ata n\u00ba 40 de 24\/10\/2006 Ata n\u00ba [&hellip;]<\/p>\n","protected":false},"author":8,"featured_media":0,"parent":0,"menu_order":0,"comment_status":"closed","ping_status":"closed","template":"","meta":{"_acf_changed":false,"_themeisle_gutenberg_block_has_review":false,"footnotes":""},"class_list":["post-3398","page","type-page","status-publish","hentry"],"acf":[],"_links":{"self":[{"href":"https:\/\/sites.uel.br\/prograd\/wp-json\/wp\/v2\/pages\/3398","targetHints":{"allow":["GET"]}}],"collection":[{"href":"https:\/\/sites.uel.br\/prograd\/wp-json\/wp\/v2\/pages"}],"about":[{"href":"https:\/\/sites.uel.br\/prograd\/wp-json\/wp\/v2\/types\/page"}],"author":[{"embeddable":true,"href":"https:\/\/sites.uel.br\/prograd\/wp-json\/wp\/v2\/users\/8"}],"replies":[{"embeddable":true,"href":"https:\/\/sites.uel.br\/prograd\/wp-json\/wp\/v2\/comments?post=3398"}],"version-history":[{"count":13,"href":"https:\/\/sites.uel.br\/prograd\/wp-json\/wp\/v2\/pages\/3398\/revisions"}],"predecessor-version":[{"id":30086,"href":"https:\/\/sites.uel.br\/prograd\/wp-json\/wp\/v2\/pages\/3398\/revisions\/30086"}],"wp:attachment":[{"href":"https:\/\/sites.uel.br\/prograd\/wp-json\/wp\/v2\/media?parent=3398"}],"curies":[{"name":"wp","href":"https:\/\/api.w.org\/{rel}","templated":true}]}}