{"id":3395,"date":"2023-04-12T15:51:42","date_gmt":"2023-04-12T18:51:42","guid":{"rendered":"https:\/\/sites.uel.br\/prograd\/?page_id=3395"},"modified":"2024-05-22T13:42:46","modified_gmt":"2024-05-22T16:42:46","slug":"camara-de-graduacao-atas-da-camara-de-graduacao-2009","status":"publish","type":"page","link":"https:\/\/sites.uel.br\/prograd\/camara-de-graduacao-atas-da-camara-de-graduacao-2009\/","title":{"rendered":"C\u00e2mara de Gradua\u00e7\u00e3o"},"content":{"rendered":"\n<hr class=\"wp-block-separator has-alpha-channel-opacity is-style-wide\"\/>\n\n\n\n<h2 class=\"wp-block-heading\"><strong><strong><strong>Atas da C\u00e2mara de Gradua\u00e7\u00e3o<\/strong><\/strong><\/strong><\/h2>\n\n\n\n<h3 class=\"wp-block-heading\">Anos Anteriores<\/h3>\n\n\n\n<h3 class=\"wp-block-heading\">2009<\/h3>\n\n\n\n<div style=\"height:20px\" aria-hidden=\"true\" class=\"wp-block-spacer\"><\/div>\n\n\n\n<p><a href=\"https:\/\/sites.uel.br\/prograd\/wp-content\/uploads\/camara_graduacao\/ata_86_10_02_09.pdf\" target=\"_blank\" rel=\"noreferrer noopener\">Ata n\u00ba 86 de 10\/02\/2009<\/a><\/p>\n\n\n\n<p><a href=\"https:\/\/sites.uel.br\/prograd\/wp-content\/uploads\/camara_graduacao\/ata_87_17_03_09.pdf\" target=\"_blank\" rel=\"noreferrer noopener\">Ata n\u00ba 87 de 17\/03\/2009<\/a><\/p>\n\n\n\n<p><a href=\"https:\/\/sites.uel.br\/prograd\/wp-content\/uploads\/camara_graduacao\/ata_88_14_04_09.pdf\" target=\"_blank\" rel=\"noreferrer noopener\">Ata n\u00ba 88 de 14\/04\/2009<\/a><\/p>\n\n\n\n<p><a href=\"https:\/\/sites.uel.br\/prograd\/wp-content\/uploads\/camara_graduacao\/ata_89_22_04_09.pdf\" target=\"_blank\" rel=\"noreferrer noopener\">Ata n\u00ba 89 de 22\/04\/2009<\/a><\/p>\n\n\n\n<p><a href=\"https:\/\/sites.uel.br\/prograd\/wp-content\/uploads\/camara_graduacao\/ata_90_28_04_09.pdf\" target=\"_blank\" rel=\"noreferrer noopener\">Ata n\u00ba 90 de 28\/04\/2009<\/a><\/p>\n\n\n\n<p><a href=\"https:\/\/sites.uel.br\/prograd\/wp-content\/uploads\/camara_graduacao\/ata_91_12_05_09.pdf\" target=\"_blank\" rel=\"noreferrer noopener\">Ata n\u00ba 91 de 12\/05\/2009<\/a><\/p>\n\n\n\n<p><a href=\"https:\/\/sites.uel.br\/prograd\/wp-content\/uploads\/camara_graduacao\/ata_92_19_05_09.pdf\" target=\"_blank\" rel=\"noreferrer noopener\">Ata n\u00ba 92 de 19\/05\/2009<\/a><\/p>\n\n\n\n<p><a href=\"https:\/\/sites.uel.br\/prograd\/wp-content\/uploads\/camara_graduacao\/ata_93_02_06_09.pdf\" target=\"_blank\" rel=\"noreferrer noopener\">Ata n\u00ba 93 de 02\/06\/2009<\/a><\/p>\n\n\n\n<p><a href=\"https:\/\/sites.uel.br\/prograd\/wp-content\/uploads\/camara_graduacao\/ata_94_16_06_09.pdf\" target=\"_blank\" rel=\"noreferrer noopener\">Ata n\u00ba 94 de 16\/06\/2009<\/a><\/p>\n\n\n\n<p><a href=\"https:\/\/sites.uel.br\/prograd\/wp-content\/uploads\/camara_graduacao\/ata_95_23_06_09.pdf\" target=\"_blank\" rel=\"noreferrer noopener\">Ata n\u00ba 95 de 23\/06\/2009<\/a><\/p>\n\n\n\n<p><a href=\"https:\/\/sites.uel.br\/prograd\/wp-content\/uploads\/camara_graduacao\/ata_96_06_07_09.pdf\" target=\"_blank\" rel=\"noreferrer noopener\">Ata n\u00ba 96 de 06\/07\/2009<\/a><\/p>\n\n\n\n<p><a href=\"https:\/\/sites.uel.br\/prograd\/wp-content\/uploads\/camara_graduacao\/ata_97_14_07_09.pdf\" target=\"_blank\" rel=\"noreferrer noopener\">Ata n\u00ba 97 de 14\/07\/2009<\/a><\/p>\n\n\n\n<p><a href=\"https:\/\/sites.uel.br\/prograd\/wp-content\/uploads\/camara_graduacao\/ata_98_13_08_09.pdf\" target=\"_blank\" rel=\"noreferrer noopener\">Ata n\u00ba 98 de 13\/08\/2009<\/a><\/p>\n\n\n\n<p><a href=\"https:\/\/sites.uel.br\/prograd\/wp-content\/uploads\/camara_graduacao\/ata_99_15_09_09.pdf\" target=\"_blank\" rel=\"noreferrer noopener\">Ata n\u00ba 99 de 15\/09\/2009<\/a><\/p>\n\n\n\n<p><a href=\"https:\/\/sites.uel.br\/prograd\/wp-content\/uploads\/camara_graduacao\/ata_100_22_09_09.pdf\" target=\"_blank\" rel=\"noreferrer noopener\">Ata n\u00ba 100 de 22\/09\/2009<\/a><\/p>\n\n\n\n<p><a href=\"https:\/\/sites.uel.br\/prograd\/wp-content\/uploads\/camara_graduacao\/ata_101_20_10_09.pdf\" target=\"_blank\" rel=\"noreferrer noopener\">Ata n\u00ba 101 de 20\/10\/2009<\/a><\/p>\n\n\n\n<p><a href=\"https:\/\/sites.uel.br\/prograd\/wp-content\/uploads\/camara_graduacao\/ata_102_27_10_09.pdf\" target=\"_blank\" rel=\"noreferrer noopener\">Ata n\u00ba 102 de 27\/10\/2009<\/a><\/p>\n\n\n\n<p><a href=\"https:\/\/sites.uel.br\/prograd\/wp-content\/uploads\/camara_graduacao\/ata_103_17_11_09.pdf\" target=\"_blank\" rel=\"noreferrer noopener\">Ata n\u00ba 103 de 17\/11\/2009<\/a><\/p>\n\n\n\n<p><a href=\"https:\/\/sites.uel.br\/prograd\/wp-content\/uploads\/camara_graduacao\/ata_104_25_11_09.pdf\" target=\"_blank\" rel=\"noreferrer noopener\">Ata n\u00ba 104 de 25\/11\/2009<\/a><\/p>\n\n\n\n<p><a href=\"https:\/\/sites.uel.br\/prograd\/wp-content\/uploads\/camara_graduacao\/ata_105_01_12_09.pdf\" target=\"_blank\" rel=\"noreferrer noopener\">Ata n\u00ba 105 de 01\/12\/2009<\/a><\/p>\n\n\n\n<p><a href=\"https:\/\/sites.uel.br\/prograd\/wp-content\/uploads\/camara_graduacao\/ata_106_08_12_09.pdf\" target=\"_blank\" rel=\"noreferrer noopener\">Ata n\u00ba 106 de 08\/12\/2009<\/a><\/p>\n","protected":false},"excerpt":{"rendered":"<p>Atas da C\u00e2mara de Gradua\u00e7\u00e3o Anos Anteriores 2009 Ata n\u00ba 86 de 10\/02\/2009 Ata n\u00ba 87 de 17\/03\/2009 Ata n\u00ba 88 de 14\/04\/2009 Ata n\u00ba 89 de 22\/04\/2009 Ata n\u00ba 90 de 28\/04\/2009 Ata n\u00ba 91 de 12\/05\/2009 Ata n\u00ba 92 de 19\/05\/2009 Ata n\u00ba 93 de 02\/06\/2009 Ata n\u00ba 94 de 16\/06\/2009 Ata n\u00ba [&hellip;]<\/p>\n","protected":false},"author":8,"featured_media":0,"parent":0,"menu_order":0,"comment_status":"closed","ping_status":"closed","template":"","meta":{"_acf_changed":false,"_themeisle_gutenberg_block_has_review":false,"footnotes":""},"class_list":["post-3395","page","type-page","status-publish","hentry"],"acf":[],"_links":{"self":[{"href":"https:\/\/sites.uel.br\/prograd\/wp-json\/wp\/v2\/pages\/3395","targetHints":{"allow":["GET"]}}],"collection":[{"href":"https:\/\/sites.uel.br\/prograd\/wp-json\/wp\/v2\/pages"}],"about":[{"href":"https:\/\/sites.uel.br\/prograd\/wp-json\/wp\/v2\/types\/page"}],"author":[{"embeddable":true,"href":"https:\/\/sites.uel.br\/prograd\/wp-json\/wp\/v2\/users\/8"}],"replies":[{"embeddable":true,"href":"https:\/\/sites.uel.br\/prograd\/wp-json\/wp\/v2\/comments?post=3395"}],"version-history":[{"count":10,"href":"https:\/\/sites.uel.br\/prograd\/wp-json\/wp\/v2\/pages\/3395\/revisions"}],"predecessor-version":[{"id":30089,"href":"https:\/\/sites.uel.br\/prograd\/wp-json\/wp\/v2\/pages\/3395\/revisions\/30089"}],"wp:attachment":[{"href":"https:\/\/sites.uel.br\/prograd\/wp-json\/wp\/v2\/media?parent=3395"}],"curies":[{"name":"wp","href":"https:\/\/api.w.org\/{rel}","templated":true}]}}