{"id":3393,"date":"2023-04-12T15:51:38","date_gmt":"2023-04-12T18:51:38","guid":{"rendered":"https:\/\/sites.uel.br\/prograd\/?page_id=3393"},"modified":"2024-05-22T13:45:09","modified_gmt":"2024-05-22T16:45:09","slug":"camara-de-graduacao-atas-da-camara-de-graduacao-2011","status":"publish","type":"page","link":"https:\/\/sites.uel.br\/prograd\/camara-de-graduacao-atas-da-camara-de-graduacao-2011\/","title":{"rendered":"C\u00e2mara de Gradua\u00e7\u00e3o"},"content":{"rendered":"\n<hr class=\"wp-block-separator has-alpha-channel-opacity is-style-wide\"\/>\n\n\n\n<h2 class=\"wp-block-heading\"><strong><strong><strong>Atas da C\u00e2mara de Gradua\u00e7\u00e3o<\/strong><\/strong><\/strong><\/h2>\n\n\n\n<h3 class=\"wp-block-heading\">Anos Anteriores<\/h3>\n\n\n\n<h3 class=\"wp-block-heading\">2011<\/h3>\n\n\n\n<div style=\"height:20px\" aria-hidden=\"true\" class=\"wp-block-spacer\"><\/div>\n\n\n\n<p><a href=\"https:\/\/sites.uel.br\/prograd\/wp-content\/uploads\/camara_graduacao\/ata_122_15_02_11.pdf\" target=\"_blank\" rel=\"noreferrer noopener\">Ata n\u00ba 122 de 15\/02\/2011<\/a><\/p>\n\n\n\n<p><a href=\"https:\/\/sites.uel.br\/prograd\/wp-content\/uploads\/camara_graduacao\/ata_123_15_03_11.pdf\" target=\"_blank\" rel=\"noreferrer noopener\">Ata n\u00ba 123 de 15\/03\/2011<\/a><\/p>\n\n\n\n<p><a href=\"https:\/\/sites.uel.br\/prograd\/wp-content\/uploads\/camara_graduacao\/ata_124_19_04_11.pdf\" target=\"_blank\" rel=\"noreferrer noopener\">Ata n\u00ba 124 de 19\/04\/2011<\/a><\/p>\n\n\n\n<p><a href=\"https:\/\/sites.uel.br\/prograd\/wp-content\/uploads\/camara_graduacao\/ata_125_17_05_11.pdf\" target=\"_blank\" rel=\"noreferrer noopener\">Ata n\u00ba 125 de 17\/05\/2011<\/a><\/p>\n\n\n\n<p><a href=\"https:\/\/sites.uel.br\/prograd\/wp-content\/uploads\/camara_graduacao\/ata_126_31_05_11.pdf\" target=\"_blank\" rel=\"noreferrer noopener\">Ata n\u00ba 126 de 31\/05\/2011<\/a><\/p>\n\n\n\n<p><a href=\"https:\/\/sites.uel.br\/prograd\/wp-content\/uploads\/camara_graduacao\/ata_127_14_06_11.pdf\" target=\"_blank\" rel=\"noreferrer noopener\">Ata n\u00ba 127 de 14\/06\/2011<\/a><\/p>\n\n\n\n<p><a href=\"https:\/\/sites.uel.br\/prograd\/wp-content\/uploads\/camara_graduacao\/ata_128_28_06_11.pdf\" target=\"_blank\" rel=\"noreferrer noopener\">Ata n\u00ba 128 de 28\/06\/2011<\/a><\/p>\n\n\n\n<p><a href=\"https:\/\/sites.uel.br\/prograd\/wp-content\/uploads\/camara_graduacao\/ata_129_19_07_11.pdf\" target=\"_blank\" rel=\"noreferrer noopener\">Ata n\u00ba 129 de 19\/07\/2011<\/a><\/p>\n\n\n\n<p><a href=\"https:\/\/sites.uel.br\/prograd\/wp-content\/uploads\/camara_graduacao\/ata_130_16_08_11.pdf\" target=\"_blank\" rel=\"noreferrer noopener\">Ata n\u00ba 130 de 16\/08\/2011<\/a><\/p>\n\n\n\n<p><a href=\"https:\/\/sites.uel.br\/prograd\/wp-content\/uploads\/camara_graduacao\/ata_131_23_08_11.pdf\" target=\"_blank\" rel=\"noreferrer noopener\">Ata n\u00ba 131 de 23\/08\/2011<\/a><\/p>\n\n\n\n<p><a href=\"https:\/\/sites.uel.br\/prograd\/wp-content\/uploads\/camara_graduacao\/ata_132_20_09_11.pdf\" target=\"_blank\" rel=\"noreferrer noopener\">Ata n\u00ba 132 de 20\/09\/2011<\/a><\/p>\n\n\n\n<p><a href=\"https:\/\/sites.uel.br\/prograd\/wp-content\/uploads\/camara_graduacao\/ata_133_04_10_11.pdf\" target=\"_blank\" rel=\"noreferrer noopener\">Ata n\u00ba 133 de 04\/10\/2011<\/a><\/p>\n\n\n\n<p><a href=\"https:\/\/sites.uel.br\/prograd\/wp-content\/uploads\/camara_graduacao\/ata_134_18_10_11.pdf\" target=\"_blank\" rel=\"noreferrer noopener\">Ata n\u00ba 134 de 18\/10\/2011<\/a><\/p>\n\n\n\n<p><a href=\"https:\/\/sites.uel.br\/prograd\/wp-content\/uploads\/camara_graduacao\/ata_135_08_11_11.pdf\" target=\"_blank\" rel=\"noreferrer noopener\">Ata n\u00ba 135 de 08\/11\/2011<\/a><\/p>\n\n\n\n<p><a href=\"https:\/\/sites.uel.br\/prograd\/wp-content\/uploads\/camara_graduacao\/ata_136_29_11_11.pdf\" target=\"_blank\" rel=\"noreferrer noopener\">Ata n\u00ba 136 de 29\/11\/2011<\/a><\/p>\n\n\n\n<p><a href=\"https:\/\/sites.uel.br\/prograd\/wp-content\/uploads\/camara_graduacao\/ata_137_13_12_11.pdf\" target=\"_blank\" rel=\"noreferrer noopener\">Ata n\u00ba 137 de 13\/12\/2011<\/a><\/p>\n","protected":false},"excerpt":{"rendered":"<p>Atas da C\u00e2mara de Gradua\u00e7\u00e3o Anos Anteriores 2011 Ata n\u00ba 122 de 15\/02\/2011 Ata n\u00ba 123 de 15\/03\/2011 Ata n\u00ba 124 de 19\/04\/2011 Ata n\u00ba 125 de 17\/05\/2011 Ata n\u00ba 126 de 31\/05\/2011 Ata n\u00ba 127 de 14\/06\/2011 Ata n\u00ba 128 de 28\/06\/2011 Ata n\u00ba 129 de 19\/07\/2011 Ata n\u00ba 130 de 16\/08\/2011 Ata n\u00ba [&hellip;]<\/p>\n","protected":false},"author":8,"featured_media":0,"parent":0,"menu_order":0,"comment_status":"closed","ping_status":"closed","template":"","meta":{"_acf_changed":false,"_themeisle_gutenberg_block_has_review":false,"footnotes":""},"class_list":["post-3393","page","type-page","status-publish","hentry"],"acf":[],"_links":{"self":[{"href":"https:\/\/sites.uel.br\/prograd\/wp-json\/wp\/v2\/pages\/3393","targetHints":{"allow":["GET"]}}],"collection":[{"href":"https:\/\/sites.uel.br\/prograd\/wp-json\/wp\/v2\/pages"}],"about":[{"href":"https:\/\/sites.uel.br\/prograd\/wp-json\/wp\/v2\/types\/page"}],"author":[{"embeddable":true,"href":"https:\/\/sites.uel.br\/prograd\/wp-json\/wp\/v2\/users\/8"}],"replies":[{"embeddable":true,"href":"https:\/\/sites.uel.br\/prograd\/wp-json\/wp\/v2\/comments?post=3393"}],"version-history":[{"count":11,"href":"https:\/\/sites.uel.br\/prograd\/wp-json\/wp\/v2\/pages\/3393\/revisions"}],"predecessor-version":[{"id":30091,"href":"https:\/\/sites.uel.br\/prograd\/wp-json\/wp\/v2\/pages\/3393\/revisions\/30091"}],"wp:attachment":[{"href":"https:\/\/sites.uel.br\/prograd\/wp-json\/wp\/v2\/media?parent=3393"}],"curies":[{"name":"wp","href":"https:\/\/api.w.org\/{rel}","templated":true}]}}