{"id":33226,"date":"2024-12-20T08:08:35","date_gmt":"2024-12-20T11:08:35","guid":{"rendered":"https:\/\/sites.uel.br\/prograd\/?page_id=33226"},"modified":"2024-12-20T08:15:44","modified_gmt":"2024-12-20T11:15:44","slug":"calendario-2023","status":"publish","type":"page","link":"https:\/\/sites.uel.br\/prograd\/estudante\/calendario\/calendario-2023\/","title":{"rendered":"Calend\u00e1rio"},"content":{"rendered":"\n<hr class=\"wp-block-separator has-alpha-channel-opacity is-style-wide\"\/>\n\n\n\n<p class=\"has-text-align-center\"><strong>Calend\u00e1rio das Atividades de Ensino dos Cursos de Gradua\u00e7\u00e3o para o Ano Letivo de 2023<\/strong><\/p>\n\n\n<div class=\"wp-block-image\">\n<figure class=\"aligncenter size-full\"><a href=\"https:\/\/sites.uel.br\/prograd\/wp-content\/uploads\/calendario\/2023_2024\/calendario_2023_2024.pdf\" target=\"_blank\" rel=\"noreferrer noopener\"><img loading=\"lazy\" decoding=\"async\" width=\"569\" height=\"569\" src=\"https:\/\/sites.uel.br\/prograd\/wp-content\/uploads\/2023\/02\/icone_calendario_graduacao_2023_site.jpg\" alt=\"\" class=\"wp-image-1795\" srcset=\"https:\/\/sites.uel.br\/prograd\/wp-content\/uploads\/2023\/02\/icone_calendario_graduacao_2023_site.jpg 569w, https:\/\/sites.uel.br\/prograd\/wp-content\/uploads\/2023\/02\/icone_calendario_graduacao_2023_site-300x300.jpg 300w, https:\/\/sites.uel.br\/prograd\/wp-content\/uploads\/2023\/02\/icone_calendario_graduacao_2023_site-150x150.jpg 150w\" sizes=\"auto, (max-width: 569px) 100vw, 569px\" \/><\/a><\/figure>\n<\/div>\n\n\n<p class=\"has-text-align-center\">De acordo com a <a href=\"https:\/\/sites.uel.br\/prograd\/wp-content\/uploads\/documentos\/resolucoes\/2023\/resolucao_47_23.pdf\" target=\"_blank\" rel=\"noreferrer noopener\"><strong>Resolu\u00e7\u00e3o CEPE n\u00ba 47\/2023<\/strong><\/a><\/p>\n\n\n\n<div style=\"height:20px\" aria-hidden=\"true\" class=\"wp-block-spacer\"><\/div>\n\n\n\n<p class=\"has-text-align-left\"><strong>Ver tamb\u00e9m: <\/strong><\/p>\n\n\n\n<div style=\"height:20px\" aria-hidden=\"true\" class=\"wp-block-spacer\"><\/div>\n\n\n\n<p><strong><a href=\"https:\/\/sites.uel.br\/prograd\/wp-content\/uploads\/documentos\/resolucoes\/2024\/resolucao_38_24.pdf\" target=\"_blank\" rel=\"noreferrer noopener\">Resolu\u00e7\u00e3o CEPE n\u00ba 38\/2024<\/a><\/strong><br>Estabelece adequa\u00e7\u00e3o da Resolu\u00e7\u00e3o CEPE n\u00ba 047\/2023, que disp\u00f5e sobre o Calend\u00e1rio das Atividades de Ensino dos Cursos de Gradua\u00e7\u00e3o para o ano letivo de 2023<\/p>\n\n\n\n<p class=\"has-text-align-left\"><a href=\"https:\/\/sites.uel.br\/prograd\/wp-content\/uploads\/documentos\/resolucoes\/2024\/resolucao_05_24.pdf\" target=\"_blank\" rel=\"noreferrer noopener\"><strong>Resolu\u00e7\u00e3o CEPE n\u00ba 05\/2024<\/strong><\/a><br>Estabelece adequa\u00e7\u00e3o da Resolu\u00e7\u00e3o CEPE n\u00ba 047\/2023, que disp\u00f5e sobre o Calend\u00e1rio das Atividades de Ensino dos Cursos de Gradua\u00e7\u00e3o para o ano letivo de 2023<\/p>\n\n\n\n<p class=\"has-text-align-left\"><a href=\"https:\/\/sites.uel.br\/prograd\/wp-content\/uploads\/documentos\/resolucoes\/2023\/resolucao_90_23.pdf\" target=\"_blank\" rel=\"noreferrer noopener\"><strong>Resolu\u00e7\u00e3o CEPE n\u00ba 90\/2023<\/strong><\/a><br>Estabelece adequa\u00e7\u00e3o da Resolu\u00e7\u00e3o CEPE n\u00ba 047\/2023, que disp\u00f5e sobre o Calend\u00e1rio das Atividades de Ensino dos Cursos de Gradua\u00e7\u00e3o para o ano letivo de 2023<\/p>\n","protected":false},"excerpt":{"rendered":"<p>Calend\u00e1rio das Atividades de Ensino dos Cursos de Gradua\u00e7\u00e3o para o Ano Letivo de 2023 De acordo com a Resolu\u00e7\u00e3o CEPE n\u00ba 47\/2023 Ver tamb\u00e9m: Resolu\u00e7\u00e3o CEPE n\u00ba 38\/2024Estabelece adequa\u00e7\u00e3o da Resolu\u00e7\u00e3o CEPE n\u00ba 047\/2023, que disp\u00f5e sobre o Calend\u00e1rio das Atividades de Ensino dos Cursos de Gradua\u00e7\u00e3o para o ano letivo de 2023 Resolu\u00e7\u00e3o [&hellip;]<\/p>\n","protected":false},"author":8,"featured_media":0,"parent":112,"menu_order":0,"comment_status":"closed","ping_status":"closed","template":"","meta":{"_acf_changed":false,"_themeisle_gutenberg_block_has_review":false,"footnotes":""},"class_list":["post-33226","page","type-page","status-publish","hentry"],"acf":[],"_links":{"self":[{"href":"https:\/\/sites.uel.br\/prograd\/wp-json\/wp\/v2\/pages\/33226","targetHints":{"allow":["GET"]}}],"collection":[{"href":"https:\/\/sites.uel.br\/prograd\/wp-json\/wp\/v2\/pages"}],"about":[{"href":"https:\/\/sites.uel.br\/prograd\/wp-json\/wp\/v2\/types\/page"}],"author":[{"embeddable":true,"href":"https:\/\/sites.uel.br\/prograd\/wp-json\/wp\/v2\/users\/8"}],"replies":[{"embeddable":true,"href":"https:\/\/sites.uel.br\/prograd\/wp-json\/wp\/v2\/comments?post=33226"}],"version-history":[{"count":3,"href":"https:\/\/sites.uel.br\/prograd\/wp-json\/wp\/v2\/pages\/33226\/revisions"}],"predecessor-version":[{"id":33230,"href":"https:\/\/sites.uel.br\/prograd\/wp-json\/wp\/v2\/pages\/33226\/revisions\/33230"}],"up":[{"embeddable":true,"href":"https:\/\/sites.uel.br\/prograd\/wp-json\/wp\/v2\/pages\/112"}],"wp:attachment":[{"href":"https:\/\/sites.uel.br\/prograd\/wp-json\/wp\/v2\/media?parent=33226"}],"curies":[{"name":"wp","href":"https:\/\/api.w.org\/{rel}","templated":true}]}}

Calendário

<hr class="wp-block-separator has-alpha-channel-opacity is-style-wide"/>



<p class="has-text-align-center"><strong>Calendário das Atividades de Ensino dos Cursos de Graduação para o Ano Letivo de 2023</strong></p>


<div class="wp-block-image">
<figure class="aligncenter size-full"><a href="https://sites.uel.br/prograd/wp-content/uploads/calendario/2023_2024/calendario_2023_2024.pdf" target="_blank" rel="noreferrer noopener"><img loading="lazy" decoding="async" width="569" height="569" src="https://sites.uel.br/prograd/wp-content/uploads/2023/02/icone_calendario_graduacao_2023_site.jpg" alt="" class="wp-image-1795" srcset="https://sites.uel.br/prograd/wp-content/uploads/2023/02/icone_calendario_graduacao_2023_site.jpg 569w, https://sites.uel.br/prograd/wp-content/uploads/2023/02/icone_calendario_graduacao_2023_site-300x300.jpg 300w, https://sites.uel.br/prograd/wp-content/uploads/2023/02/icone_calendario_graduacao_2023_site-150x150.jpg 150w" sizes="auto, (max-width: 569px) 100vw, 569px" /></a></figure>
</div>


<p class="has-text-align-center">De acordo com a <a href="https://sites.uel.br/prograd/wp-content/uploads/documentos/resolucoes/2023/resolucao_47_23.pdf" target="_blank" rel="noreferrer noopener"><strong>Resolução CEPE nº 47/2023</strong></a></p>



<div style="height:20px" aria-hidden="true" class="wp-block-spacer"></div>



<p class="has-text-align-left"><strong>Ver também: </strong></p>



<div style="height:20px" aria-hidden="true" class="wp-block-spacer"></div>



<p><strong><a href="https://sites.uel.br/prograd/wp-content/uploads/documentos/resolucoes/2024/resolucao_38_24.pdf" target="_blank" rel="noreferrer noopener">Resolução CEPE nº 38/2024</a></strong><br>Estabelece adequação da Resolução CEPE nº 047/2023, que dispõe sobre o Calendário das Atividades de Ensino dos Cursos de Graduação para o ano letivo de 2023</p>



<p class="has-text-align-left"><a href="https://sites.uel.br/prograd/wp-content/uploads/documentos/resolucoes/2024/resolucao_05_24.pdf" target="_blank" rel="noreferrer noopener"><strong>Resolução CEPE nº 05/2024</strong></a><br>Estabelece adequação da Resolução CEPE nº 047/2023, que dispõe sobre o Calendário das Atividades de Ensino dos Cursos de Graduação para o ano letivo de 2023</p>



<p class="has-text-align-left"><a href="https://sites.uel.br/prograd/wp-content/uploads/documentos/resolucoes/2023/resolucao_90_23.pdf" target="_blank" rel="noreferrer noopener"><strong>Resolução CEPE nº 90/2023</strong></a><br>Estabelece adequação da Resolução CEPE nº 047/2023, que dispõe sobre o Calendário das Atividades de Ensino dos Cursos de Graduação para o ano letivo de 2023</p>

<p>Calendário das Atividades de Ensino dos Cursos de Graduação para o Ano Letivo de 2023 De acordo com a Resolução CEPE nº 47/2023 Ver também: Resolução CEPE nº 38/2024Estabelece adequação da Resolução CEPE nº 047/2023, que dispõe sobre o Calendário das Atividades de Ensino dos Cursos de Graduação para o ano letivo de 2023 Resolução [&hellip;]</p>
