{"id":31874,"date":"2024-08-19T11:10:10","date_gmt":"2024-08-19T14:10:10","guid":{"rendered":"https:\/\/sites.uel.br\/prograd\/?page_id=31874"},"modified":"2024-08-19T11:12:47","modified_gmt":"2024-08-19T14:12:47","slug":"relatorios-2024","status":"publish","type":"page","link":"https:\/\/sites.uel.br\/prograd\/relatorios-2024\/","title":{"rendered":"Relat\u00f3rios"},"content":{"rendered":"\n<hr class=\"wp-block-separator has-alpha-channel-opacity is-style-wide\"\/>\n\n\n\n<h4 class=\"wp-block-heading has-text-align-left\" style=\"font-size:25px\">2024<\/h4>\n\n\n\n<div style=\"height:20px\" aria-hidden=\"true\" class=\"wp-block-spacer\"><\/div>\n\n\n\n<p><strong><a href=\"https:\/\/sites.uel.br\/prograd\/wp-content\/uploads\/documentos\/relatorios\/2024\/relatorio_tecnico_mapeamento_permanencia_estudantil.pdf\" target=\"_blank\" rel=\"noreferrer noopener\">Relat\u00f3rio T\u00e9cnico Mapeamento da Perman\u00eancia Estudantil<\/a><\/strong><\/p>\n","protected":false},"excerpt":{"rendered":"<p>2024 Relat\u00f3rio T\u00e9cnico Mapeamento da Perman\u00eancia Estudantil<\/p>\n","protected":false},"author":8,"featured_media":0,"parent":0,"menu_order":0,"comment_status":"closed","ping_status":"closed","template":"","meta":{"_acf_changed":false,"_themeisle_gutenberg_block_has_review":false,"footnotes":""},"class_list":["post-31874","page","type-page","status-publish","hentry"],"acf":[],"_links":{"self":[{"href":"https:\/\/sites.uel.br\/prograd\/wp-json\/wp\/v2\/pages\/31874","targetHints":{"allow":["GET"]}}],"collection":[{"href":"https:\/\/sites.uel.br\/prograd\/wp-json\/wp\/v2\/pages"}],"about":[{"href":"https:\/\/sites.uel.br\/prograd\/wp-json\/wp\/v2\/types\/page"}],"author":[{"embeddable":true,"href":"https:\/\/sites.uel.br\/prograd\/wp-json\/wp\/v2\/users\/8"}],"replies":[{"embeddable":true,"href":"https:\/\/sites.uel.br\/prograd\/wp-json\/wp\/v2\/comments?post=31874"}],"version-history":[{"count":4,"href":"https:\/\/sites.uel.br\/prograd\/wp-json\/wp\/v2\/pages\/31874\/revisions"}],"predecessor-version":[{"id":31882,"href":"https:\/\/sites.uel.br\/prograd\/wp-json\/wp\/v2\/pages\/31874\/revisions\/31882"}],"wp:attachment":[{"href":"https:\/\/sites.uel.br\/prograd\/wp-json\/wp\/v2\/media?parent=31874"}],"curies":[{"name":"wp","href":"https:\/\/api.w.org\/{rel}","templated":true}]}}