{"id":30887,"date":"2024-06-24T09:15:43","date_gmt":"2024-06-24T12:15:43","guid":{"rendered":"https:\/\/sites.uel.br\/prograd\/?page_id=30887"},"modified":"2026-04-17T15:45:01","modified_gmt":"2026-04-17T18:45:01","slug":"programa-de-acompanhamento-de-bolsas-pab-documentos","status":"publish","type":"page","link":"https:\/\/sites.uel.br\/prograd\/programa-de-acompanhamento-de-bolsas-pab-documentos\/","title":{"rendered":"Programa de Acompanhamento de Bolsas (PAB)"},"content":{"rendered":"\n<hr class=\"wp-block-separator has-alpha-channel-opacity is-style-wide\"\/>\n\n\n\n<div class=\"wp-block-columns is-layout-flex wp-container-core-columns-is-layout-9d6595d7 wp-block-columns-is-layout-flex\">\n<div class=\"wp-block-column is-layout-flow wp-block-column-is-layout-flow\">\n<div class=\"wp-block-buttons is-layout-flex wp-block-buttons-is-layout-flex\">\n<div class=\"wp-block-button has-custom-width wp-block-button__width-100 is-style-outline is-style-outline--1\"><a class=\"wp-block-button__link has-white-color has-verde-background-color has-text-color has-background has-medium-font-size has-custom-font-size wp-element-button\" href=\"https:\/\/sites.uel.br\/prograd\/programa-de-acompanhamento-de-bolsas-pab-documentos\/\" style=\"border-radius:0px\">DOCUMENTOS<\/a><\/div>\n<\/div>\n<\/div>\n\n\n\n<div class=\"wp-block-column is-layout-flow wp-block-column-is-layout-flow\">\n<div class=\"wp-block-buttons is-layout-flex wp-block-buttons-is-layout-flex\"><\/div>\n<\/div>\n\n\n\n<div class=\"wp-block-column is-layout-flow wp-block-column-is-layout-flow\">\n<div class=\"wp-block-buttons is-layout-flex wp-block-buttons-is-layout-flex\"><\/div>\n<\/div>\n\n\n\n<div class=\"wp-block-column is-layout-flow wp-block-column-is-layout-flow\">\n<div class=\"wp-block-buttons is-layout-flex wp-block-buttons-is-layout-flex\"><\/div>\n<\/div>\n<\/div>\n\n\n\n<h2 class=\"wp-block-heading\">Documentos<\/h2>\n\n\n\n<p><strong>2025<\/strong><\/p>\n\n\n\n<p><a href=\"https:\/\/sites.uel.br\/prograd\/wp-content\/uploads\/pab\/documentos\/2025\/portaria_8_25.pdf\" target=\"_blank\" rel=\"noreferrer noopener\">Portaria 8 &#8211; Designa\u00e7\u00e3o de Representante<\/a><\/p>\n\n\n\n<div style=\"height:20px\" aria-hidden=\"true\" class=\"wp-block-spacer\"><\/div>\n\n\n\n<p><strong>2024<\/strong><\/p>\n\n\n\n<p><a href=\"https:\/\/sites.uel.br\/prograd\/wp-content\/uploads\/pab\/documentos\/2024\/portaria_694_24.pdf\" target=\"_blank\" rel=\"noreferrer noopener\">Portaria 694 &#8211; Designa\u00e7\u00e3o de Representantes<\/a><\/p>\n\n\n\n<p><\/p>\n","protected":false},"excerpt":{"rendered":"<p>Documentos 2025 Portaria 8 &#8211; Designa\u00e7\u00e3o de Representante 2024 Portaria 694 &#8211; Designa\u00e7\u00e3o de Representantes<\/p>\n","protected":false},"author":8,"featured_media":0,"parent":0,"menu_order":0,"comment_status":"closed","ping_status":"closed","template":"","meta":{"_acf_changed":false,"_themeisle_gutenberg_block_has_review":false,"footnotes":""},"class_list":["post-30887","page","type-page","status-publish","hentry"],"acf":[],"_links":{"self":[{"href":"https:\/\/sites.uel.br\/prograd\/wp-json\/wp\/v2\/pages\/30887","targetHints":{"allow":["GET"]}}],"collection":[{"href":"https:\/\/sites.uel.br\/prograd\/wp-json\/wp\/v2\/pages"}],"about":[{"href":"https:\/\/sites.uel.br\/prograd\/wp-json\/wp\/v2\/types\/page"}],"author":[{"embeddable":true,"href":"https:\/\/sites.uel.br\/prograd\/wp-json\/wp\/v2\/users\/8"}],"replies":[{"embeddable":true,"href":"https:\/\/sites.uel.br\/prograd\/wp-json\/wp\/v2\/comments?post=30887"}],"version-history":[{"count":6,"href":"https:\/\/sites.uel.br\/prograd\/wp-json\/wp\/v2\/pages\/30887\/revisions"}],"predecessor-version":[{"id":37241,"href":"https:\/\/sites.uel.br\/prograd\/wp-json\/wp\/v2\/pages\/30887\/revisions\/37241"}],"wp:attachment":[{"href":"https:\/\/sites.uel.br\/prograd\/wp-json\/wp\/v2\/media?parent=30887"}],"curies":[{"name":"wp","href":"https:\/\/api.w.org\/{rel}","templated":true}]}}

<hr class="wp-block-separator has-alpha-channel-opacity is-style-wide"/>



<div class="wp-block-columns is-layout-flex wp-container-core-columns-is-layout-9d6595d7 wp-block-columns-is-layout-flex">
<div class="wp-block-column is-layout-flow wp-block-column-is-layout-flow">
<div class="wp-block-buttons is-layout-flex wp-block-buttons-is-layout-flex">
<div class="wp-block-button has-custom-width wp-block-button__width-100 is-style-outline is-style-outline--1"><a class="wp-block-button__link has-white-color has-verde-background-color has-text-color has-background has-medium-font-size has-custom-font-size wp-element-button" href="https://sites.uel.br/prograd/programa-de-acompanhamento-de-bolsas-pab-documentos/" style="border-radius:0px">DOCUMENTOS</a></div>
</div>
</div>



<div class="wp-block-column is-layout-flow wp-block-column-is-layout-flow">
<div class="wp-block-buttons is-layout-flex wp-block-buttons-is-layout-flex"></div>
</div>



<div class="wp-block-column is-layout-flow wp-block-column-is-layout-flow">
<div class="wp-block-buttons is-layout-flex wp-block-buttons-is-layout-flex"></div>
</div>



<div class="wp-block-column is-layout-flow wp-block-column-is-layout-flow">
<div class="wp-block-buttons is-layout-flex wp-block-buttons-is-layout-flex"></div>
</div>
</div>



<h2 class="wp-block-heading">Documentos</h2>



<p><strong>2025</strong></p>



<p><a href="https://sites.uel.br/prograd/wp-content/uploads/pab/documentos/2025/portaria_8_25.pdf" target="_blank" rel="noreferrer noopener">Portaria 8 &#8211; Designação de Representante</a></p>



<div style="height:20px" aria-hidden="true" class="wp-block-spacer"></div>



<p><strong>2024</strong></p>



<p><a href="https://sites.uel.br/prograd/wp-content/uploads/pab/documentos/2024/portaria_694_24.pdf" target="_blank" rel="noreferrer noopener">Portaria 694 &#8211; Designação de Representantes</a></p>



<p></p>

<p>Documentos 2025 Portaria 8 &#8211; Designação de Representante 2024 Portaria 694 &#8211; Designação de Representantes</p>
