{"id":29446,"date":"2024-05-08T11:49:17","date_gmt":"2024-05-08T14:49:17","guid":{"rendered":"https:\/\/sites.uel.br\/prograd\/?page_id=29446"},"modified":"2024-05-09T10:43:09","modified_gmt":"2024-05-09T13:43:09","slug":"calendario-2008","status":"publish","type":"page","link":"https:\/\/sites.uel.br\/prograd\/estudante\/calendario\/calendario-2008\/","title":{"rendered":"Calend\u00e1rio"},"content":{"rendered":"\n<hr class=\"wp-block-separator has-alpha-channel-opacity is-style-wide\"\/>\n\n\n\n<h2 class=\"wp-block-heading\"><strong><strong>Calend\u00e1rio das Atividades de Ensino dos Cursos de Gradua\u00e7\u00e3o para o Ano Letivo de 2008<\/strong><\/strong><\/h2>\n\n\n\n<p><a href=\"https:\/\/sites.uel.br\/prograd\/wp-content\/uploads\/documentos\/resolucoes\/2007\/resolucao_157_07.pdf\" target=\"_blank\" rel=\"noreferrer noopener\"><strong>Resolu\u00e7\u00e3o CEPE n\u00ba 0157\/2007<\/strong><\/a><br>Estabelece o Calend\u00e1rio das Atividades de Ensino dos Cursos de Gradua\u00e7\u00e3o para o ano letivo de 2008<\/p>\n\n\n\n<p><a href=\"https:\/\/sites.uel.br\/prograd\/wp-content\/uploads\/documentos\/resolucoes\/2007\/resolucao_173_07.pdf\" target=\"_blank\" rel=\"noreferrer noopener\"><strong>Resolu\u00e7\u00e3o CEPE n\u00ba 0173\/2007<\/strong><\/a><br>Altera o Calend\u00e1rio das Atividades de Ensino dos Cursos de Gradua\u00e7\u00e3o, referente ao ano letivo de 2008<\/p>\n\n\n\n<p><\/p>\n","protected":false},"excerpt":{"rendered":"<p>Calend\u00e1rio das Atividades de Ensino dos Cursos de Gradua\u00e7\u00e3o para o Ano Letivo de 2008 Resolu\u00e7\u00e3o CEPE n\u00ba 0157\/2007Estabelece o Calend\u00e1rio das Atividades de Ensino dos Cursos de Gradua\u00e7\u00e3o para o ano letivo de 2008 Resolu\u00e7\u00e3o CEPE n\u00ba 0173\/2007Altera o Calend\u00e1rio das Atividades de Ensino dos Cursos de Gradua\u00e7\u00e3o, referente ao ano letivo de 2008<\/p>\n","protected":false},"author":8,"featured_media":0,"parent":112,"menu_order":0,"comment_status":"closed","ping_status":"closed","template":"","meta":{"_acf_changed":false,"_themeisle_gutenberg_block_has_review":false,"footnotes":""},"class_list":["post-29446","page","type-page","status-publish","hentry"],"acf":[],"_links":{"self":[{"href":"https:\/\/sites.uel.br\/prograd\/wp-json\/wp\/v2\/pages\/29446","targetHints":{"allow":["GET"]}}],"collection":[{"href":"https:\/\/sites.uel.br\/prograd\/wp-json\/wp\/v2\/pages"}],"about":[{"href":"https:\/\/sites.uel.br\/prograd\/wp-json\/wp\/v2\/types\/page"}],"author":[{"embeddable":true,"href":"https:\/\/sites.uel.br\/prograd\/wp-json\/wp\/v2\/users\/8"}],"replies":[{"embeddable":true,"href":"https:\/\/sites.uel.br\/prograd\/wp-json\/wp\/v2\/comments?post=29446"}],"version-history":[{"count":7,"href":"https:\/\/sites.uel.br\/prograd\/wp-json\/wp\/v2\/pages\/29446\/revisions"}],"predecessor-version":[{"id":29669,"href":"https:\/\/sites.uel.br\/prograd\/wp-json\/wp\/v2\/pages\/29446\/revisions\/29669"}],"up":[{"embeddable":true,"href":"https:\/\/sites.uel.br\/prograd\/wp-json\/wp\/v2\/pages\/112"}],"wp:attachment":[{"href":"https:\/\/sites.uel.br\/prograd\/wp-json\/wp\/v2\/media?parent=29446"}],"curies":[{"name":"wp","href":"https:\/\/api.w.org\/{rel}","templated":true}]}}

Calendário

<hr class="wp-block-separator has-alpha-channel-opacity is-style-wide"/>



<h2 class="wp-block-heading"><strong><strong>Calendário das Atividades de Ensino dos Cursos de Graduação para o Ano Letivo de 2008</strong></strong></h2>



<p><a href="https://sites.uel.br/prograd/wp-content/uploads/documentos/resolucoes/2007/resolucao_157_07.pdf" target="_blank" rel="noreferrer noopener"><strong>Resolução CEPE nº 0157/2007</strong></a><br>Estabelece o Calendário das Atividades de Ensino dos Cursos de Graduação para o ano letivo de 2008</p>



<p><a href="https://sites.uel.br/prograd/wp-content/uploads/documentos/resolucoes/2007/resolucao_173_07.pdf" target="_blank" rel="noreferrer noopener"><strong>Resolução CEPE nº 0173/2007</strong></a><br>Altera o Calendário das Atividades de Ensino dos Cursos de Graduação, referente ao ano letivo de 2008</p>



<p></p>

<p>Calendário das Atividades de Ensino dos Cursos de Graduação para o Ano Letivo de 2008 Resolução CEPE nº 0157/2007Estabelece o Calendário das Atividades de Ensino dos Cursos de Graduação para o ano letivo de 2008 Resolução CEPE nº 0173/2007Altera o Calendário das Atividades de Ensino dos Cursos de Graduação, referente ao ano letivo de 2008</p>
