{"id":29444,"date":"2024-05-08T11:49:23","date_gmt":"2024-05-08T14:49:23","guid":{"rendered":"https:\/\/sites.uel.br\/prograd\/?page_id=29444"},"modified":"2024-05-09T10:42:59","modified_gmt":"2024-05-09T13:42:59","slug":"calendario-2010","status":"publish","type":"page","link":"https:\/\/sites.uel.br\/prograd\/estudante\/calendario\/calendario-2010\/","title":{"rendered":"Calend\u00e1rio"},"content":{"rendered":"\n<hr class=\"wp-block-separator has-alpha-channel-opacity is-style-wide\"\/>\n\n\n\n<h2 class=\"wp-block-heading\"><strong><strong>Calend\u00e1rio das Atividades de Ensino dos Cursos de Gradua\u00e7\u00e3o para o Ano Letivo de 2010<\/strong><\/strong><\/h2>\n\n\n\n<p><strong><a href=\"https:\/\/sites.uel.br\/prograd\/wp-content\/uploads\/documentos\/resolucoes\/2009\/resolucao_224_09.pdf\" target=\"_blank\" rel=\"noreferrer noopener\">Resolu\u00e7\u00e3o CEPE n\u00ba 0224\/2009<\/a>&nbsp;<\/strong><br>Estabelece o Calend\u00e1rio das Atividades de Ensino dos Cursos de Gradua\u00e7\u00e3o para o ano letivo de 2010<\/p>\n","protected":false},"excerpt":{"rendered":"<p>Calend\u00e1rio das Atividades de Ensino dos Cursos de Gradua\u00e7\u00e3o para o Ano Letivo de 2010 Resolu\u00e7\u00e3o CEPE n\u00ba 0224\/2009&nbsp;Estabelece o Calend\u00e1rio das Atividades de Ensino dos Cursos de Gradua\u00e7\u00e3o para o ano letivo de 2010<\/p>\n","protected":false},"author":8,"featured_media":0,"parent":112,"menu_order":0,"comment_status":"closed","ping_status":"closed","template":"","meta":{"_acf_changed":false,"_themeisle_gutenberg_block_has_review":false,"footnotes":""},"class_list":["post-29444","page","type-page","status-publish","hentry"],"acf":[],"_links":{"self":[{"href":"https:\/\/sites.uel.br\/prograd\/wp-json\/wp\/v2\/pages\/29444","targetHints":{"allow":["GET"]}}],"collection":[{"href":"https:\/\/sites.uel.br\/prograd\/wp-json\/wp\/v2\/pages"}],"about":[{"href":"https:\/\/sites.uel.br\/prograd\/wp-json\/wp\/v2\/types\/page"}],"author":[{"embeddable":true,"href":"https:\/\/sites.uel.br\/prograd\/wp-json\/wp\/v2\/users\/8"}],"replies":[{"embeddable":true,"href":"https:\/\/sites.uel.br\/prograd\/wp-json\/wp\/v2\/comments?post=29444"}],"version-history":[{"count":5,"href":"https:\/\/sites.uel.br\/prograd\/wp-json\/wp\/v2\/pages\/29444\/revisions"}],"predecessor-version":[{"id":29667,"href":"https:\/\/sites.uel.br\/prograd\/wp-json\/wp\/v2\/pages\/29444\/revisions\/29667"}],"up":[{"embeddable":true,"href":"https:\/\/sites.uel.br\/prograd\/wp-json\/wp\/v2\/pages\/112"}],"wp:attachment":[{"href":"https:\/\/sites.uel.br\/prograd\/wp-json\/wp\/v2\/media?parent=29444"}],"curies":[{"name":"wp","href":"https:\/\/api.w.org\/{rel}","templated":true}]}}

Calendário

<hr class="wp-block-separator has-alpha-channel-opacity is-style-wide"/>



<h2 class="wp-block-heading"><strong><strong>Calendário das Atividades de Ensino dos Cursos de Graduação para o Ano Letivo de 2010</strong></strong></h2>



<p><strong><a href="https://sites.uel.br/prograd/wp-content/uploads/documentos/resolucoes/2009/resolucao_224_09.pdf" target="_blank" rel="noreferrer noopener">Resolução CEPE nº 0224/2009</a>&nbsp;</strong><br>Estabelece o Calendário das Atividades de Ensino dos Cursos de Graduação para o ano letivo de 2010</p>

<p>Calendário das Atividades de Ensino dos Cursos de Graduação para o Ano Letivo de 2010 Resolução CEPE nº 0224/2009&nbsp;Estabelece o Calendário das Atividades de Ensino dos Cursos de Graduação para o ano letivo de 2010</p>
