{"id":29442,"date":"2024-05-08T11:49:27","date_gmt":"2024-05-08T14:49:27","guid":{"rendered":"https:\/\/sites.uel.br\/prograd\/?page_id=29442"},"modified":"2024-05-09T10:42:50","modified_gmt":"2024-05-09T13:42:50","slug":"calendario-2012","status":"publish","type":"page","link":"https:\/\/sites.uel.br\/prograd\/estudante\/calendario\/calendario-2012\/","title":{"rendered":"Calend\u00e1rio"},"content":{"rendered":"\n<hr class=\"wp-block-separator has-alpha-channel-opacity is-style-wide\"\/>\n\n\n\n<h2 class=\"wp-block-heading\"><strong><strong>Calend\u00e1rio das Atividades de Ensino dos Cursos de Gradua\u00e7\u00e3o para o Ano Letivo de 2012<\/strong><\/strong><\/h2>\n\n\n\n<p><a href=\"https:\/\/sites.uel.br\/prograd\/wp-content\/uploads\/documentos\/resolucoes\/2011\/resolucao_115_11.pdf\" target=\"_blank\" rel=\"noreferrer noopener\"><strong>Resolu\u00e7\u00e3o CEPE n\u00ba 115\/2011<\/strong><\/a><br>Estabelece o Calend\u00e1rio das Atividades de Ensino dos Cursos de Gradua\u00e7\u00e3o para o ano letivo de 2012<\/p>\n\n\n\n<p><a href=\"https:\/\/sites.uel.br\/prograd\/wp-content\/uploads\/calendario\/2012\/calendario_2012_por_assunto.pdf\" target=\"_blank\" rel=\"noreferrer noopener\">Extrato Por Assunto<\/a><br><a href=\"https:\/\/sites.uel.br\/prograd\/wp-content\/uploads\/calendario\/2012\/calendario_extrato_docentes_2012.pdf\" target=\"_blank\" rel=\"noreferrer noopener\">Extrato para Docente<\/a><br><a href=\"https:\/\/sites.uel.br\/prograd\/wp-content\/uploads\/calendario\/2012\/calendario_extrato_estudantes_2012.pdf\" target=\"_blank\" rel=\"noreferrer noopener\">Extrato para Estudantes<\/a><\/p>\n\n\n\n<p class=\"has-text-align-center\"><\/p>\n\n\n\n<p><\/p>\n","protected":false},"excerpt":{"rendered":"<p>Calend\u00e1rio das Atividades de Ensino dos Cursos de Gradua\u00e7\u00e3o para o Ano Letivo de 2012 Resolu\u00e7\u00e3o CEPE n\u00ba 115\/2011Estabelece o Calend\u00e1rio das Atividades de Ensino dos Cursos de Gradua\u00e7\u00e3o para o ano letivo de 2012 Extrato Por AssuntoExtrato para DocenteExtrato para Estudantes<\/p>\n","protected":false},"author":8,"featured_media":0,"parent":112,"menu_order":0,"comment_status":"closed","ping_status":"closed","template":"","meta":{"_acf_changed":false,"_themeisle_gutenberg_block_has_review":false,"footnotes":""},"class_list":["post-29442","page","type-page","status-publish","hentry"],"acf":[],"_links":{"self":[{"href":"https:\/\/sites.uel.br\/prograd\/wp-json\/wp\/v2\/pages\/29442","targetHints":{"allow":["GET"]}}],"collection":[{"href":"https:\/\/sites.uel.br\/prograd\/wp-json\/wp\/v2\/pages"}],"about":[{"href":"https:\/\/sites.uel.br\/prograd\/wp-json\/wp\/v2\/types\/page"}],"author":[{"embeddable":true,"href":"https:\/\/sites.uel.br\/prograd\/wp-json\/wp\/v2\/users\/8"}],"replies":[{"embeddable":true,"href":"https:\/\/sites.uel.br\/prograd\/wp-json\/wp\/v2\/comments?post=29442"}],"version-history":[{"count":7,"href":"https:\/\/sites.uel.br\/prograd\/wp-json\/wp\/v2\/pages\/29442\/revisions"}],"predecessor-version":[{"id":29665,"href":"https:\/\/sites.uel.br\/prograd\/wp-json\/wp\/v2\/pages\/29442\/revisions\/29665"}],"up":[{"embeddable":true,"href":"https:\/\/sites.uel.br\/prograd\/wp-json\/wp\/v2\/pages\/112"}],"wp:attachment":[{"href":"https:\/\/sites.uel.br\/prograd\/wp-json\/wp\/v2\/media?parent=29442"}],"curies":[{"name":"wp","href":"https:\/\/api.w.org\/{rel}","templated":true}]}}

Calendário

<hr class="wp-block-separator has-alpha-channel-opacity is-style-wide"/>



<h2 class="wp-block-heading"><strong><strong>Calendário das Atividades de Ensino dos Cursos de Graduação para o Ano Letivo de 2012</strong></strong></h2>



<p><a href="https://sites.uel.br/prograd/wp-content/uploads/documentos/resolucoes/2011/resolucao_115_11.pdf" target="_blank" rel="noreferrer noopener"><strong>Resolução CEPE nº 115/2011</strong></a><br>Estabelece o Calendário das Atividades de Ensino dos Cursos de Graduação para o ano letivo de 2012</p>



<p><a href="https://sites.uel.br/prograd/wp-content/uploads/calendario/2012/calendario_2012_por_assunto.pdf" target="_blank" rel="noreferrer noopener">Extrato Por Assunto</a><br><a href="https://sites.uel.br/prograd/wp-content/uploads/calendario/2012/calendario_extrato_docentes_2012.pdf" target="_blank" rel="noreferrer noopener">Extrato para Docente</a><br><a href="https://sites.uel.br/prograd/wp-content/uploads/calendario/2012/calendario_extrato_estudantes_2012.pdf" target="_blank" rel="noreferrer noopener">Extrato para Estudantes</a></p>



<p class="has-text-align-center"></p>



<p></p>

<p>Calendário das Atividades de Ensino dos Cursos de Graduação para o Ano Letivo de 2012 Resolução CEPE nº 115/2011Estabelece o Calendário das Atividades de Ensino dos Cursos de Graduação para o ano letivo de 2012 Extrato Por AssuntoExtrato para DocenteExtrato para Estudantes</p>
