{"id":29441,"date":"2024-05-08T11:49:29","date_gmt":"2024-05-08T14:49:29","guid":{"rendered":"https:\/\/sites.uel.br\/prograd\/?page_id=29441"},"modified":"2024-05-09T10:42:44","modified_gmt":"2024-05-09T13:42:44","slug":"calendario-2013","status":"publish","type":"page","link":"https:\/\/sites.uel.br\/prograd\/estudante\/calendario\/calendario-2013\/","title":{"rendered":"Calend\u00e1rio"},"content":{"rendered":"\n<hr class=\"wp-block-separator has-alpha-channel-opacity is-style-wide\"\/>\n\n\n\n<h2 class=\"wp-block-heading\"><strong><strong>Calend\u00e1rio das Atividades de Ensino dos Cursos de Gradua\u00e7\u00e3o para o Ano Letivo de 2013<\/strong><\/strong><\/h2>\n\n\n\n<p><a href=\"https:\/\/sites.uel.br\/prograd\/wp-content\/uploads\/documentos\/resolucoes\/2012\/resolucao_149_12.pdf\" target=\"_blank\" rel=\"noreferrer noopener\"><strong>Resolu\u00e7\u00e3o CEPE n\u00ba 149\/2012<\/strong><\/a><br>Estabelece o Calend\u00e1rio das Atividades de Ensino dos Cursos de Gradua\u00e7\u00e3o para o ano letivo de 2013<\/p>\n\n\n\n<p><a href=\"https:\/\/sites.uel.br\/prograd\/wp-content\/uploads\/calendario\/2012\/calendario_2012_por_assunto.pdf\" target=\"_blank\" rel=\"noreferrer noopener\">Extrato por Assunto<\/a><br><a href=\"https:\/\/sites.uel.br\/prograd\/wp-content\/uploads\/calendario\/2012\/calendario_extrato_docentes_2012.pdf\" target=\"_blank\" rel=\"noreferrer noopener\">Extrato para Docente<\/a><br><a href=\"https:\/\/sites.uel.br\/prograd\/wp-content\/uploads\/calendario\/2012\/calendario_extrato_estudantes_2012.pdf\" target=\"_blank\" rel=\"noreferrer noopener\">Extrato para Estudantes<\/a><\/p>\n\n\n\n<div style=\"height:20px\" aria-hidden=\"true\" class=\"wp-block-spacer\"><\/div>\n\n\n\n<p><strong>Ver tamb\u00e9m:<\/strong><\/p>\n\n\n\n<p><a href=\"https:\/\/sites.uel.br\/prograd\/wp-content\/uploads\/documentos\/resolucoes\/2012\/resolucao_175_12.pdf\" target=\"_blank\" rel=\"noreferrer noopener\"><strong>Resolu\u00e7\u00e3o CEPE 175\/2012<\/strong><\/a><br>Altera o Calend\u00e1rio das Atividades de Ensino dos Cursos de Gradua\u00e7\u00e3o, referente ao ano letivo de 2013<\/p>\n","protected":false},"excerpt":{"rendered":"<p>Calend\u00e1rio das Atividades de Ensino dos Cursos de Gradua\u00e7\u00e3o para o Ano Letivo de 2013 Resolu\u00e7\u00e3o CEPE n\u00ba 149\/2012Estabelece o Calend\u00e1rio das Atividades de Ensino dos Cursos de Gradua\u00e7\u00e3o para o ano letivo de 2013 Extrato por AssuntoExtrato para DocenteExtrato para Estudantes Ver tamb\u00e9m: Resolu\u00e7\u00e3o CEPE 175\/2012Altera o Calend\u00e1rio das Atividades de Ensino dos Cursos [&hellip;]<\/p>\n","protected":false},"author":8,"featured_media":0,"parent":112,"menu_order":0,"comment_status":"closed","ping_status":"closed","template":"","meta":{"_acf_changed":false,"_themeisle_gutenberg_block_has_review":false,"footnotes":""},"class_list":["post-29441","page","type-page","status-publish","hentry"],"acf":[],"_links":{"self":[{"href":"https:\/\/sites.uel.br\/prograd\/wp-json\/wp\/v2\/pages\/29441","targetHints":{"allow":["GET"]}}],"collection":[{"href":"https:\/\/sites.uel.br\/prograd\/wp-json\/wp\/v2\/pages"}],"about":[{"href":"https:\/\/sites.uel.br\/prograd\/wp-json\/wp\/v2\/types\/page"}],"author":[{"embeddable":true,"href":"https:\/\/sites.uel.br\/prograd\/wp-json\/wp\/v2\/users\/8"}],"replies":[{"embeddable":true,"href":"https:\/\/sites.uel.br\/prograd\/wp-json\/wp\/v2\/comments?post=29441"}],"version-history":[{"count":8,"href":"https:\/\/sites.uel.br\/prograd\/wp-json\/wp\/v2\/pages\/29441\/revisions"}],"predecessor-version":[{"id":29664,"href":"https:\/\/sites.uel.br\/prograd\/wp-json\/wp\/v2\/pages\/29441\/revisions\/29664"}],"up":[{"embeddable":true,"href":"https:\/\/sites.uel.br\/prograd\/wp-json\/wp\/v2\/pages\/112"}],"wp:attachment":[{"href":"https:\/\/sites.uel.br\/prograd\/wp-json\/wp\/v2\/media?parent=29441"}],"curies":[{"name":"wp","href":"https:\/\/api.w.org\/{rel}","templated":true}]}}

Calendário

<hr class="wp-block-separator has-alpha-channel-opacity is-style-wide"/>



<h2 class="wp-block-heading"><strong><strong>Calendário das Atividades de Ensino dos Cursos de Graduação para o Ano Letivo de 2013</strong></strong></h2>



<p><a href="https://sites.uel.br/prograd/wp-content/uploads/documentos/resolucoes/2012/resolucao_149_12.pdf" target="_blank" rel="noreferrer noopener"><strong>Resolução CEPE nº 149/2012</strong></a><br>Estabelece o Calendário das Atividades de Ensino dos Cursos de Graduação para o ano letivo de 2013</p>



<p><a href="https://sites.uel.br/prograd/wp-content/uploads/calendario/2012/calendario_2012_por_assunto.pdf" target="_blank" rel="noreferrer noopener">Extrato por Assunto</a><br><a href="https://sites.uel.br/prograd/wp-content/uploads/calendario/2012/calendario_extrato_docentes_2012.pdf" target="_blank" rel="noreferrer noopener">Extrato para Docente</a><br><a href="https://sites.uel.br/prograd/wp-content/uploads/calendario/2012/calendario_extrato_estudantes_2012.pdf" target="_blank" rel="noreferrer noopener">Extrato para Estudantes</a></p>



<div style="height:20px" aria-hidden="true" class="wp-block-spacer"></div>



<p><strong>Ver também:</strong></p>



<p><a href="https://sites.uel.br/prograd/wp-content/uploads/documentos/resolucoes/2012/resolucao_175_12.pdf" target="_blank" rel="noreferrer noopener"><strong>Resolução CEPE 175/2012</strong></a><br>Altera o Calendário das Atividades de Ensino dos Cursos de Graduação, referente ao ano letivo de 2013</p>

<p>Calendário das Atividades de Ensino dos Cursos de Graduação para o Ano Letivo de 2013 Resolução CEPE nº 149/2012Estabelece o Calendário das Atividades de Ensino dos Cursos de Graduação para o ano letivo de 2013 Extrato por AssuntoExtrato para DocenteExtrato para Estudantes Ver também: Resolução CEPE 175/2012Altera o Calendário das Atividades de Ensino dos Cursos [&hellip;]</p>
