{"id":29440,"date":"2024-05-08T11:49:32","date_gmt":"2024-05-08T14:49:32","guid":{"rendered":"https:\/\/sites.uel.br\/prograd\/?page_id=29440"},"modified":"2024-05-09T10:42:40","modified_gmt":"2024-05-09T13:42:40","slug":"calendario-2014","status":"publish","type":"page","link":"https:\/\/sites.uel.br\/prograd\/estudante\/calendario\/calendario-2014\/","title":{"rendered":"Calend\u00e1rio"},"content":{"rendered":"\n<hr class=\"wp-block-separator has-alpha-channel-opacity is-style-wide\"\/>\n\n\n\n<h2 class=\"wp-block-heading\"><strong><strong>Calend\u00e1rio das Atividades de Ensino dos Cursos de Gradua\u00e7\u00e3o para o Ano Letivo de 2014<\/strong><\/strong><\/h2>\n\n\n\n<p class=\"has-text-align-left\"><a href=\"https:\/\/sites.uel.br\/prograd\/wp-content\/uploads\/documentos\/resolucoes\/2013\/resolucao_73_13.pdf\" target=\"_blank\" rel=\"noreferrer noopener\"><strong>Resolu\u00e7\u00e3o CEPE n\u00ba 73\/2013<\/strong><\/a><\/p>\n\n\n\n<p><a href=\"https:\/\/sites.uel.br\/prograd\/wp-content\/uploads\/calendario\/2014\/calendario_extrato_por_assunto_2014.pdf\" target=\"_blank\" rel=\"noreferrer noopener\">Extrato por Assunto<\/a><br><a href=\"https:\/\/sites.uel.br\/prograd\/wp-content\/uploads\/calendario\/2014\/calendario_extrato_docentes_2014.pdf\" target=\"_blank\" rel=\"noreferrer noopener\">Extrato para Docente<\/a><br><a href=\"https:\/\/sites.uel.br\/prograd\/wp-content\/uploads\/calendario\/2014\/calendario_extrato_estudantes_2014.pdf\" target=\"_blank\" rel=\"noreferrer noopener\">Extrato para Estudantes<\/a><\/p>\n\n\n\n<div style=\"height:20px\" aria-hidden=\"true\" class=\"wp-block-spacer\"><\/div>\n\n\n\n<p><strong>Ver tamb\u00e9m:<\/strong><\/p>\n\n\n\n<p><a href=\"https:\/\/sites.uel.br\/prograd\/wp-content\/uploads\/documentos\/resolucoes\/2013\/resolucao_131_13.pdf\" target=\"_blank\" rel=\"noreferrer noopener\"><strong>Resolu\u00e7\u00e3o CEPE 131\/2013<\/strong><\/a><br>Altera o Calend\u00e1rio das Atividades de Ensino dos Cursos de Gradua\u00e7\u00e3o, aprovado pela Resolu\u00e7\u00e3o CEPE n\u00ba 073\/2013<\/p>\n\n\n\n<p><a href=\"https:\/\/sites.uel.br\/prograd\/wp-content\/uploads\/documentos\/resolucoes\/2014\/resolucao_15_14.pdf\" target=\"_blank\" rel=\"noreferrer noopener\"><strong>Resolu\u00e7\u00e3o CEPE 015\/2014<\/strong><\/a><br>Altera o Calend\u00e1rio das Atividades de Ensino dos Cursos de Gradua\u00e7\u00e3o, aprovado pela Resolu\u00e7\u00e3o CEPE N\u00ba 073\/2013<\/p>\n\n\n\n<p><a href=\"https:\/\/sites.uel.br\/prograd\/wp-content\/uploads\/calendario\/2014\/ato_executivo_133_14.pdf\" target=\"_blank\" rel=\"noreferrer noopener\"><strong>Ato Executivo n\u00ba 133\/2014<\/strong><\/a><br>Retificar o art. 1\u00ba do Ato Executivo de n\u00ba 42\/2013 retirando do dia 20 de novembro de 2014 o Feriado Municipal da Consci\u00eancia Negra<\/p>\n","protected":false},"excerpt":{"rendered":"<p>Calend\u00e1rio das Atividades de Ensino dos Cursos de Gradua\u00e7\u00e3o para o Ano Letivo de 2014 Resolu\u00e7\u00e3o CEPE n\u00ba 73\/2013 Extrato por AssuntoExtrato para DocenteExtrato para Estudantes Ver tamb\u00e9m: Resolu\u00e7\u00e3o CEPE 131\/2013Altera o Calend\u00e1rio das Atividades de Ensino dos Cursos de Gradua\u00e7\u00e3o, aprovado pela Resolu\u00e7\u00e3o CEPE n\u00ba 073\/2013 Resolu\u00e7\u00e3o CEPE 015\/2014Altera o Calend\u00e1rio das Atividades de [&hellip;]<\/p>\n","protected":false},"author":8,"featured_media":0,"parent":112,"menu_order":0,"comment_status":"closed","ping_status":"closed","template":"","meta":{"_acf_changed":false,"_themeisle_gutenberg_block_has_review":false,"footnotes":""},"class_list":["post-29440","page","type-page","status-publish","hentry"],"acf":[],"_links":{"self":[{"href":"https:\/\/sites.uel.br\/prograd\/wp-json\/wp\/v2\/pages\/29440","targetHints":{"allow":["GET"]}}],"collection":[{"href":"https:\/\/sites.uel.br\/prograd\/wp-json\/wp\/v2\/pages"}],"about":[{"href":"https:\/\/sites.uel.br\/prograd\/wp-json\/wp\/v2\/types\/page"}],"author":[{"embeddable":true,"href":"https:\/\/sites.uel.br\/prograd\/wp-json\/wp\/v2\/users\/8"}],"replies":[{"embeddable":true,"href":"https:\/\/sites.uel.br\/prograd\/wp-json\/wp\/v2\/comments?post=29440"}],"version-history":[{"count":6,"href":"https:\/\/sites.uel.br\/prograd\/wp-json\/wp\/v2\/pages\/29440\/revisions"}],"predecessor-version":[{"id":29663,"href":"https:\/\/sites.uel.br\/prograd\/wp-json\/wp\/v2\/pages\/29440\/revisions\/29663"}],"up":[{"embeddable":true,"href":"https:\/\/sites.uel.br\/prograd\/wp-json\/wp\/v2\/pages\/112"}],"wp:attachment":[{"href":"https:\/\/sites.uel.br\/prograd\/wp-json\/wp\/v2\/media?parent=29440"}],"curies":[{"name":"wp","href":"https:\/\/api.w.org\/{rel}","templated":true}]}}

Calendário

<hr class="wp-block-separator has-alpha-channel-opacity is-style-wide"/>



<h2 class="wp-block-heading"><strong><strong>Calendário das Atividades de Ensino dos Cursos de Graduação para o Ano Letivo de 2014</strong></strong></h2>



<p class="has-text-align-left"><a href="https://sites.uel.br/prograd/wp-content/uploads/documentos/resolucoes/2013/resolucao_73_13.pdf" target="_blank" rel="noreferrer noopener"><strong>Resolução CEPE nº 73/2013</strong></a></p>



<p><a href="https://sites.uel.br/prograd/wp-content/uploads/calendario/2014/calendario_extrato_por_assunto_2014.pdf" target="_blank" rel="noreferrer noopener">Extrato por Assunto</a><br><a href="https://sites.uel.br/prograd/wp-content/uploads/calendario/2014/calendario_extrato_docentes_2014.pdf" target="_blank" rel="noreferrer noopener">Extrato para Docente</a><br><a href="https://sites.uel.br/prograd/wp-content/uploads/calendario/2014/calendario_extrato_estudantes_2014.pdf" target="_blank" rel="noreferrer noopener">Extrato para Estudantes</a></p>



<div style="height:20px" aria-hidden="true" class="wp-block-spacer"></div>



<p><strong>Ver também:</strong></p>



<p><a href="https://sites.uel.br/prograd/wp-content/uploads/documentos/resolucoes/2013/resolucao_131_13.pdf" target="_blank" rel="noreferrer noopener"><strong>Resolução CEPE 131/2013</strong></a><br>Altera o Calendário das Atividades de Ensino dos Cursos de Graduação, aprovado pela Resolução CEPE nº 073/2013</p>



<p><a href="https://sites.uel.br/prograd/wp-content/uploads/documentos/resolucoes/2014/resolucao_15_14.pdf" target="_blank" rel="noreferrer noopener"><strong>Resolução CEPE 015/2014</strong></a><br>Altera o Calendário das Atividades de Ensino dos Cursos de Graduação, aprovado pela Resolução CEPE Nº 073/2013</p>



<p><a href="https://sites.uel.br/prograd/wp-content/uploads/calendario/2014/ato_executivo_133_14.pdf" target="_blank" rel="noreferrer noopener"><strong>Ato Executivo nº 133/2014</strong></a><br>Retificar o art. 1º do Ato Executivo de nº 42/2013 retirando do dia 20 de novembro de 2014 o Feriado Municipal da Consciência Negra</p>

<p>Calendário das Atividades de Ensino dos Cursos de Graduação para o Ano Letivo de 2014 Resolução CEPE nº 73/2013 Extrato por AssuntoExtrato para DocenteExtrato para Estudantes Ver também: Resolução CEPE 131/2013Altera o Calendário das Atividades de Ensino dos Cursos de Graduação, aprovado pela Resolução CEPE nº 073/2013 Resolução CEPE 015/2014Altera o Calendário das Atividades de [&hellip;]</p>
