{"id":29438,"date":"2024-05-08T11:49:36","date_gmt":"2024-05-08T14:49:36","guid":{"rendered":"https:\/\/sites.uel.br\/prograd\/?page_id=29438"},"modified":"2024-05-09T10:42:30","modified_gmt":"2024-05-09T13:42:30","slug":"calendario-2016","status":"publish","type":"page","link":"https:\/\/sites.uel.br\/prograd\/estudante\/calendario\/calendario-2016\/","title":{"rendered":"Calend\u00e1rio"},"content":{"rendered":"\n<hr class=\"wp-block-separator has-alpha-channel-opacity is-style-wide\"\/>\n\n\n\n<h2 class=\"wp-block-heading\"><strong><strong>Calend\u00e1rio das Atividades de Ensino dos Cursos de Gradua\u00e7\u00e3o para o Ano Letivo de 2016<\/strong><\/strong><\/h2>\n\n\n\n<p><a href=\"https:\/\/sites.uel.br\/prograd\/wp-content\/uploads\/documentos\/resolucoes\/2015\/resolucao_76_15.pdf\" target=\"_blank\" rel=\"noreferrer noopener\"><strong>Resolu\u00e7\u00e3o CEPE n\u00ba 76\/2015 <\/strong><\/a><br>Estabelece o Calend\u00e1rio das Atividades de Ensino dos Cursos de Gradua\u00e7\u00e3o para o ano letivo de 2016<\/p>\n\n\n\n<div style=\"height:20px\" aria-hidden=\"true\" class=\"wp-block-spacer\"><\/div>\n\n\n\n<p><strong>Ver tamb\u00e9m:<\/strong><\/p>\n\n\n\n<p><a href=\"https:\/\/sites.uel.br\/prograd\/wp-content\/uploads\/documentos\/resolucoes\/2017\/resolucao_01_17.pdf\" target=\"_blank\" rel=\"noreferrer noopener\"><strong>Resolu\u00e7\u00e3o CEPE n\u00ba 01\/2017 <\/strong><\/a><br>Complementa o Artigo 1\u00ba da Resolu\u00e7\u00e3o CEPE n\u00ba 105\/2016, que altera a Resolu\u00e7\u00e3o CEPE n\u00ba 076\/2015, que estabelece o Calend\u00e1rio das Atividades de Ensino dos Cursos de Gradua\u00e7\u00e3o, da Universidade Estadual de Londrina para o ano letivo de 2016<\/p>\n\n\n\n<p><a href=\"https:\/\/sites.uel.br\/prograd\/wp-content\/uploads\/documentos\/resolucoes\/2016\/resolucao_105_16.pdf\" target=\"_blank\" rel=\"noreferrer noopener\"><strong>Resolu\u00e7\u00e3o CEPE n\u00ba 105\/2016<\/strong><\/a><br>Estabelece readequa\u00e7\u00e3o \u00e0 Resolu\u00e7\u00e3o CEPE n\u00ba 076\/2015, que disp\u00f5e sobre o Calend\u00e1rio das Atividades de Ensino dos Cursos de Gradua\u00e7\u00e3o, da Universidade Estadual de Londrina<\/p>\n\n\n\n<p><a href=\"https:\/\/sites.uel.br\/prograd\/wp-content\/uploads\/documentos\/resolucoes\/2016\/resolucao_88_16.pdf\" target=\"_blank\" rel=\"noreferrer noopener\"><strong>Resolu\u00e7\u00e3o CEPE n\u00ba 88\/2016<\/strong><\/a><br>Restabelece o Calend\u00e1rio Acad\u00eamico de 2016 dos Cursos de Gradua\u00e7\u00e3o da Universidade Estadual de Londrina<\/p>\n\n\n\n<p><a href=\"https:\/\/sites.uel.br\/prograd\/wp-content\/uploads\/documentos\/resolucoes\/2015\/resolucao_90_15.pdf\" target=\"_blank\" rel=\"noreferrer noopener\"><strong>Resolu\u00e7\u00e3o CEPE n\u00ba 90\/2015<\/strong><\/a><br>Estabelece altera\u00e7\u00e3o e inclus\u00e3o \u00e0 Resolu\u00e7\u00e3o CEPE n\u00ba 076\/2015, que disp\u00f5e sobre o Calend\u00e1rio das Atividades de Ensino dos Cursos de Gradua\u00e7\u00e3o, da Universidade Estadual de Londrina para o ano letivo de 2016<\/p>\n\n\n\n<p><a href=\"https:\/\/sites.uel.br\/prograd\/wp-content\/uploads\/documentos\/resolucoes\/2016\/resolucao_67_16.pdf\" target=\"_blank\" rel=\"noreferrer noopener\"><strong>Resolu\u00e7\u00e3o CEPE n\u00ba 67\/2016<\/strong><\/a><br>Estabelece altera\u00e7\u00e3o da Resolu\u00e7\u00e3o CEPE n\u00ba 076\/2015, que disp\u00f5e sobre o Calend\u00e1rio das Atividades de Ensino dos Cursos de Gradua\u00e7\u00e3o, da Universidade Estadual de Londrina para o ano letivo de 2016<\/p>\n\n\n\n<p><\/p>\n","protected":false},"excerpt":{"rendered":"<p>Calend\u00e1rio das Atividades de Ensino dos Cursos de Gradua\u00e7\u00e3o para o Ano Letivo de 2016 Resolu\u00e7\u00e3o CEPE n\u00ba 76\/2015 Estabelece o Calend\u00e1rio das Atividades de Ensino dos Cursos de Gradua\u00e7\u00e3o para o ano letivo de 2016 Ver tamb\u00e9m: Resolu\u00e7\u00e3o CEPE n\u00ba 01\/2017 Complementa o Artigo 1\u00ba da Resolu\u00e7\u00e3o CEPE n\u00ba 105\/2016, que altera a Resolu\u00e7\u00e3o [&hellip;]<\/p>\n","protected":false},"author":8,"featured_media":0,"parent":112,"menu_order":0,"comment_status":"closed","ping_status":"closed","template":"","meta":{"_acf_changed":false,"_themeisle_gutenberg_block_has_review":false,"footnotes":""},"class_list":["post-29438","page","type-page","status-publish","hentry"],"acf":[],"_links":{"self":[{"href":"https:\/\/sites.uel.br\/prograd\/wp-json\/wp\/v2\/pages\/29438","targetHints":{"allow":["GET"]}}],"collection":[{"href":"https:\/\/sites.uel.br\/prograd\/wp-json\/wp\/v2\/pages"}],"about":[{"href":"https:\/\/sites.uel.br\/prograd\/wp-json\/wp\/v2\/types\/page"}],"author":[{"embeddable":true,"href":"https:\/\/sites.uel.br\/prograd\/wp-json\/wp\/v2\/users\/8"}],"replies":[{"embeddable":true,"href":"https:\/\/sites.uel.br\/prograd\/wp-json\/wp\/v2\/comments?post=29438"}],"version-history":[{"count":5,"href":"https:\/\/sites.uel.br\/prograd\/wp-json\/wp\/v2\/pages\/29438\/revisions"}],"predecessor-version":[{"id":29661,"href":"https:\/\/sites.uel.br\/prograd\/wp-json\/wp\/v2\/pages\/29438\/revisions\/29661"}],"up":[{"embeddable":true,"href":"https:\/\/sites.uel.br\/prograd\/wp-json\/wp\/v2\/pages\/112"}],"wp:attachment":[{"href":"https:\/\/sites.uel.br\/prograd\/wp-json\/wp\/v2\/media?parent=29438"}],"curies":[{"name":"wp","href":"https:\/\/api.w.org\/{rel}","templated":true}]}}

Calendário

<hr class="wp-block-separator has-alpha-channel-opacity is-style-wide"/>



<h2 class="wp-block-heading"><strong><strong>Calendário das Atividades de Ensino dos Cursos de Graduação para o Ano Letivo de 2016</strong></strong></h2>



<p><a href="https://sites.uel.br/prograd/wp-content/uploads/documentos/resolucoes/2015/resolucao_76_15.pdf" target="_blank" rel="noreferrer noopener"><strong>Resolução CEPE nº 76/2015 </strong></a><br>Estabelece o Calendário das Atividades de Ensino dos Cursos de Graduação para o ano letivo de 2016</p>



<div style="height:20px" aria-hidden="true" class="wp-block-spacer"></div>



<p><strong>Ver também:</strong></p>



<p><a href="https://sites.uel.br/prograd/wp-content/uploads/documentos/resolucoes/2017/resolucao_01_17.pdf" target="_blank" rel="noreferrer noopener"><strong>Resolução CEPE nº 01/2017 </strong></a><br>Complementa o Artigo 1º da Resolução CEPE nº 105/2016, que altera a Resolução CEPE nº 076/2015, que estabelece o Calendário das Atividades de Ensino dos Cursos de Graduação, da Universidade Estadual de Londrina para o ano letivo de 2016</p>



<p><a href="https://sites.uel.br/prograd/wp-content/uploads/documentos/resolucoes/2016/resolucao_105_16.pdf" target="_blank" rel="noreferrer noopener"><strong>Resolução CEPE nº 105/2016</strong></a><br>Estabelece readequação à Resolução CEPE nº 076/2015, que dispõe sobre o Calendário das Atividades de Ensino dos Cursos de Graduação, da Universidade Estadual de Londrina</p>



<p><a href="https://sites.uel.br/prograd/wp-content/uploads/documentos/resolucoes/2016/resolucao_88_16.pdf" target="_blank" rel="noreferrer noopener"><strong>Resolução CEPE nº 88/2016</strong></a><br>Restabelece o Calendário Acadêmico de 2016 dos Cursos de Graduação da Universidade Estadual de Londrina</p>



<p><a href="https://sites.uel.br/prograd/wp-content/uploads/documentos/resolucoes/2015/resolucao_90_15.pdf" target="_blank" rel="noreferrer noopener"><strong>Resolução CEPE nº 90/2015</strong></a><br>Estabelece alteração e inclusão à Resolução CEPE nº 076/2015, que dispõe sobre o Calendário das Atividades de Ensino dos Cursos de Graduação, da Universidade Estadual de Londrina para o ano letivo de 2016</p>



<p><a href="https://sites.uel.br/prograd/wp-content/uploads/documentos/resolucoes/2016/resolucao_67_16.pdf" target="_blank" rel="noreferrer noopener"><strong>Resolução CEPE nº 67/2016</strong></a><br>Estabelece alteração da Resolução CEPE nº 076/2015, que dispõe sobre o Calendário das Atividades de Ensino dos Cursos de Graduação, da Universidade Estadual de Londrina para o ano letivo de 2016</p>



<p></p>

<p>Calendário das Atividades de Ensino dos Cursos de Graduação para o Ano Letivo de 2016 Resolução CEPE nº 76/2015 Estabelece o Calendário das Atividades de Ensino dos Cursos de Graduação para o ano letivo de 2016 Ver também: Resolução CEPE nº 01/2017 Complementa o Artigo 1º da Resolução CEPE nº 105/2016, que altera a Resolução [&hellip;]</p>
