{"id":29437,"date":"2024-05-08T11:49:38","date_gmt":"2024-05-08T14:49:38","guid":{"rendered":"https:\/\/sites.uel.br\/prograd\/?page_id=29437"},"modified":"2024-05-09T10:42:25","modified_gmt":"2024-05-09T13:42:25","slug":"calendario-2017","status":"publish","type":"page","link":"https:\/\/sites.uel.br\/prograd\/estudante\/calendario\/calendario-2017\/","title":{"rendered":"Calend\u00e1rio"},"content":{"rendered":"\n<hr class=\"wp-block-separator has-alpha-channel-opacity is-style-wide\"\/>\n\n\n\n<h2 class=\"wp-block-heading\"><strong><strong>Calend\u00e1rio das Atividades de Ensino dos Cursos de Gradua\u00e7\u00e3o para o Ano Letivo de 2017<\/strong><\/strong><\/h2>\n\n\n\n<p class=\"has-text-align-center\"><\/p>\n\n\n\n<p><a href=\"https:\/\/sites.uel.br\/prograd\/wp-content\/uploads\/documentos\/resolucoes\/2017\/resolucao_02_17.pdf\" target=\"_blank\" rel=\"noreferrer noopener\"><strong>Resolu\u00e7\u00e3o CEPE n\u00ba 02\/2017 <\/strong><\/a><br>Estabelece o Calend\u00e1rio das Atividades de Ensino dos Cursos de Gradua\u00e7\u00e3o, da Universidade Estadual de Londrina para o ano letivo de 2017<\/p>\n\n\n\n<div style=\"height:20px\" aria-hidden=\"true\" class=\"wp-block-spacer\"><\/div>\n\n\n\n<p><strong>Ver tamb\u00e9m:<\/strong><\/p>\n\n\n\n<p><a href=\"https:\/\/sites.uel.br\/prograd\/wp-content\/uploads\/documentos\/resolucoes\/2018\/resolucao_02_18.pdf\" target=\"_blank\" rel=\"noreferrer noopener\"><strong>Resolu\u00e7\u00e3o CEPE n\u00ba 02\/2018<\/strong><\/a><br>Altera a Resolu\u00e7\u00e3o CEPE n\u00ba 002\/2017, que disp\u00f5e sobre o Calend\u00e1rio das Atividades de Ensino dos Cursos de Gradua\u00e7\u00e3o, da Universidade Estadual de Londrina, para o ano letivo de 2017<\/p>\n\n\n\n<p><a href=\"https:\/\/sites.uel.br\/prograd\/wp-content\/uploads\/documentos\/resolucoes\/2017\/resolucao_109_17.pdf\" target=\"_blank\" rel=\"noreferrer noopener\"><strong>Resolu\u00e7\u00e3o CEPE n\u00ba 109\/2017<\/strong><\/a><br>Estabelece altera\u00e7\u00e3o da Resolu\u00e7\u00e3o CEPE n\u00ba 002\/2017, que disp\u00f5e sobre o Calend\u00e1rio das Atividades de Ensino dos Cursos de Gradua\u00e7\u00e3o, da Universidade Estadual de Londrina para o ano letivo de 2017<\/p>\n\n\n\n<p><a href=\"https:\/\/sites.uel.br\/prograd\/wp-content\/uploads\/documentos\/resolucoes\/2017\/resolucao_137_17.pdf\" target=\"_blank\" rel=\"noreferrer noopener\"><strong>Resolu\u00e7\u00e3o CEPE n\u00ba 137\/2017<\/strong><\/a><br>Estabelece altera\u00e7\u00e3o da Resolu\u00e7\u00e3o CEPE n\u00ba 002\/2017, que disp\u00f5e sobre o Calend\u00e1rio das Atividades de Ensino dos Cursos de Gradua\u00e7\u00e3o, da Universidade Estadual de Londrina para o ano letivo de 2017<\/p>\n","protected":false},"excerpt":{"rendered":"<p>Calend\u00e1rio das Atividades de Ensino dos Cursos de Gradua\u00e7\u00e3o para o Ano Letivo de 2017 Resolu\u00e7\u00e3o CEPE n\u00ba 02\/2017 Estabelece o Calend\u00e1rio das Atividades de Ensino dos Cursos de Gradua\u00e7\u00e3o, da Universidade Estadual de Londrina para o ano letivo de 2017 Ver tamb\u00e9m: Resolu\u00e7\u00e3o CEPE n\u00ba 02\/2018Altera a Resolu\u00e7\u00e3o CEPE n\u00ba 002\/2017, que disp\u00f5e sobre [&hellip;]<\/p>\n","protected":false},"author":8,"featured_media":0,"parent":112,"menu_order":0,"comment_status":"closed","ping_status":"closed","template":"","meta":{"_acf_changed":false,"_themeisle_gutenberg_block_has_review":false,"footnotes":""},"class_list":["post-29437","page","type-page","status-publish","hentry"],"acf":[],"_links":{"self":[{"href":"https:\/\/sites.uel.br\/prograd\/wp-json\/wp\/v2\/pages\/29437","targetHints":{"allow":["GET"]}}],"collection":[{"href":"https:\/\/sites.uel.br\/prograd\/wp-json\/wp\/v2\/pages"}],"about":[{"href":"https:\/\/sites.uel.br\/prograd\/wp-json\/wp\/v2\/types\/page"}],"author":[{"embeddable":true,"href":"https:\/\/sites.uel.br\/prograd\/wp-json\/wp\/v2\/users\/8"}],"replies":[{"embeddable":true,"href":"https:\/\/sites.uel.br\/prograd\/wp-json\/wp\/v2\/comments?post=29437"}],"version-history":[{"count":5,"href":"https:\/\/sites.uel.br\/prograd\/wp-json\/wp\/v2\/pages\/29437\/revisions"}],"predecessor-version":[{"id":29660,"href":"https:\/\/sites.uel.br\/prograd\/wp-json\/wp\/v2\/pages\/29437\/revisions\/29660"}],"up":[{"embeddable":true,"href":"https:\/\/sites.uel.br\/prograd\/wp-json\/wp\/v2\/pages\/112"}],"wp:attachment":[{"href":"https:\/\/sites.uel.br\/prograd\/wp-json\/wp\/v2\/media?parent=29437"}],"curies":[{"name":"wp","href":"https:\/\/api.w.org\/{rel}","templated":true}]}}

Calendário

<hr class="wp-block-separator has-alpha-channel-opacity is-style-wide"/>



<h2 class="wp-block-heading"><strong><strong>Calendário das Atividades de Ensino dos Cursos de Graduação para o Ano Letivo de 2017</strong></strong></h2>



<p class="has-text-align-center"></p>



<p><a href="https://sites.uel.br/prograd/wp-content/uploads/documentos/resolucoes/2017/resolucao_02_17.pdf" target="_blank" rel="noreferrer noopener"><strong>Resolução CEPE nº 02/2017 </strong></a><br>Estabelece o Calendário das Atividades de Ensino dos Cursos de Graduação, da Universidade Estadual de Londrina para o ano letivo de 2017</p>



<div style="height:20px" aria-hidden="true" class="wp-block-spacer"></div>



<p><strong>Ver também:</strong></p>



<p><a href="https://sites.uel.br/prograd/wp-content/uploads/documentos/resolucoes/2018/resolucao_02_18.pdf" target="_blank" rel="noreferrer noopener"><strong>Resolução CEPE nº 02/2018</strong></a><br>Altera a Resolução CEPE nº 002/2017, que dispõe sobre o Calendário das Atividades de Ensino dos Cursos de Graduação, da Universidade Estadual de Londrina, para o ano letivo de 2017</p>



<p><a href="https://sites.uel.br/prograd/wp-content/uploads/documentos/resolucoes/2017/resolucao_109_17.pdf" target="_blank" rel="noreferrer noopener"><strong>Resolução CEPE nº 109/2017</strong></a><br>Estabelece alteração da Resolução CEPE nº 002/2017, que dispõe sobre o Calendário das Atividades de Ensino dos Cursos de Graduação, da Universidade Estadual de Londrina para o ano letivo de 2017</p>



<p><a href="https://sites.uel.br/prograd/wp-content/uploads/documentos/resolucoes/2017/resolucao_137_17.pdf" target="_blank" rel="noreferrer noopener"><strong>Resolução CEPE nº 137/2017</strong></a><br>Estabelece alteração da Resolução CEPE nº 002/2017, que dispõe sobre o Calendário das Atividades de Ensino dos Cursos de Graduação, da Universidade Estadual de Londrina para o ano letivo de 2017</p>

<p>Calendário das Atividades de Ensino dos Cursos de Graduação para o Ano Letivo de 2017 Resolução CEPE nº 02/2017 Estabelece o Calendário das Atividades de Ensino dos Cursos de Graduação, da Universidade Estadual de Londrina para o ano letivo de 2017 Ver também: Resolução CEPE nº 02/2018Altera a Resolução CEPE nº 002/2017, que dispõe sobre [&hellip;]</p>
