{"id":29429,"date":"2024-05-08T11:46:44","date_gmt":"2024-05-08T14:46:44","guid":{"rendered":"https:\/\/sites.uel.br\/prograd\/?page_id=29429"},"modified":"2024-05-09T10:42:14","modified_gmt":"2024-05-09T13:42:14","slug":"calendario-2019","status":"publish","type":"page","link":"https:\/\/sites.uel.br\/prograd\/estudante\/calendario\/calendario-2019\/","title":{"rendered":"Calend\u00e1rio"},"content":{"rendered":"\n<hr class=\"wp-block-separator has-alpha-channel-opacity is-style-wide\"\/>\n\n\n\n<h2 class=\"wp-block-heading\"><strong><strong>Calend\u00e1rio das Atividades de Ensino dos Cursos de Gradua\u00e7\u00e3o para o Ano Letivo de 2019 <\/strong><\/strong><\/h2>\n\n\n<div class=\"wp-block-image\">\n<figure class=\"aligncenter size-full\"><a href=\"https:\/\/sites.uel.br\/prograd\/wp-content\/uploads\/calendario\/2019\/calendario_2019.pdf\" target=\"_blank\" rel=\"noreferrer noopener\"><img loading=\"lazy\" decoding=\"async\" width=\"569\" height=\"569\" src=\"https:\/\/sites.uel.br\/prograd\/wp-content\/uploads\/2024\/05\/icone_calendario_graduacao_site_2019.jpg\" alt=\"\" class=\"wp-image-29466\" srcset=\"https:\/\/sites.uel.br\/prograd\/wp-content\/uploads\/2024\/05\/icone_calendario_graduacao_site_2019.jpg 569w, https:\/\/sites.uel.br\/prograd\/wp-content\/uploads\/2024\/05\/icone_calendario_graduacao_site_2019-300x300.jpg 300w, https:\/\/sites.uel.br\/prograd\/wp-content\/uploads\/2024\/05\/icone_calendario_graduacao_site_2019-150x150.jpg 150w\" sizes=\"auto, (max-width: 569px) 100vw, 569px\" \/><\/a><\/figure>\n<\/div>\n\n\n<p class=\"has-text-align-center\">De acordo com a <a href=\"https:\/\/sites.uel.br\/prograd\/wp-content\/uploads\/documentos\/resolucoes\/2019\/resolucao_47_19.pdf\" target=\"_blank\" rel=\"noreferrer noopener\"><strong>Resolu\u00e7\u00e3o CEPE n\u00ba 47\/2019<\/strong><\/a><\/p>\n\n\n\n<div style=\"height:20px\" aria-hidden=\"true\" class=\"wp-block-spacer\"><\/div>\n\n\n\n<p><strong>Ver tamb\u00e9m:<\/strong><\/p>\n\n\n\n<p><a href=\"https:\/\/sites.uel.br\/prograd\/wp-content\/uploads\/documentos\/resolucoes\/2019\/resolucao_70_19.pdf\" target=\"_blank\" rel=\"noreferrer noopener\"><strong>Resolu\u00e7\u00e3o CEPE n\u00ba 70\/2019<\/strong><\/a><br>Estabelece altera\u00e7\u00e3o da Resolu\u00e7\u00e3o CEPE n\u00ba 047\/2019, que disp\u00f5e sobre o Calend\u00e1rio das Atividades de Ensino dos Cursos de Gradua\u00e7\u00e3o para o ano letivo de 2019<\/p>\n\n\n\n<p><\/p>\n","protected":false},"excerpt":{"rendered":"<p>Calend\u00e1rio das Atividades de Ensino dos Cursos de Gradua\u00e7\u00e3o para o Ano Letivo de 2019 De acordo com a Resolu\u00e7\u00e3o CEPE n\u00ba 47\/2019 Ver tamb\u00e9m: Resolu\u00e7\u00e3o CEPE n\u00ba 70\/2019Estabelece altera\u00e7\u00e3o da Resolu\u00e7\u00e3o CEPE n\u00ba 047\/2019, que disp\u00f5e sobre o Calend\u00e1rio das Atividades de Ensino dos Cursos de Gradua\u00e7\u00e3o para o ano letivo de 2019<\/p>\n","protected":false},"author":8,"featured_media":0,"parent":112,"menu_order":0,"comment_status":"closed","ping_status":"closed","template":"","meta":{"_acf_changed":false,"_themeisle_gutenberg_block_has_review":false,"footnotes":""},"class_list":["post-29429","page","type-page","status-publish","hentry"],"acf":[],"_links":{"self":[{"href":"https:\/\/sites.uel.br\/prograd\/wp-json\/wp\/v2\/pages\/29429","targetHints":{"allow":["GET"]}}],"collection":[{"href":"https:\/\/sites.uel.br\/prograd\/wp-json\/wp\/v2\/pages"}],"about":[{"href":"https:\/\/sites.uel.br\/prograd\/wp-json\/wp\/v2\/types\/page"}],"author":[{"embeddable":true,"href":"https:\/\/sites.uel.br\/prograd\/wp-json\/wp\/v2\/users\/8"}],"replies":[{"embeddable":true,"href":"https:\/\/sites.uel.br\/prograd\/wp-json\/wp\/v2\/comments?post=29429"}],"version-history":[{"count":6,"href":"https:\/\/sites.uel.br\/prograd\/wp-json\/wp\/v2\/pages\/29429\/revisions"}],"predecessor-version":[{"id":29658,"href":"https:\/\/sites.uel.br\/prograd\/wp-json\/wp\/v2\/pages\/29429\/revisions\/29658"}],"up":[{"embeddable":true,"href":"https:\/\/sites.uel.br\/prograd\/wp-json\/wp\/v2\/pages\/112"}],"wp:attachment":[{"href":"https:\/\/sites.uel.br\/prograd\/wp-json\/wp\/v2\/media?parent=29429"}],"curies":[{"name":"wp","href":"https:\/\/api.w.org\/{rel}","templated":true}]}}

Calendário

<hr class="wp-block-separator has-alpha-channel-opacity is-style-wide"/>



<h2 class="wp-block-heading"><strong><strong>Calendário das Atividades de Ensino dos Cursos de Graduação para o Ano Letivo de 2019 </strong></strong></h2>


<div class="wp-block-image">
<figure class="aligncenter size-full"><a href="https://sites.uel.br/prograd/wp-content/uploads/calendario/2019/calendario_2019.pdf" target="_blank" rel="noreferrer noopener"><img loading="lazy" decoding="async" width="569" height="569" src="https://sites.uel.br/prograd/wp-content/uploads/2024/05/icone_calendario_graduacao_site_2019.jpg" alt="" class="wp-image-29466" srcset="https://sites.uel.br/prograd/wp-content/uploads/2024/05/icone_calendario_graduacao_site_2019.jpg 569w, https://sites.uel.br/prograd/wp-content/uploads/2024/05/icone_calendario_graduacao_site_2019-300x300.jpg 300w, https://sites.uel.br/prograd/wp-content/uploads/2024/05/icone_calendario_graduacao_site_2019-150x150.jpg 150w" sizes="auto, (max-width: 569px) 100vw, 569px" /></a></figure>
</div>


<p class="has-text-align-center">De acordo com a <a href="https://sites.uel.br/prograd/wp-content/uploads/documentos/resolucoes/2019/resolucao_47_19.pdf" target="_blank" rel="noreferrer noopener"><strong>Resolução CEPE nº 47/2019</strong></a></p>



<div style="height:20px" aria-hidden="true" class="wp-block-spacer"></div>



<p><strong>Ver também:</strong></p>



<p><a href="https://sites.uel.br/prograd/wp-content/uploads/documentos/resolucoes/2019/resolucao_70_19.pdf" target="_blank" rel="noreferrer noopener"><strong>Resolução CEPE nº 70/2019</strong></a><br>Estabelece alteração da Resolução CEPE nº 047/2019, que dispõe sobre o Calendário das Atividades de Ensino dos Cursos de Graduação para o ano letivo de 2019</p>



<p></p>

<p>Calendário das Atividades de Ensino dos Cursos de Graduação para o Ano Letivo de 2019 De acordo com a Resolução CEPE nº 47/2019 Ver também: Resolução CEPE nº 70/2019Estabelece alteração da Resolução CEPE nº 047/2019, que dispõe sobre o Calendário das Atividades de Ensino dos Cursos de Graduação para o ano letivo de 2019</p>
