{"id":29428,"date":"2024-05-08T11:46:42","date_gmt":"2024-05-08T14:46:42","guid":{"rendered":"https:\/\/sites.uel.br\/prograd\/?page_id=29428"},"modified":"2024-05-09T10:42:10","modified_gmt":"2024-05-09T13:42:10","slug":"calendario-2020","status":"publish","type":"page","link":"https:\/\/sites.uel.br\/prograd\/estudante\/calendario\/calendario-2020\/","title":{"rendered":"Calend\u00e1rio"},"content":{"rendered":"\n<hr class=\"wp-block-separator has-alpha-channel-opacity is-style-wide\"\/>\n\n\n\n<h2 class=\"wp-block-heading\"><strong><strong>Calend\u00e1rio das Atividades de Ensino dos Cursos de Gradua\u00e7\u00e3o para o Ano Letivo de 2020 <\/strong><\/strong><\/h2>\n\n\n<div class=\"wp-block-image\">\n<figure class=\"aligncenter size-full\"><a href=\"https:\/\/sites.uel.br\/prograd\/wp-content\/uploads\/calendario\/2020\/calendario_2020.pdf\" target=\"_blank\" rel=\"noreferrer noopener\"><img loading=\"lazy\" decoding=\"async\" width=\"569\" height=\"569\" src=\"https:\/\/sites.uel.br\/prograd\/wp-content\/uploads\/2024\/05\/icone_calendario_graduacao_2020_site.jpg\" alt=\"\" class=\"wp-image-29465\" srcset=\"https:\/\/sites.uel.br\/prograd\/wp-content\/uploads\/2024\/05\/icone_calendario_graduacao_2020_site.jpg 569w, https:\/\/sites.uel.br\/prograd\/wp-content\/uploads\/2024\/05\/icone_calendario_graduacao_2020_site-300x300.jpg 300w, https:\/\/sites.uel.br\/prograd\/wp-content\/uploads\/2024\/05\/icone_calendario_graduacao_2020_site-150x150.jpg 150w\" sizes=\"auto, (max-width: 569px) 100vw, 569px\" \/><\/a><\/figure>\n<\/div>\n\n\n<div style=\"height:20px\" aria-hidden=\"true\" class=\"wp-block-spacer\"><\/div>\n\n\n\n<p><strong>Ver tamb\u00e9m:<\/strong><\/p>\n\n\n\n<p><a href=\"https:\/\/sites.uel.br\/prograd\/wp-content\/uploads\/documentos\/resolucoes\/2021\/resolucao_22_21.pdf\" target=\"_blank\" rel=\"noreferrer noopener\"><strong>Resolu\u00e7\u00e3o CEPE n\u00ba 22\/2021<\/strong><\/a><br>Estabelece adequa\u00e7\u00e3o da Resolu\u00e7\u00e3o CEPE n\u00b0 023\/2020, que disp\u00f5e sobre o Calend\u00e1rio das Atividades de Ensino dos Cursos de Gradua\u00e7\u00e3o para o ano letivo de 2020<\/p>\n\n\n\n<p><a href=\"https:\/\/sites.uel.br\/prograd\/wp-content\/uploads\/documentos\/resolucoes\/2020\/resolucao_64_20.pdf\" target=\"_blank\" rel=\"noreferrer noopener\"><strong>Resolu\u00e7\u00e3o CEPE n\u00ba 64\/2020<\/strong><\/a><br>Estabelece adequa\u00e7\u00e3o da Resolu\u00e7\u00e3o CEPE n\u00b0 023\/2020, que disp\u00f5e sobre o Calend\u00e1rio das Atividades de Ensino dos Cursos de Gradua\u00e7\u00e3o para o ano letivo de 2020<\/p>\n\n\n\n<p><a href=\"https:\/\/sites.uel.br\/prograd\/wp-content\/uploads\/documentos\/resolucoes\/2020\/resolucao_23_20.pdf\" target=\"_blank\" rel=\"noreferrer noopener\"><strong>Resolu\u00e7\u00e3o CEPE n\u00ba 23\/2020<\/strong><\/a><br>Reformula a Resolu\u00e7\u00e3o CEPE n\u00b0 71\/2019, que disp\u00f5e sobre o Calend\u00e1rio das Atividades de Ensino dos Cursos de Gradua\u00e7\u00e3o, da Universidade Estadual de Londrina referente ao ano letivo de 2020, vigente para o momento da pandemia de COVID-19<\/p>\n\n\n\n<p><a href=\"https:\/\/sites.uel.br\/prograd\/wp-content\/uploads\/documentos\/resolucoes\/2019\/resolucao_71_19.pdf\" target=\"_blank\" rel=\"noreferrer noopener\"><strong>Resolu\u00e7\u00e3o CEPE n\u00ba 71\/2019<\/strong><\/a><br>Reformula a Resolu\u00e7\u00e3o CEPE n\u00b0 71\/2019, que disp\u00f5e sobre o Calend\u00e1rio das Atividades de Ensino dos Cursos de Gradua\u00e7\u00e3o, da Universidade Estadual de Londrina referente ao ano letivo de 2020, vigente para o momento da pandemia de COVID-19<\/p>\n","protected":false},"excerpt":{"rendered":"<p>Calend\u00e1rio das Atividades de Ensino dos Cursos de Gradua\u00e7\u00e3o para o Ano Letivo de 2020 Ver tamb\u00e9m: Resolu\u00e7\u00e3o CEPE n\u00ba 22\/2021Estabelece adequa\u00e7\u00e3o da Resolu\u00e7\u00e3o CEPE n\u00b0 023\/2020, que disp\u00f5e sobre o Calend\u00e1rio das Atividades de Ensino dos Cursos de Gradua\u00e7\u00e3o para o ano letivo de 2020 Resolu\u00e7\u00e3o CEPE n\u00ba 64\/2020Estabelece adequa\u00e7\u00e3o da Resolu\u00e7\u00e3o CEPE n\u00b0 [&hellip;]<\/p>\n","protected":false},"author":8,"featured_media":0,"parent":112,"menu_order":0,"comment_status":"closed","ping_status":"closed","template":"","meta":{"_acf_changed":false,"_themeisle_gutenberg_block_has_review":false,"footnotes":""},"class_list":["post-29428","page","type-page","status-publish","hentry"],"acf":[],"_links":{"self":[{"href":"https:\/\/sites.uel.br\/prograd\/wp-json\/wp\/v2\/pages\/29428","targetHints":{"allow":["GET"]}}],"collection":[{"href":"https:\/\/sites.uel.br\/prograd\/wp-json\/wp\/v2\/pages"}],"about":[{"href":"https:\/\/sites.uel.br\/prograd\/wp-json\/wp\/v2\/types\/page"}],"author":[{"embeddable":true,"href":"https:\/\/sites.uel.br\/prograd\/wp-json\/wp\/v2\/users\/8"}],"replies":[{"embeddable":true,"href":"https:\/\/sites.uel.br\/prograd\/wp-json\/wp\/v2\/comments?post=29428"}],"version-history":[{"count":6,"href":"https:\/\/sites.uel.br\/prograd\/wp-json\/wp\/v2\/pages\/29428\/revisions"}],"predecessor-version":[{"id":29657,"href":"https:\/\/sites.uel.br\/prograd\/wp-json\/wp\/v2\/pages\/29428\/revisions\/29657"}],"up":[{"embeddable":true,"href":"https:\/\/sites.uel.br\/prograd\/wp-json\/wp\/v2\/pages\/112"}],"wp:attachment":[{"href":"https:\/\/sites.uel.br\/prograd\/wp-json\/wp\/v2\/media?parent=29428"}],"curies":[{"name":"wp","href":"https:\/\/api.w.org\/{rel}","templated":true}]}}

Calendário

<hr class="wp-block-separator has-alpha-channel-opacity is-style-wide"/>



<h2 class="wp-block-heading"><strong><strong>Calendário das Atividades de Ensino dos Cursos de Graduação para o Ano Letivo de 2020 </strong></strong></h2>


<div class="wp-block-image">
<figure class="aligncenter size-full"><a href="https://sites.uel.br/prograd/wp-content/uploads/calendario/2020/calendario_2020.pdf" target="_blank" rel="noreferrer noopener"><img loading="lazy" decoding="async" width="569" height="569" src="https://sites.uel.br/prograd/wp-content/uploads/2024/05/icone_calendario_graduacao_2020_site.jpg" alt="" class="wp-image-29465" srcset="https://sites.uel.br/prograd/wp-content/uploads/2024/05/icone_calendario_graduacao_2020_site.jpg 569w, https://sites.uel.br/prograd/wp-content/uploads/2024/05/icone_calendario_graduacao_2020_site-300x300.jpg 300w, https://sites.uel.br/prograd/wp-content/uploads/2024/05/icone_calendario_graduacao_2020_site-150x150.jpg 150w" sizes="auto, (max-width: 569px) 100vw, 569px" /></a></figure>
</div>


<div style="height:20px" aria-hidden="true" class="wp-block-spacer"></div>



<p><strong>Ver também:</strong></p>



<p><a href="https://sites.uel.br/prograd/wp-content/uploads/documentos/resolucoes/2021/resolucao_22_21.pdf" target="_blank" rel="noreferrer noopener"><strong>Resolução CEPE nº 22/2021</strong></a><br>Estabelece adequação da Resolução CEPE n° 023/2020, que dispõe sobre o Calendário das Atividades de Ensino dos Cursos de Graduação para o ano letivo de 2020</p>



<p><a href="https://sites.uel.br/prograd/wp-content/uploads/documentos/resolucoes/2020/resolucao_64_20.pdf" target="_blank" rel="noreferrer noopener"><strong>Resolução CEPE nº 64/2020</strong></a><br>Estabelece adequação da Resolução CEPE n° 023/2020, que dispõe sobre o Calendário das Atividades de Ensino dos Cursos de Graduação para o ano letivo de 2020</p>



<p><a href="https://sites.uel.br/prograd/wp-content/uploads/documentos/resolucoes/2020/resolucao_23_20.pdf" target="_blank" rel="noreferrer noopener"><strong>Resolução CEPE nº 23/2020</strong></a><br>Reformula a Resolução CEPE n° 71/2019, que dispõe sobre o Calendário das Atividades de Ensino dos Cursos de Graduação, da Universidade Estadual de Londrina referente ao ano letivo de 2020, vigente para o momento da pandemia de COVID-19</p>



<p><a href="https://sites.uel.br/prograd/wp-content/uploads/documentos/resolucoes/2019/resolucao_71_19.pdf" target="_blank" rel="noreferrer noopener"><strong>Resolução CEPE nº 71/2019</strong></a><br>Reformula a Resolução CEPE n° 71/2019, que dispõe sobre o Calendário das Atividades de Ensino dos Cursos de Graduação, da Universidade Estadual de Londrina referente ao ano letivo de 2020, vigente para o momento da pandemia de COVID-19</p>

<p>Calendário das Atividades de Ensino dos Cursos de Graduação para o Ano Letivo de 2020 Ver também: Resolução CEPE nº 22/2021Estabelece adequação da Resolução CEPE n° 023/2020, que dispõe sobre o Calendário das Atividades de Ensino dos Cursos de Graduação para o ano letivo de 2020 Resolução CEPE nº 64/2020Estabelece adequação da Resolução CEPE n° [&hellip;]</p>
