{"id":29411,"date":"2024-05-08T11:04:53","date_gmt":"2024-05-08T14:04:53","guid":{"rendered":"https:\/\/sites.uel.br\/prograd\/?page_id=29411"},"modified":"2024-05-09T10:41:50","modified_gmt":"2024-05-09T13:41:50","slug":"calendario-2022","status":"publish","type":"page","link":"https:\/\/sites.uel.br\/prograd\/estudante\/calendario\/calendario-2022\/","title":{"rendered":"Calend\u00e1rio"},"content":{"rendered":"\n<hr class=\"wp-block-separator has-alpha-channel-opacity is-style-wide\"\/>\n\n\n\n<h2 class=\"wp-block-heading\"><strong><strong>Calend\u00e1rio das Atividades de Ensino dos Cursos de Gradua\u00e7\u00e3o para o Ano Letivo de 2022<\/strong><\/strong><\/h2>\n\n\n<div class=\"wp-block-image\">\n<figure class=\"aligncenter size-full\"><a href=\"https:\/\/sites.uel.br\/prograd\/wp-content\/uploads\/calendario\/2022_2023\/calendario_2022_2023.pdf\" target=\"_blank\" rel=\"noreferrer noopener\"><img loading=\"lazy\" decoding=\"async\" width=\"569\" height=\"569\" src=\"https:\/\/sites.uel.br\/prograd\/wp-content\/uploads\/2023\/02\/icone_calendario_graduacao_2022_site.jpg\" alt=\"\" class=\"wp-image-1012\" srcset=\"https:\/\/sites.uel.br\/prograd\/wp-content\/uploads\/2023\/02\/icone_calendario_graduacao_2022_site.jpg 569w, https:\/\/sites.uel.br\/prograd\/wp-content\/uploads\/2023\/02\/icone_calendario_graduacao_2022_site-300x300.jpg 300w, https:\/\/sites.uel.br\/prograd\/wp-content\/uploads\/2023\/02\/icone_calendario_graduacao_2022_site-150x150.jpg 150w\" sizes=\"auto, (max-width: 569px) 100vw, 569px\" \/><\/a><\/figure>\n<\/div>\n\n\n<p class=\"has-text-align-center\">De acordo com a\u00a0<a href=\"https:\/\/sites.uel.br\/prograd\/wp-content\/uploads\/documentos\/resolucoes\/2023\/resolucao_38_23.pdf\" target=\"_blank\" rel=\"noreferrer noopener\"><strong>Resolu\u00e7\u00e3o CEPE n\u00ba 38\/2023<\/strong><\/a><\/p>\n\n\n\n<p><\/p>\n","protected":false},"excerpt":{"rendered":"<p>Calend\u00e1rio das Atividades de Ensino dos Cursos de Gradua\u00e7\u00e3o para o Ano Letivo de 2022 De acordo com a\u00a0Resolu\u00e7\u00e3o CEPE n\u00ba 38\/2023<\/p>\n","protected":false},"author":8,"featured_media":0,"parent":112,"menu_order":0,"comment_status":"closed","ping_status":"closed","template":"","meta":{"_acf_changed":false,"_themeisle_gutenberg_block_has_review":false,"footnotes":""},"class_list":["post-29411","page","type-page","status-publish","hentry"],"acf":[],"_links":{"self":[{"href":"https:\/\/sites.uel.br\/prograd\/wp-json\/wp\/v2\/pages\/29411","targetHints":{"allow":["GET"]}}],"collection":[{"href":"https:\/\/sites.uel.br\/prograd\/wp-json\/wp\/v2\/pages"}],"about":[{"href":"https:\/\/sites.uel.br\/prograd\/wp-json\/wp\/v2\/types\/page"}],"author":[{"embeddable":true,"href":"https:\/\/sites.uel.br\/prograd\/wp-json\/wp\/v2\/users\/8"}],"replies":[{"embeddable":true,"href":"https:\/\/sites.uel.br\/prograd\/wp-json\/wp\/v2\/comments?post=29411"}],"version-history":[{"count":7,"href":"https:\/\/sites.uel.br\/prograd\/wp-json\/wp\/v2\/pages\/29411\/revisions"}],"predecessor-version":[{"id":29655,"href":"https:\/\/sites.uel.br\/prograd\/wp-json\/wp\/v2\/pages\/29411\/revisions\/29655"}],"up":[{"embeddable":true,"href":"https:\/\/sites.uel.br\/prograd\/wp-json\/wp\/v2\/pages\/112"}],"wp:attachment":[{"href":"https:\/\/sites.uel.br\/prograd\/wp-json\/wp\/v2\/media?parent=29411"}],"curies":[{"name":"wp","href":"https:\/\/api.w.org\/{rel}","templated":true}]}}

Calendário

<hr class="wp-block-separator has-alpha-channel-opacity is-style-wide"/>



<h2 class="wp-block-heading"><strong><strong>Calendário das Atividades de Ensino dos Cursos de Graduação para o Ano Letivo de 2022</strong></strong></h2>


<div class="wp-block-image">
<figure class="aligncenter size-full"><a href="https://sites.uel.br/prograd/wp-content/uploads/calendario/2022_2023/calendario_2022_2023.pdf" target="_blank" rel="noreferrer noopener"><img loading="lazy" decoding="async" width="569" height="569" src="https://sites.uel.br/prograd/wp-content/uploads/2023/02/icone_calendario_graduacao_2022_site.jpg" alt="" class="wp-image-1012" srcset="https://sites.uel.br/prograd/wp-content/uploads/2023/02/icone_calendario_graduacao_2022_site.jpg 569w, https://sites.uel.br/prograd/wp-content/uploads/2023/02/icone_calendario_graduacao_2022_site-300x300.jpg 300w, https://sites.uel.br/prograd/wp-content/uploads/2023/02/icone_calendario_graduacao_2022_site-150x150.jpg 150w" sizes="auto, (max-width: 569px) 100vw, 569px" /></a></figure>
</div>


<p class="has-text-align-center">De acordo com a <a href="https://sites.uel.br/prograd/wp-content/uploads/documentos/resolucoes/2023/resolucao_38_23.pdf" target="_blank" rel="noreferrer noopener"><strong>Resolução CEPE nº 38/2023</strong></a></p>



<p></p>

<p>Calendário das Atividades de Ensino dos Cursos de Graduação para o Ano Letivo de 2022 De acordo com a Resolução CEPE nº 38/2023</p>
