{"id":2929,"date":"2023-04-11T14:46:50","date_gmt":"2023-04-11T17:46:50","guid":{"rendered":"https:\/\/sites.uel.br\/prograd\/?page_id=2929"},"modified":"2026-04-17T15:42:24","modified_gmt":"2026-04-17T18:42:24","slug":"residencia-pedagogica-caracteristicas","status":"publish","type":"page","link":"https:\/\/sites.uel.br\/prograd\/residencia-pedagogica-caracteristicas\/","title":{"rendered":"Resid\u00eancia Pedag\u00f3gica"},"content":{"rendered":"\n<hr class=\"wp-block-separator has-alpha-channel-opacity is-style-wide\"\/>\n\n\n\n<div class=\"wp-block-columns is-layout-flex wp-container-core-columns-is-layout-9d6595d7 wp-block-columns-is-layout-flex\">\n<div class=\"wp-block-column is-layout-flow wp-block-column-is-layout-flow\">\n<div class=\"wp-block-buttons is-layout-flex wp-block-buttons-is-layout-flex\">\n<div class=\"wp-block-button has-custom-width wp-block-button__width-100 is-style-outline is-style-outline--1\"><a class=\"wp-block-button__link has-white-color has-verde-background-color has-text-color has-background has-medium-font-size has-custom-font-size wp-element-button\" href=\"https:\/\/sites.uel.br\/prograd\/residencia-pedagogica-apresentacao\/\" style=\"border-radius:0px\">APRESENTA\u00c7\u00c3O<\/a><\/div>\n<\/div>\n<\/div>\n\n\n\n<div class=\"wp-block-column is-layout-flow wp-block-column-is-layout-flow\">\n<div class=\"wp-block-buttons is-layout-flex wp-block-buttons-is-layout-flex\">\n<div class=\"wp-block-button has-custom-width wp-block-button__width-100 is-style-outline is-style-outline--2\"><a class=\"wp-block-button__link has-white-color has-verde-background-color has-text-color has-background has-medium-font-size has-custom-font-size wp-element-button\" href=\"https:\/\/sites.uel.br\/prograd\/residencia-pedagogica-objetivos\/\" style=\"border-radius:0px\">OBJETIVOS<\/a><\/div>\n<\/div>\n<\/div>\n\n\n\n<div class=\"wp-block-column is-layout-flow wp-block-column-is-layout-flow\">\n<div class=\"wp-block-buttons is-layout-flex wp-block-buttons-is-layout-flex\">\n<div class=\"wp-block-button has-custom-width wp-block-button__width-100 is-style-outline is-style-outline--3\"><a class=\"wp-block-button__link has-white-color has-verde-background-color has-text-color has-background has-medium-font-size has-custom-font-size wp-element-button\" href=\"https:\/\/sites.uel.br\/prograd\/residencia-pedagogica-caracteristicas\/\" style=\"border-radius:0px\">CARACTER\u00cdSTICAS<\/a><\/div>\n<\/div>\n<\/div>\n\n\n\n<div class=\"wp-block-column is-layout-flow wp-block-column-is-layout-flow\">\n<div class=\"wp-block-buttons is-layout-flex wp-block-buttons-is-layout-flex\">\n<div class=\"wp-block-button has-custom-width wp-block-button__width-100 is-style-outline is-style-outline--4\"><a class=\"wp-block-button__link has-white-color has-verde-background-color has-text-color has-background has-medium-font-size has-custom-font-size wp-element-button\" href=\"https:\/\/sites.uel.br\/prograd\/residencia-pedagogica-contato\/\" style=\"border-radius:0px\">CONTATO<\/a><\/div>\n<\/div>\n<\/div>\n<\/div>\n\n\n\n<h2 class=\"wp-block-heading\">Caracter\u00edsticas<\/h2>\n\n\n\n<p>A resid\u00eancia pedag\u00f3gica \u00e9 uma atividade de forma\u00e7\u00e3o realizada por um discente regularmente matriculado em curso de licenciatura e desenvolvida numa escola p\u00fablica de educa\u00e7\u00e3o b\u00e1sica, denominada escola &#8211; campo.<\/p>\n\n\n\n<p>A resid\u00eancia pedag\u00f3gica ter\u00e1 o total de 440 horas de atividades distribu\u00eddas da seguinte forma:<\/p>\n\n\n\n<p>1. 60 horas destinadas \u00e0 ambienta\u00e7\u00e3o na escola;<\/p>\n\n\n\n<p>2. 320 horas de imers\u00e3o, sendo 100 de reg\u00eancia, que incluir\u00e1 o planejamento e execu\u00e7\u00e3o de pelo menos uma interven\u00e7\u00e3o pedag\u00f3gica; e<\/p>\n\n\n\n<p>3. 60 horas destinadas \u00e0 elabora\u00e7\u00e3o de relat\u00f3rio final, avalia\u00e7\u00e3o e socializa\u00e7\u00e3o de atividades.<\/p>\n\n\n\n<p>Na escola &#8211; campo, o residente ser\u00e1 acompanhado por um professor da educa\u00e7\u00e3o b\u00e1sica, denominado preceptor.<br><br>A orienta\u00e7\u00e3o do residente ser\u00e1 realizada por um docente da IES, denominado docente orientador.<\/p>\n\n\n\n<p><\/p>\n\n\n\n<h2 class=\"wp-block-heading has-text-align-center\">Resid\u00eancia Pedag\u00f3gica UEL<\/h2>\n\n\n\n<p>O Projeto Institucional de Resid\u00eancia Pedag\u00f3gica da UEL \u00e9 constitu\u00eddo de 10 subprojetos (n\u00facleos) que envolvem o Cursos de &nbsp;Licenciatura: Multidisciplinar &#8211; Ci\u00eancias Exatas (F\u00edsica, Matem\u00e1tica e Qu\u00edmica), Multidisciplinar &#8211; Linguagens (Artes Visuais, Letras &#8211; L\u00edngua Espanhola e M\u00fasica), Ci\u00eancias Biol\u00f3gicas, Ci\u00eancias Sociais, Filosofia, &nbsp;Geografia, Hist\u00f3ria, Letras &#8211; L\u00edngua Inglesa, Letras &#8211; L\u00edngua Portuguesa e Pedagogia.<\/p>\n\n\n\n<p>Cada n\u00facleo de resid\u00eancia cont\u00e9m um docente orientador, 3 preceptores e o m\u00ednimo de 24 e o m\u00e1ximo de 30 residentes, sendo admitido participantes com e sem bolsa.<\/p>\n","protected":false},"excerpt":{"rendered":"<p>Caracter\u00edsticas A resid\u00eancia pedag\u00f3gica \u00e9 uma atividade de forma\u00e7\u00e3o realizada por um discente regularmente matriculado em curso de licenciatura e desenvolvida numa escola p\u00fablica de educa\u00e7\u00e3o b\u00e1sica, denominada escola &#8211; campo. A resid\u00eancia pedag\u00f3gica ter\u00e1 o total de 440 horas de atividades distribu\u00eddas da seguinte forma: 1. 60 horas destinadas \u00e0 ambienta\u00e7\u00e3o na escola; 2. [&hellip;]<\/p>\n","protected":false},"author":8,"featured_media":0,"parent":0,"menu_order":0,"comment_status":"closed","ping_status":"closed","template":"","meta":{"_acf_changed":false,"_themeisle_gutenberg_block_has_review":false,"footnotes":""},"class_list":["post-2929","page","type-page","status-publish","hentry"],"acf":[],"_links":{"self":[{"href":"https:\/\/sites.uel.br\/prograd\/wp-json\/wp\/v2\/pages\/2929","targetHints":{"allow":["GET"]}}],"collection":[{"href":"https:\/\/sites.uel.br\/prograd\/wp-json\/wp\/v2\/pages"}],"about":[{"href":"https:\/\/sites.uel.br\/prograd\/wp-json\/wp\/v2\/types\/page"}],"author":[{"embeddable":true,"href":"https:\/\/sites.uel.br\/prograd\/wp-json\/wp\/v2\/users\/8"}],"replies":[{"embeddable":true,"href":"https:\/\/sites.uel.br\/prograd\/wp-json\/wp\/v2\/comments?post=2929"}],"version-history":[{"count":11,"href":"https:\/\/sites.uel.br\/prograd\/wp-json\/wp\/v2\/pages\/2929\/revisions"}],"predecessor-version":[{"id":37235,"href":"https:\/\/sites.uel.br\/prograd\/wp-json\/wp\/v2\/pages\/2929\/revisions\/37235"}],"wp:attachment":[{"href":"https:\/\/sites.uel.br\/prograd\/wp-json\/wp\/v2\/media?parent=2929"}],"curies":[{"name":"wp","href":"https:\/\/api.w.org\/{rel}","templated":true}]}}

Residência Pedagógica

<hr class="wp-block-separator has-alpha-channel-opacity is-style-wide"/>



<div class="wp-block-columns is-layout-flex wp-container-core-columns-is-layout-9d6595d7 wp-block-columns-is-layout-flex">
<div class="wp-block-column is-layout-flow wp-block-column-is-layout-flow">
<div class="wp-block-buttons is-layout-flex wp-block-buttons-is-layout-flex">
<div class="wp-block-button has-custom-width wp-block-button__width-100 is-style-outline is-style-outline--1"><a class="wp-block-button__link has-white-color has-verde-background-color has-text-color has-background has-medium-font-size has-custom-font-size wp-element-button" href="https://sites.uel.br/prograd/residencia-pedagogica-apresentacao/" style="border-radius:0px">APRESENTAÇÃO</a></div>
</div>
</div>



<div class="wp-block-column is-layout-flow wp-block-column-is-layout-flow">
<div class="wp-block-buttons is-layout-flex wp-block-buttons-is-layout-flex">
<div class="wp-block-button has-custom-width wp-block-button__width-100 is-style-outline is-style-outline--2"><a class="wp-block-button__link has-white-color has-verde-background-color has-text-color has-background has-medium-font-size has-custom-font-size wp-element-button" href="https://sites.uel.br/prograd/residencia-pedagogica-objetivos/" style="border-radius:0px">OBJETIVOS</a></div>
</div>
</div>



<div class="wp-block-column is-layout-flow wp-block-column-is-layout-flow">
<div class="wp-block-buttons is-layout-flex wp-block-buttons-is-layout-flex">
<div class="wp-block-button has-custom-width wp-block-button__width-100 is-style-outline is-style-outline--3"><a class="wp-block-button__link has-white-color has-verde-background-color has-text-color has-background has-medium-font-size has-custom-font-size wp-element-button" href="https://sites.uel.br/prograd/residencia-pedagogica-caracteristicas/" style="border-radius:0px">CARACTERÍSTICAS</a></div>
</div>
</div>



<div class="wp-block-column is-layout-flow wp-block-column-is-layout-flow">
<div class="wp-block-buttons is-layout-flex wp-block-buttons-is-layout-flex">
<div class="wp-block-button has-custom-width wp-block-button__width-100 is-style-outline is-style-outline--4"><a class="wp-block-button__link has-white-color has-verde-background-color has-text-color has-background has-medium-font-size has-custom-font-size wp-element-button" href="https://sites.uel.br/prograd/residencia-pedagogica-contato/" style="border-radius:0px">CONTATO</a></div>
</div>
</div>
</div>



<h2 class="wp-block-heading">Características</h2>



<p>A residência pedagógica é uma atividade de formação realizada por um discente regularmente matriculado em curso de licenciatura e desenvolvida numa escola pública de educação básica, denominada escola &#8211; campo.</p>



<p>A residência pedagógica terá o total de 440 horas de atividades distribuídas da seguinte forma:</p>



<p>1. 60 horas destinadas à ambientação na escola;</p>



<p>2. 320 horas de imersão, sendo 100 de regência, que incluirá o planejamento e execução de pelo menos uma intervenção pedagógica; e</p>



<p>3. 60 horas destinadas à elaboração de relatório final, avaliação e socialização de atividades.</p>



<p>Na escola &#8211; campo, o residente será acompanhado por um professor da educação básica, denominado preceptor.<br><br>A orientação do residente será realizada por um docente da IES, denominado docente orientador.</p>



<p></p>



<h2 class="wp-block-heading has-text-align-center">Residência Pedagógica UEL</h2>



<p>O Projeto Institucional de Residência Pedagógica da UEL é constituído de 10 subprojetos (núcleos) que envolvem o Cursos de &nbsp;Licenciatura: Multidisciplinar &#8211; Ciências Exatas (Física, Matemática e Química), Multidisciplinar &#8211; Linguagens (Artes Visuais, Letras &#8211; Língua Espanhola e Música), Ciências Biológicas, Ciências Sociais, Filosofia, &nbsp;Geografia, História, Letras &#8211; Língua Inglesa, Letras &#8211; Língua Portuguesa e Pedagogia.</p>



<p>Cada núcleo de residência contém um docente orientador, 3 preceptores e o mínimo de 24 e o máximo de 30 residentes, sendo admitido participantes com e sem bolsa.</p>

<p>Características A residência pedagógica é uma atividade de formação realizada por um discente regularmente matriculado em curso de licenciatura e desenvolvida numa escola pública de educação básica, denominada escola &#8211; campo. A residência pedagógica terá o total de 440 horas de atividades distribuídas da seguinte forma: 1. 60 horas destinadas à ambientação na escola; 2. [&hellip;]</p>
