{"id":2792,"date":"2023-04-11T10:21:32","date_gmt":"2023-04-11T13:21:32","guid":{"rendered":"https:\/\/sites.uel.br\/prograd\/?page_id=2792"},"modified":"2024-04-26T14:03:38","modified_gmt":"2024-04-26T17:03:38","slug":"gepe-grupo-de-estudos-de-praticas-em-ensino-documentos","status":"publish","type":"page","link":"https:\/\/sites.uel.br\/prograd\/gepe-grupo-de-estudos-de-praticas-em-ensino-documentos\/","title":{"rendered":"GEPE (Grupo de Estudos de Pr\u00e1ticas em Ensino)"},"content":{"rendered":"\n<hr class=\"wp-block-separator has-alpha-channel-opacity is-style-wide\"\/>\n\n\n\n<h2 class=\"wp-block-heading\">Documentos<\/h2>\n\n\n\n<p><a href=\"https:\/\/sites.uel.br\/prograd\/wp-content\/uploads\/gepe\/documentos\/portaria_3104.pdf\" target=\"_blank\" rel=\"noreferrer noopener\">Portaria 3104, de 21 de setembro de 2021<\/a><br>Membros do Gepe<\/p>\n\n\n\n<p><a href=\"https:\/\/sites.uel.br\/prograd\/wp-content\/uploads\/gepe\/documentos\/portaria_2873.pdf\" target=\"_blank\" rel=\"noreferrer noopener\">Portaria 2873, de 18 de agosto de 2021<\/a><br>Membros do Gepe<\/p>\n\n\n\n<p><a href=\"https:\/\/sites.uel.br\/prograd\/wp-content\/uploads\/gepe\/documentos\/portaria_2259.pdf\" target=\"_blank\" rel=\"noreferrer noopener\">Portaria 2259, de 18 de agosto de 2020<\/a><br>Membros do Gepe<\/p>\n\n\n\n<p><a href=\"https:\/\/sites.uel.br\/prograd\/wp-content\/uploads\/gepe\/documentos\/portaria_1611.pdf\" target=\"_blank\" rel=\"noreferrer noopener\">Portaria 1611, de 17 de junho de 2020<\/a><br>Membro do Gepe<\/p>\n\n\n\n<p><a href=\"https:\/\/sites.uel.br\/prograd\/wp-content\/uploads\/gepe\/documentos\/portaria_457.pdf\" target=\"_blank\" rel=\"noreferrer noopener\">Portaria 457, de 06 de fevereiro de 2020<\/a><br>Membro do Gepe<\/p>\n\n\n\n<p><a href=\"https:\/\/sites.uel.br\/prograd\/wp-content\/uploads\/gepe\/documentos\/portaria_3555.pdf\" target=\"_blank\" rel=\"noreferrer noopener\">Portaria 3555, de 13 de agosto de 2019<\/a><br>Membros do Gepe<\/p>\n\n\n\n<p><a href=\"https:\/\/sites.uel.br\/prograd\/wp-content\/uploads\/documentos\/resolucoes\/2019\/resolucao_01_19.pdf\" target=\"_blank\" rel=\"noreferrer noopener\">Resolu\u00e7\u00e3o CEPE\/CA n\u00ba 01\/2019<\/a><br>Reformula o Grupo de Estudos de Pr\u00e1ticas em Ensino (GEPE) junto \u00e0 Pr\u00f3-Reitoria de Gradua\u00e7\u00e3o (PROGRAD) da Universidade Estadual de Londrina (UEL)<\/p>\n\n\n\n<p><a href=\"https:\/\/sites.uel.br\/prograd\/wp-content\/uploads\/gepe\/documentos\/portaria_0504.pdf\" target=\"_blank\" rel=\"noreferrer noopener\">Portaria 0504, de 20 de fevereiro de 2018<\/a><br>Designar a Profa. Andreia Maria Cavaminami Lugle, como representande do Centro de Educa\u00e7\u00e3o, Comunica\u00e7\u00e3o e Arte &#8211; CECA<\/p>\n\n\n\n<p><a href=\"https:\/\/sites.uel.br\/prograd\/wp-content\/uploads\/gepe\/documentos\/portaria_3920.pdf\" target=\"_blank\" rel=\"noreferrer noopener\">Portaria 3920, de 21 de agosto de 2017<\/a><br>Membros do Gepe<\/p>\n\n\n\n<p><a href=\"https:\/\/sites.uel.br\/prograd\/wp-content\/uploads\/gepe\/documentos\/portaria_6095.pdf\" target=\"_blank\" rel=\"noreferrer noopener\">Portaria 6095, de 05 de outubro de 2016<\/a><br>Membro do Gepe<\/p>\n\n\n\n<p><a href=\"https:\/\/sites.uel.br\/prograd\/wp-content\/uploads\/gepe\/documentos\/portaria_5321.pdf\" target=\"_blank\" rel=\"noreferrer noopener\">Portaria 5321, de 29 de agosto de 2016<\/a><br>Membros do Gepe<\/p>\n\n\n\n<p><a href=\"https:\/\/sites.uel.br\/prograd\/wp-content\/uploads\/documentos\/resolucoes\/2015\/resolucao_85_15.pdf\" target=\"_blank\" rel=\"noreferrer noopener\">Resolu\u00e7\u00e3o CEPE\/CA n\u00ba 85\/2015 &#8211; Reformula o Grupo de Estudos de Pr\u00e1ticas em Ensino (GEPE) junto \u00e0 Pr\u00f3-Reitoria de Gradua\u00e7\u00e3o (PROGRAD) da Universidade Estadual de Londrina (UEL)<\/a><\/p>\n\n\n\n<p><a href=\"https:\/\/sites.uel.br\/prograd\/wp-content\/uploads\/gepe\/documentos\/portaria_4833.pdf\" target=\"_blank\" rel=\"noreferrer noopener\">Portaria 4833, de 17 de setembro de 2015<\/a><br>Membros do Gepe<\/p>\n\n\n\n<p><a href=\"https:\/\/sites.uel.br\/prograd\/wp-content\/uploads\/documentos\/resolucoes\/2014\/resolucao_39_14.pdf\" target=\"_blank\" rel=\"noreferrer noopener\">Resolu\u00e7\u00e3o CEPE n\u00ba 039\/2014 &#8211; Aprova o Regulamento Geral do Grupo de Estudos em Pr\u00e1ticas em Ensino &#8211; GEPE da Universidade Estadual de Londrina<\/a><\/p>\n\n\n\n<p><a href=\"https:\/\/sites.uel.br\/prograd\/wp-content\/uploads\/gepe\/documentos\/portaria_5361.pdf\" target=\"_blank\" rel=\"noreferrer noopener\">Portaria 5361, de 03 de julho de 2012<\/a><br>Membros do Gepe<\/p>\n\n\n\n<p><a href=\"https:\/\/sites.uel.br\/prograd\/wp-content\/uploads\/documentos\/resolucoes\/2011\/resolucao_93_11.pdf\" target=\"_blank\" rel=\"noreferrer noopener\">Resolu\u00e7\u00e3o CEPE\/CA n\u00ba 093\/2011 &#8211; Cria o Grupo de Estudos de Pr\u00e1ticas em Ensino (GEPE) junto \u00e0 Pr\u00f3-Reitoria de Gradua\u00e7\u00e3o da Universidade Estadual de Londrina (PROGRAD)<\/a><\/p>\n","protected":false},"excerpt":{"rendered":"<p>Documentos Portaria 3104, de 21 de setembro de 2021Membros do Gepe Portaria 2873, de 18 de agosto de 2021Membros do Gepe Portaria 2259, de 18 de agosto de 2020Membros do Gepe Portaria 1611, de 17 de junho de 2020Membro do Gepe Portaria 457, de 06 de fevereiro de 2020Membro do Gepe Portaria 3555, de 13 [&hellip;]<\/p>\n","protected":false},"author":8,"featured_media":0,"parent":0,"menu_order":0,"comment_status":"closed","ping_status":"closed","template":"","meta":{"_acf_changed":false,"_themeisle_gutenberg_block_has_review":false,"footnotes":""},"class_list":["post-2792","page","type-page","status-publish","hentry"],"acf":[],"_links":{"self":[{"href":"https:\/\/sites.uel.br\/prograd\/wp-json\/wp\/v2\/pages\/2792","targetHints":{"allow":["GET"]}}],"collection":[{"href":"https:\/\/sites.uel.br\/prograd\/wp-json\/wp\/v2\/pages"}],"about":[{"href":"https:\/\/sites.uel.br\/prograd\/wp-json\/wp\/v2\/types\/page"}],"author":[{"embeddable":true,"href":"https:\/\/sites.uel.br\/prograd\/wp-json\/wp\/v2\/users\/8"}],"replies":[{"embeddable":true,"href":"https:\/\/sites.uel.br\/prograd\/wp-json\/wp\/v2\/comments?post=2792"}],"version-history":[{"count":8,"href":"https:\/\/sites.uel.br\/prograd\/wp-json\/wp\/v2\/pages\/2792\/revisions"}],"predecessor-version":[{"id":28803,"href":"https:\/\/sites.uel.br\/prograd\/wp-json\/wp\/v2\/pages\/2792\/revisions\/28803"}],"wp:attachment":[{"href":"https:\/\/sites.uel.br\/prograd\/wp-json\/wp\/v2\/media?parent=2792"}],"curies":[{"name":"wp","href":"https:\/\/api.w.org\/{rel}","templated":true}]}}