{"id":2678,"date":"2023-04-10T11:38:59","date_gmt":"2023-04-10T14:38:59","guid":{"rendered":"https:\/\/sites.uel.br\/prograd\/?page_id=2678"},"modified":"2026-04-09T15:14:57","modified_gmt":"2026-04-09T18:14:57","slug":"estagios-e-intercambios-convenios-para-estagios","status":"publish","type":"page","link":"https:\/\/sites.uel.br\/prograd\/estudante\/estagios-e-intercambios\/estagios-e-intercambios-convenios-para-estagios\/","title":{"rendered":"Est\u00e1gios e Interc\u00e2mbios"},"content":{"rendered":"\n<hr class=\"wp-block-separator has-alpha-channel-opacity is-style-wide\"\/>\n\n\n\n<h2 class=\"wp-block-heading\">Conv\u00eanios Para Est\u00e1gios<\/h2>\n\n\n\n<div style=\"height:20px\" aria-hidden=\"true\" class=\"wp-block-spacer\"><\/div>\n\n\n\n<p><strong><u>ORIENTA\u00c7\u00d5ES PARA CONV\u00caNIO DE EST\u00c1GIOS<\/u><\/strong><\/p>\n\n\n\n<p><strong>1 \u2013<\/strong>&nbsp;Os estudantes devem verificar a exist\u00eancia de <a href=\"https:\/\/sites.uel.br\/prograd\/estudante\/estagios-e-intercambios\/estagios-e-intercambios-convenios-para-estagios\/\">Conv\u00eanio<\/a>&nbsp;entre a Unidade Concedente de Est\u00e1gio e a Universidade Estadual de Londrina e caso n\u00e3o haja, solicite \u00e0 unidade concedente que efetue o cadastro da empresa ou Pessoa F\u00edsica\/Profissional Liberal (com registro em Conselho de Classe)&nbsp;<em>(<\/em><a href=\"https:\/\/sites.uel.br\/prograd\/estagios-e-intercambios-formulario-cadastral-de-convenio-para-estagio\/\"><em>clique aqui para ir em Formul\u00e1rio Cadastral de Conv\u00eanios para Est\u00e1gios<\/em><\/a><em>).<\/em><br><br>2 \u2013 Ap\u00f3s o preenchimento do Formul\u00e1rio Cadastral, a Unidade Concedente do Est\u00e1gio, dever\u00e1 aguardar as orienta\u00e7\u00f5es para envio\/formaliza\u00e7\u00e3o do conv\u00eanio de Est\u00e1gios.<br><br><strong>DIVIS\u00c3O CENTRAL DE EST\u00c1GIOS E INTERC\u00c2MBIOS<\/strong><br><strong>PR\u00d3-REITORIA DE GRADUA\u00c7\u00c3O<\/strong><br><strong>UNIVERSIDADE ESTADUAL DE LONDRINA<\/strong><br><strong>FONE: 55 (43) 3371-4900<\/strong><br><strong><em><a href=\"mailto:estagios@uel.br\">estagios@uel.br<\/a><\/em><\/strong><\/p>\n\n\n\n<figure class=\"wp-block-table\"><table class=\"has-verde-claro-background-color has-background\"><tbody><tr><td class=\"has-text-align-center\" data-align=\"center\"><strong><a href=\"https:\/\/sites.uel.br\/prograd\/wp-content\/uploads\/dcei\/convenios\/convenios_estagios.pdf\" target=\"_blank\" rel=\"noreferrer noopener\">Conv\u00eanios para Est\u00e1gios<\/a><\/strong>\u00a0&#8211; atualizado em 09.04.2026<\/td><\/tr><\/tbody><\/table><\/figure>\n\n\n\n<div style=\"height:20px\" aria-hidden=\"true\" class=\"wp-block-spacer\"><\/div>\n\n\n\n<hr class=\"wp-block-separator has-text-color has-cinza-claro-color has-alpha-channel-opacity has-cinza-claro-background-color has-background is-style-wide\"\/>\n\n\n\n<h3 class=\"wp-block-heading has-text-align-center\">LEGISLA\u00c7\u00c3O SOBRE CONV\u00caNIOS<\/h3>\n\n\n\n<p><strong><a href=\"http:\/\/www.legislacao.pr.gov.br\/legislacao\/listarAtosAno.do?action=exibir&amp;codAto=5844\" target=\"_blank\" rel=\"noreferrer noopener\">Lei N\u00ba 15.608, de 16 de agosto de 2007<\/a><br><\/strong>Estabelece normas sobre licita\u00e7\u00f5es, contratos administrativos e conv\u00eanios no \u00e2mbito dos Poderes do Estado do Paran\u00e1.<strong><a href=\"https:\/\/sites.uel.br\/prograd\/wp-content\/uploads\/documentos\/resolucoes\/2006\/resolucao_160_06.pdf\" target=\"_blank\" rel=\"noreferrer noopener\"><br><br>Resolu\u00e7\u00e3o CA n\u00ba 0160\/2006<\/a><\/strong><br>Aprova Instrumentos padr\u00e3o de conv\u00eanio entre a Universidade Estadual de Londrina e entidades concedentes de est\u00e1gio.<\/p>\n\n\n\n<div style=\"height:20px\" aria-hidden=\"true\" class=\"wp-block-spacer\"><\/div>\n\n\n\n<hr class=\"wp-block-separator has-text-color has-cinza-color has-css-opacity has-cinza-background-color has-background is-style-wide\"\/>\n\n\n<div class=\"wp-block-image\">\n<figure class=\"aligncenter size-full\"><a href=\"https:\/\/sites.uel.br\/prograd\/estagios-e-intercambios-formulario-cadastral-de-convenio-para-estagio\/\"><img loading=\"lazy\" decoding=\"async\" width=\"300\" height=\"225\" src=\"https:\/\/sites.uel.br\/prograd\/wp-content\/uploads\/2023\/04\/logo_formulario_cadastro_convenios.jpg\" alt=\"\" class=\"wp-image-2635\"\/><\/a><\/figure>\n<\/div>","protected":false},"excerpt":{"rendered":"<p>Conv\u00eanios Para Est\u00e1gios ORIENTA\u00c7\u00d5ES PARA CONV\u00caNIO DE EST\u00c1GIOS 1 \u2013&nbsp;Os estudantes devem verificar a exist\u00eancia de Conv\u00eanio&nbsp;entre a Unidade Concedente de Est\u00e1gio e a Universidade Estadual de Londrina e caso n\u00e3o haja, solicite \u00e0 unidade concedente que efetue o cadastro da empresa ou Pessoa F\u00edsica\/Profissional Liberal (com registro em Conselho de Classe)&nbsp;(clique aqui para ir [&hellip;]<\/p>\n","protected":false},"author":8,"featured_media":0,"parent":122,"menu_order":0,"comment_status":"closed","ping_status":"closed","template":"","meta":{"_acf_changed":false,"_themeisle_gutenberg_block_has_review":false,"footnotes":""},"class_list":["post-2678","page","type-page","status-publish","hentry"],"acf":[],"_links":{"self":[{"href":"https:\/\/sites.uel.br\/prograd\/wp-json\/wp\/v2\/pages\/2678","targetHints":{"allow":["GET"]}}],"collection":[{"href":"https:\/\/sites.uel.br\/prograd\/wp-json\/wp\/v2\/pages"}],"about":[{"href":"https:\/\/sites.uel.br\/prograd\/wp-json\/wp\/v2\/types\/page"}],"author":[{"embeddable":true,"href":"https:\/\/sites.uel.br\/prograd\/wp-json\/wp\/v2\/users\/8"}],"replies":[{"embeddable":true,"href":"https:\/\/sites.uel.br\/prograd\/wp-json\/wp\/v2\/comments?post=2678"}],"version-history":[{"count":84,"href":"https:\/\/sites.uel.br\/prograd\/wp-json\/wp\/v2\/pages\/2678\/revisions"}],"predecessor-version":[{"id":37162,"href":"https:\/\/sites.uel.br\/prograd\/wp-json\/wp\/v2\/pages\/2678\/revisions\/37162"}],"up":[{"embeddable":true,"href":"https:\/\/sites.uel.br\/prograd\/wp-json\/wp\/v2\/pages\/122"}],"wp:attachment":[{"href":"https:\/\/sites.uel.br\/prograd\/wp-json\/wp\/v2\/media?parent=2678"}],"curies":[{"name":"wp","href":"https:\/\/api.w.org\/{rel}","templated":true}]}}