{"id":2661,"date":"2023-04-10T11:32:01","date_gmt":"2023-04-10T14:32:01","guid":{"rendered":"https:\/\/sites.uel.br\/prograd\/?page_id=2661"},"modified":"2024-07-01T11:50:50","modified_gmt":"2024-07-01T14:50:50","slug":"estagios-e-intercambios-curricular-outras-ies","status":"publish","type":"page","link":"https:\/\/sites.uel.br\/prograd\/estudante\/estagios-e-intercambios\/estagios-e-intercambios-curricular-outras-ies\/","title":{"rendered":"Est\u00e1gios e Interc\u00e2mbios"},"content":{"rendered":"\n<hr class=\"wp-block-separator has-alpha-channel-opacity is-style-wide\"\/>\n\n\n\n<h2 class=\"wp-block-heading\">Curricular &#8211; Outras IES<\/h2>\n\n\n\n<div style=\"height:20px\" aria-hidden=\"true\" class=\"wp-block-spacer\"><\/div>\n\n\n\n<p>1 \u2013 Os estudantes de outras IES devem verificar a exist\u00eancia de <a href=\"https:\/\/sites.uel.br\/prograd\/estudante\/estagios-e-intercambios\/estagios-e-intercambios-convenios-para-estagios\/\"><strong>Conv\u00eanio<\/strong><\/a> entre a sua institui\u00e7\u00e3o de ensino e a UEL, caso n\u00e3o haja conv\u00eanio, solicite \u00e0 sua IES que fa\u00e7a o preenchimento do <a href=\"https:\/\/sites.uel.br\/prograd\/estagios-e-intercambios-formulario-cadastral-de-convenio-para-estagio\/\"><strong>Formul\u00e1rio Cadastral de Conv\u00eanio<\/strong><\/a> ou encaminhe modelo de Termo de Conv\u00eanio para an\u00e1lise da Divis\u00e3o Central de Est\u00e1gios e Interc\u00e2mbios \u2013 DCEI no e-mail:&nbsp;<a href=\"mailto:estagios@uel.br\"><strong>estagios@uel.br<\/strong><\/a>.<br><br>2 \u2013 Verificar&nbsp;<strong>junto ao <a href=\"https:\/\/sites.uel.br\/prograd\/wp-content\/uploads\/dcei\/curricular_outras_ies\/locais_estagios_outras_ies.pdf\" target=\"_blank\" rel=\"noreferrer noopener\">departamento ou \u00f3rg\u00e3o de interesse<\/a><\/strong>&nbsp;a exist\u00eancia da vaga para realizar o est\u00e1gio curricular.<br><br>3- Na exist\u00eancia da vaga, providencie as vias digitalizadas da seguinte documenta\u00e7\u00e3o, com assinaturas da sua Institui\u00e7\u00e3o de Ensino:<br><br>&#8211;&nbsp;<strong>Carta de encaminhamento original e em papel timbrado (<\/strong><a href=\"https:\/\/sites.uel.br\/prograd\/estudante\/estagios\/estagios-e-intercambios-outras-ies-formularios\/\"><strong>modelo<\/strong><\/a><strong>)<\/strong>&nbsp;que deve conter obrigatoriamente os seguintes itens: Data do conv\u00eanio com a UEL; Indica\u00e7\u00e3o de professor supervisor na IES de origem; Men\u00e7\u00e3o expressa da modalidade de EST\u00c1GIO CURRICULAR OBRIGAT\u00d3RIO ou N\u00c3O OBRIGAT\u00d3RIO; Curso, ano e\/ou s\u00e9rie de matr\u00edcula do estudante.<br><strong>&#8211; Requerimento\/Plano de est\u00e1gio<\/strong><br><strong>&#8211; Termo de Compromisso de Est\u00e1gio;<\/strong><br><strong>&#8211; Comprovante\/Declara\u00e7\u00e3o de Matr\u00edcula<\/strong><br><strong>&#8211; C\u00f3pias do RG e CPF.<\/strong><br><br>4- Acesse o site <a href=\"http:\/\/www.eprotocolo.pr.gov.br\" target=\"_blank\" rel=\"noreferrer noopener\">eProtocolo<\/a><em>,&nbsp;<\/em>e fa\u00e7a o envio da documenta\u00e7\u00e3o acima, ANTES do in\u00edcio do est\u00e1gio, conforme as orienta\u00e7\u00f5es.<\/p>\n\n\n\n<figure class=\"wp-block-table\"><table class=\"has-verde-claro-background-color has-background\"><tbody><tr><td class=\"has-text-align-center\" data-align=\"center\"><strong><em><u><a href=\"https:\/\/sites.uel.br\/prograd\/wp-content\/uploads\/dcei\/curricular_outras_ies\/orientacoes_e-protocolo_estagio_outras_ies.pdf\" target=\"_blank\" rel=\"noreferrer noopener\">CLIQUE AQUI PARA ACESSAR O TUTORIAL<\/a><\/u><\/em><\/strong><br><em><a href=\"https:\/\/sites.uel.br\/prograd\/wp-content\/uploads\/dcei\/orientacoes_e-protocolo_estagio_outras_ies.pdf\" target=\"_blank\" rel=\"noreferrer noopener\">Orienta\u00e7\u00f5es para E-Protocolo Para Est\u00e1gio Curricular Obrigat\u00f3rio de Estudante de Outra IES<\/a><\/em><\/td><\/tr><\/tbody><\/table><\/figure>\n\n\n\n<p>Caso seja protocolizado, com data retroativa, o est\u00e1gio\/processo de solicita\u00e7\u00e3o ser\u00e1&nbsp;<strong>indeferido<\/strong>&nbsp;e o estudante n\u00e3o poder\u00e1 realizar o est\u00e1gio.<br><br>5 \u2013&nbsp;Ap\u00f3s as aprova\u00e7\u00f5es, que poder\u00e3o ser acompanhadas via e-protocolo, o estudante poder\u00e1 comparecer \u00e0 Unidade Concedente, conforme Termo de Compromisso.<br><br>6 \u2013 Terminado o est\u00e1gio, o estudante deve providenciar o relat\u00f3rio de atividades e o relat\u00f3rio final&nbsp;(<a href=\"http:\/\/www.uel.br\/prograd\/divisao-central-estagios-intercambios\/documentos\/relatorio_atividades_estagio.doc\" target=\"_blank\" rel=\"noreferrer noopener\">acesse aqui<\/a>)&nbsp;e anex\u00e1-los ao protocolo, solicitando acesso no e-protocolo para anexar nova documenta\u00e7\u00e3o.<br><br>7 \u2013 A DCEI cadastrar\u00e1\/providenciar\u00e1 os demais tr\u00e2mites e quando as aprova\u00e7\u00f5es estiverem finalizadas, o\/a estudante poder\u00e1 requerer declara\u00e7\u00e3o de participa\u00e7\u00e3o do est\u00e1gio, mediante pagamento de taxa espec\u00edfica no Balc\u00e3o de Atendimento da PROGRAD ou via e-mail&nbsp;(<a href=\"mailto:prograd.atendimento@uel.br\">prograd.atendimento@uel.br<\/a>).<br><strong><br>Para conhecimento:<\/strong><br><br><strong>SAUEL<\/strong>&nbsp;\u2013 Sistema de Arquivo da UEL \u2013 atende das 8 \u00e0s 12 e das 14 \u00e0s 18h, de segunda a sexta-feira.<br><br><strong>DCEI<\/strong>&nbsp;\u2013 Divis\u00e3o Central de Est\u00e1gios e Interc\u00e2mbios \u2013 fica localizado na PROGRAD \u2013 Pr\u00f3-Reitoria de Gradua\u00e7\u00e3o. Fone (43) 3371 4900 \u2013 atende das 8 \u00e0s 11:30 e das 14 \u00e0s 17h, de segunda a sexta-feira.<br><strong><br>PROGRAD \u2013<\/strong>&nbsp;Pr\u00f3-Reitoria de Gradua\u00e7\u00e3o \u2013 atende das 8 \u00e0s 11:30 e das 14 \u00e0s 17h, de segunda a sexta-feira.<br><br>Conv\u00eanios \u2013 sob responsabilidade da DCEI \u2013 Prograd \u2013 fone (43) 3371-4900 ou (43) 3371-4373.&nbsp;(Acesse aqui a<a href=\"https:\/\/sites.uel.br\/prograd\/estudante\/estagios-e-intercambios\/estagios-e-intercambios-convenios-para-estagios\/\"> lista de conv\u00eanios<\/a> ou o <a href=\"https:\/\/sites.uel.br\/prograd\/estagios-e-intercambios-formulario-cadastral-de-convenio-para-estagio\/\">Formul\u00e1rio Cadastral de Conv\u00eanio<\/a>)<br><br>E-mail da DCEI \u2013 para informa\u00e7\u00f5es sobre est\u00e1gios ou conv\u00eanios:&nbsp;<a href=\"mailto:estagios@uel.br\">estagios@uel.br<\/a><\/p>\n\n\n\n<div style=\"height:20px\" aria-hidden=\"true\" class=\"wp-block-spacer\"><\/div>\n\n\n\n<hr class=\"wp-block-separator has-text-color has-cinza-claro-color has-alpha-channel-opacity has-cinza-claro-background-color has-background is-style-wide\"\/>\n\n\n\n<p class=\"has-text-align-center\"><strong><a href=\"https:\/\/sites.uel.br\/prograd\/estudante\/formularios\/\">ACESSAR FORMUL\u00c1RIOS<\/a><\/strong><\/p>\n","protected":false},"excerpt":{"rendered":"<p>Curricular &#8211; Outras IES 1 \u2013 Os estudantes de outras IES devem verificar a exist\u00eancia de Conv\u00eanio entre a sua institui\u00e7\u00e3o de ensino e a UEL, caso n\u00e3o haja conv\u00eanio, solicite \u00e0 sua IES que fa\u00e7a o preenchimento do Formul\u00e1rio Cadastral de Conv\u00eanio ou encaminhe modelo de Termo de Conv\u00eanio para an\u00e1lise da Divis\u00e3o Central [&hellip;]<\/p>\n","protected":false},"author":8,"featured_media":0,"parent":122,"menu_order":0,"comment_status":"closed","ping_status":"closed","template":"","meta":{"_acf_changed":false,"_themeisle_gutenberg_block_has_review":false,"footnotes":""},"class_list":["post-2661","page","type-page","status-publish","hentry"],"acf":[],"_links":{"self":[{"href":"https:\/\/sites.uel.br\/prograd\/wp-json\/wp\/v2\/pages\/2661","targetHints":{"allow":["GET"]}}],"collection":[{"href":"https:\/\/sites.uel.br\/prograd\/wp-json\/wp\/v2\/pages"}],"about":[{"href":"https:\/\/sites.uel.br\/prograd\/wp-json\/wp\/v2\/types\/page"}],"author":[{"embeddable":true,"href":"https:\/\/sites.uel.br\/prograd\/wp-json\/wp\/v2\/users\/8"}],"replies":[{"embeddable":true,"href":"https:\/\/sites.uel.br\/prograd\/wp-json\/wp\/v2\/comments?post=2661"}],"version-history":[{"count":30,"href":"https:\/\/sites.uel.br\/prograd\/wp-json\/wp\/v2\/pages\/2661\/revisions"}],"predecessor-version":[{"id":30963,"href":"https:\/\/sites.uel.br\/prograd\/wp-json\/wp\/v2\/pages\/2661\/revisions\/30963"}],"up":[{"embeddable":true,"href":"https:\/\/sites.uel.br\/prograd\/wp-json\/wp\/v2\/pages\/122"}],"wp:attachment":[{"href":"https:\/\/sites.uel.br\/prograd\/wp-json\/wp\/v2\/media?parent=2661"}],"curies":[{"name":"wp","href":"https:\/\/api.w.org\/{rel}","templated":true}]}}