{"id":2225,"date":"2023-04-04T09:41:36","date_gmt":"2023-04-04T12:41:36","guid":{"rendered":"https:\/\/sites.uel.br\/prograd\/?page_id=2225"},"modified":"2024-05-23T14:37:52","modified_gmt":"2024-05-23T17:37:52","slug":"instrucoes-de-servico-2010","status":"publish","type":"page","link":"https:\/\/sites.uel.br\/prograd\/instrucoes-de-servico-2010\/","title":{"rendered":"Instru\u00e7\u00f5es de Servi\u00e7o"},"content":{"rendered":"\n<hr class=\"wp-block-separator has-alpha-channel-opacity is-style-wide\"\/>\n\n\n\n<h2 class=\"wp-block-heading\">PROGRAD<\/h2>\n\n\n\n<h4 class=\"wp-block-heading\">2010<\/h4>\n\n\n\n<div style=\"height:20px\" aria-hidden=\"true\" class=\"wp-block-spacer\"><\/div>\n\n\n\n<p><strong><a href=\"https:\/\/sites.uel.br\/prograd\/wp-content\/uploads\/documentos\/instrucoes_servico\/2010\/instrucao_servico_03_10.pdf\" target=\"_blank\" rel=\"noreferrer noopener\">Instru\u00e7\u00e3o de Servi\u00e7o Prograd n\u00ba 003\/2010<\/a><\/strong><br>Estudante concluinte de curso de gradua\u00e7\u00e3o com situa\u00e7\u00e3o irregular junto ao Exame Nacional de Desempenho de Estudantes (Solenidade de Formatura e Regular ou Especial)<\/p>\n\n\n\n<p><strong><a href=\"https:\/\/sites.uel.br\/prograd\/wp-content\/uploads\/documentos\/instrucoes_servico\/2010\/instrucao_servico_02_10.pdf\" target=\"_blank\" rel=\"noreferrer noopener\">Instru\u00e7\u00e3o de Servi\u00e7o Prograd n\u00ba 002\/2010<\/a><\/strong><br>Estabelece procedimentos quanto ao hor\u00e1rio dos Est\u00e1gios Curriculares n\u00e3o Obrigat\u00f3rios com bolsa, vinculados a Secretaria de Estado, Administra\u00e7\u00e3o e Previd\u00eancia &#8211; SEAP<\/p>\n\n\n\n<p><strong><a href=\"https:\/\/sites.uel.br\/prograd\/wp-content\/uploads\/documentos\/instrucoes_servico\/2010\/instrucao_servico_01_10.pdf\" target=\"_blank\" rel=\"noreferrer noopener\">Instru\u00e7\u00e3o de Servi\u00e7o Prograd n\u00ba 001\/2010<\/a><\/strong><br>Estabelece datas para proposi\u00e7\u00e3o de reformula\u00e7\u00f5es e adequa\u00e7\u00f5es e suspende a proposi\u00e7\u00e3o de novos Projetos Pedag\u00f3gicos de Cursos<\/p>\n","protected":false},"excerpt":{"rendered":"<p>PROGRAD 2010 Instru\u00e7\u00e3o de Servi\u00e7o Prograd n\u00ba 003\/2010Estudante concluinte de curso de gradua\u00e7\u00e3o com situa\u00e7\u00e3o irregular junto ao Exame Nacional de Desempenho de Estudantes (Solenidade de Formatura e Regular ou Especial) Instru\u00e7\u00e3o de Servi\u00e7o Prograd n\u00ba 002\/2010Estabelece procedimentos quanto ao hor\u00e1rio dos Est\u00e1gios Curriculares n\u00e3o Obrigat\u00f3rios com bolsa, vinculados a Secretaria de Estado, Administra\u00e7\u00e3o e [&hellip;]<\/p>\n","protected":false},"author":8,"featured_media":0,"parent":0,"menu_order":0,"comment_status":"closed","ping_status":"closed","template":"","meta":{"_acf_changed":false,"_themeisle_gutenberg_block_has_review":false,"footnotes":""},"class_list":["post-2225","page","type-page","status-publish","hentry"],"acf":[],"_links":{"self":[{"href":"https:\/\/sites.uel.br\/prograd\/wp-json\/wp\/v2\/pages\/2225","targetHints":{"allow":["GET"]}}],"collection":[{"href":"https:\/\/sites.uel.br\/prograd\/wp-json\/wp\/v2\/pages"}],"about":[{"href":"https:\/\/sites.uel.br\/prograd\/wp-json\/wp\/v2\/types\/page"}],"author":[{"embeddable":true,"href":"https:\/\/sites.uel.br\/prograd\/wp-json\/wp\/v2\/users\/8"}],"replies":[{"embeddable":true,"href":"https:\/\/sites.uel.br\/prograd\/wp-json\/wp\/v2\/comments?post=2225"}],"version-history":[{"count":10,"href":"https:\/\/sites.uel.br\/prograd\/wp-json\/wp\/v2\/pages\/2225\/revisions"}],"predecessor-version":[{"id":30230,"href":"https:\/\/sites.uel.br\/prograd\/wp-json\/wp\/v2\/pages\/2225\/revisions\/30230"}],"wp:attachment":[{"href":"https:\/\/sites.uel.br\/prograd\/wp-json\/wp\/v2\/media?parent=2225"}],"curies":[{"name":"wp","href":"https:\/\/api.w.org\/{rel}","templated":true}]}}