{"id":2221,"date":"2023-04-04T09:41:02","date_gmt":"2023-04-04T12:41:02","guid":{"rendered":"https:\/\/sites.uel.br\/prograd\/?page_id=2221"},"modified":"2024-05-23T14:38:02","modified_gmt":"2024-05-23T17:38:02","slug":"instrucoes-de-servico-2012","status":"publish","type":"page","link":"https:\/\/sites.uel.br\/prograd\/instrucoes-de-servico-2012\/","title":{"rendered":"Instru\u00e7\u00f5es de Servi\u00e7o"},"content":{"rendered":"\n<hr class=\"wp-block-separator has-alpha-channel-opacity is-style-wide\"\/>\n\n\n\n<h2 class=\"wp-block-heading\">PROGRAD<\/h2>\n\n\n\n<h4 class=\"wp-block-heading\">2012<\/h4>\n\n\n\n<div style=\"height:20px\" aria-hidden=\"true\" class=\"wp-block-spacer\"><\/div>\n\n\n\n<p><strong><a href=\"https:\/\/sites.uel.br\/prograd\/wp-content\/uploads\/documentos\/instrucoes_servico\/2012\/instrucao_servico_06_12.pdf\" target=\"_blank\" rel=\"noreferrer noopener\">Instru\u00e7\u00e3o de Servi\u00e7o Prograd n\u00ba 006\/2012<\/a><\/strong><br>Estabelece procedimentos para a altera\u00e7\u00e3o de dados cadastrais de alunos e ex-alunos da Universidade Estadual de Londrina que tiveram seus nomes ou sobrenomes alterados legalmente<\/p>\n\n\n\n<p><strong><a href=\"https:\/\/sites.uel.br\/prograd\/wp-content\/uploads\/documentos\/instrucoes_servico\/2012\/instrucao_servico_04_12.pdf\" target=\"_blank\" rel=\"noreferrer noopener\">Instru\u00e7\u00e3o de Servi\u00e7o Prograd n\u00ba 004\/2012<\/a><\/strong><br>Estabelece procedimentos relativos \u00e0 Dispensa do ENADE 2012<\/p>\n\n\n\n<p><strong><a href=\"https:\/\/sites.uel.br\/prograd\/wp-content\/uploads\/documentos\/instrucoes_servico\/2012\/instrucao_servico_03_12.pdf\" target=\"_blank\" rel=\"noreferrer noopener\">Instru\u00e7\u00e3o de Servi\u00e7o Prograd n\u00ba 003\/2012<\/a><\/strong><br>Disp\u00f5e sobre o prazo para registro de avalia\u00e7\u00e3o das disciplinas ofertadas pelo Programa Emergencial de Forma\u00e7\u00e3o de Professores da Educa\u00e7\u00e3o B\u00e1sica<\/p>\n\n\n\n<p><strong><a href=\"https:\/\/sites.uel.br\/prograd\/wp-content\/uploads\/documentos\/instrucoes_servico\/2012\/instrucao_servico_02_12.pdf\" target=\"_blank\" rel=\"noreferrer noopener\">Instru\u00e7\u00e3o de Servi\u00e7o Prograd n\u00ba 002\/2012<\/a><\/strong><br>Disp\u00f5e sobre o prazo para registro de avalia\u00e7\u00e3o das disciplinas ofertadas pelo Programa Emergencial de Forma\u00e7\u00e3o de Professores da Educa\u00e7\u00e3o B\u00e1sica<\/p>\n\n\n\n<p><strong><a href=\"https:\/\/sites.uel.br\/prograd\/wp-content\/uploads\/documentos\/instrucoes_servico\/2012\/instrucao_servico_01_12.pdf\" target=\"_blank\" rel=\"noreferrer noopener\">Instru\u00e7\u00e3o de Servi\u00e7o Prograd n\u00ba 001\/2012<\/a><\/strong><br>Estabelece procedimentos relativos \u00e0 Dispensa do ENADE 2011<\/p>\n","protected":false},"excerpt":{"rendered":"<p>PROGRAD 2012 Instru\u00e7\u00e3o de Servi\u00e7o Prograd n\u00ba 006\/2012Estabelece procedimentos para a altera\u00e7\u00e3o de dados cadastrais de alunos e ex-alunos da Universidade Estadual de Londrina que tiveram seus nomes ou sobrenomes alterados legalmente Instru\u00e7\u00e3o de Servi\u00e7o Prograd n\u00ba 004\/2012Estabelece procedimentos relativos \u00e0 Dispensa do ENADE 2012 Instru\u00e7\u00e3o de Servi\u00e7o Prograd n\u00ba 003\/2012Disp\u00f5e sobre o prazo para [&hellip;]<\/p>\n","protected":false},"author":8,"featured_media":0,"parent":0,"menu_order":0,"comment_status":"closed","ping_status":"closed","template":"","meta":{"_acf_changed":false,"_themeisle_gutenberg_block_has_review":false,"footnotes":""},"class_list":["post-2221","page","type-page","status-publish","hentry"],"acf":[],"_links":{"self":[{"href":"https:\/\/sites.uel.br\/prograd\/wp-json\/wp\/v2\/pages\/2221","targetHints":{"allow":["GET"]}}],"collection":[{"href":"https:\/\/sites.uel.br\/prograd\/wp-json\/wp\/v2\/pages"}],"about":[{"href":"https:\/\/sites.uel.br\/prograd\/wp-json\/wp\/v2\/types\/page"}],"author":[{"embeddable":true,"href":"https:\/\/sites.uel.br\/prograd\/wp-json\/wp\/v2\/users\/8"}],"replies":[{"embeddable":true,"href":"https:\/\/sites.uel.br\/prograd\/wp-json\/wp\/v2\/comments?post=2221"}],"version-history":[{"count":11,"href":"https:\/\/sites.uel.br\/prograd\/wp-json\/wp\/v2\/pages\/2221\/revisions"}],"predecessor-version":[{"id":30232,"href":"https:\/\/sites.uel.br\/prograd\/wp-json\/wp\/v2\/pages\/2221\/revisions\/30232"}],"wp:attachment":[{"href":"https:\/\/sites.uel.br\/prograd\/wp-json\/wp\/v2\/media?parent=2221"}],"curies":[{"name":"wp","href":"https:\/\/api.w.org\/{rel}","templated":true}]}}

Instruções de Serviço

<hr class="wp-block-separator has-alpha-channel-opacity is-style-wide"/>



<h2 class="wp-block-heading">PROGRAD</h2>



<h4 class="wp-block-heading">2012</h4>



<div style="height:20px" aria-hidden="true" class="wp-block-spacer"></div>



<p><strong><a href="https://sites.uel.br/prograd/wp-content/uploads/documentos/instrucoes_servico/2012/instrucao_servico_06_12.pdf" target="_blank" rel="noreferrer noopener">Instrução de Serviço Prograd nº 006/2012</a></strong><br>Estabelece procedimentos para a alteração de dados cadastrais de alunos e ex-alunos da Universidade Estadual de Londrina que tiveram seus nomes ou sobrenomes alterados legalmente</p>



<p><strong><a href="https://sites.uel.br/prograd/wp-content/uploads/documentos/instrucoes_servico/2012/instrucao_servico_04_12.pdf" target="_blank" rel="noreferrer noopener">Instrução de Serviço Prograd nº 004/2012</a></strong><br>Estabelece procedimentos relativos à Dispensa do ENADE 2012</p>



<p><strong><a href="https://sites.uel.br/prograd/wp-content/uploads/documentos/instrucoes_servico/2012/instrucao_servico_03_12.pdf" target="_blank" rel="noreferrer noopener">Instrução de Serviço Prograd nº 003/2012</a></strong><br>Dispõe sobre o prazo para registro de avaliação das disciplinas ofertadas pelo Programa Emergencial de Formação de Professores da Educação Básica</p>



<p><strong><a href="https://sites.uel.br/prograd/wp-content/uploads/documentos/instrucoes_servico/2012/instrucao_servico_02_12.pdf" target="_blank" rel="noreferrer noopener">Instrução de Serviço Prograd nº 002/2012</a></strong><br>Dispõe sobre o prazo para registro de avaliação das disciplinas ofertadas pelo Programa Emergencial de Formação de Professores da Educação Básica</p>



<p><strong><a href="https://sites.uel.br/prograd/wp-content/uploads/documentos/instrucoes_servico/2012/instrucao_servico_01_12.pdf" target="_blank" rel="noreferrer noopener">Instrução de Serviço Prograd nº 001/2012</a></strong><br>Estabelece procedimentos relativos à Dispensa do ENADE 2011</p>

<p>PROGRAD 2012 Instrução de Serviço Prograd nº 006/2012Estabelece procedimentos para a alteração de dados cadastrais de alunos e ex-alunos da Universidade Estadual de Londrina que tiveram seus nomes ou sobrenomes alterados legalmente Instrução de Serviço Prograd nº 004/2012Estabelece procedimentos relativos à Dispensa do ENADE 2012 Instrução de Serviço Prograd nº 003/2012Dispõe sobre o prazo para [&hellip;]</p>
