{"id":2217,"date":"2023-04-04T09:40:35","date_gmt":"2023-04-04T12:40:35","guid":{"rendered":"https:\/\/sites.uel.br\/prograd\/?page_id=2217"},"modified":"2024-05-23T14:38:10","modified_gmt":"2024-05-23T17:38:10","slug":"instrucoes-de-servico-2014","status":"publish","type":"page","link":"https:\/\/sites.uel.br\/prograd\/instrucoes-de-servico-2014\/","title":{"rendered":"Instru\u00e7\u00f5es de Servi\u00e7o"},"content":{"rendered":"\n<hr class=\"wp-block-separator has-alpha-channel-opacity is-style-wide\"\/>\n\n\n\n<h2 class=\"wp-block-heading\">PROGRAD<\/h2>\n\n\n\n<h4 class=\"wp-block-heading\">2014<\/h4>\n\n\n\n<div style=\"height:20px\" aria-hidden=\"true\" class=\"wp-block-spacer\"><\/div>\n\n\n\n<p><strong><a href=\"https:\/\/sites.uel.br\/prograd\/wp-content\/uploads\/documentos\/instrucoes_servico\/2014\/instrucao_servico_05_14.pdf\" target=\"_blank\" rel=\"noreferrer noopener\">Instru\u00e7\u00e3o de Servi\u00e7o Prograd n\u00ba 005\/2014<\/a><\/strong><br>Estabelece procedimentos relativos \u00e0 Dispensa do Enade 2014<\/p>\n\n\n\n<p><strong><a href=\"https:\/\/sites.uel.br\/prograd\/wp-content\/uploads\/documentos\/instrucoes_servico\/2014\/instrucao_servico_04_14.pdf\" target=\"_blank\" rel=\"noreferrer noopener\">Instru\u00e7\u00e3o de Servi\u00e7o Prograd n\u00ba 004\/2014<\/a><\/strong><br>Estabelece procedimentos para o protocolo de solicita\u00e7\u00e3o de tratamento especial para a participa\u00e7\u00e3o de estudantes em eventos culturais, art\u00edsticos, cient\u00edficos, desportivos e exerc\u00edcio ou manobra militar<\/p>\n\n\n\n<p><strong><a href=\"https:\/\/sites.uel.br\/prograd\/wp-content\/uploads\/documentos\/instrucoes_servico\/2014\/instrucao_servico_03_14.pdf\" target=\"_blank\" rel=\"noreferrer noopener\">Instru\u00e7\u00e3o de Servi\u00e7o Prograd n\u00ba 003\/2014<\/a><\/strong><br>Estabelece os procedimentos para a concess\u00e3o de licen\u00e7a para acompanhamento de pessoa da fam\u00edlia, por motivo de doen\u00e7a grave, aos estudantes da Universidade Estadual de Londrina (UEL)<\/p>\n\n\n\n<p><strong><a href=\"https:\/\/sites.uel.br\/prograd\/wp-content\/uploads\/documentos\/instrucoes_servico\/2014\/instrucao_servico_02_14.pdf\" target=\"_blank\" rel=\"noreferrer noopener\">Instru\u00e7\u00e3o de Servi\u00e7o Prograd n\u00ba 002\/2014<\/a><\/strong><br>Estabelece os procedimentos para a concess\u00e3o de licen\u00e7a por motivo de luto aos estudantes da Universidade Estadual de Londrina (UEL)<\/p>\n\n\n\n<p><strong><a href=\"https:\/\/sites.uel.br\/prograd\/wp-content\/uploads\/documentos\/instrucoes_servico\/2014\/instrucao_servico_01_14.pdf\" target=\"_blank\" rel=\"noreferrer noopener\">Instru\u00e7\u00e3o de Servi\u00e7o Prograd n\u00ba 001\/2014<\/a><\/strong><br>Estabelece procedimentos e prazos relativos \u00e0 tramita\u00e7\u00e3o dos processos de adequa\u00e7\u00e3o, reformula\u00e7\u00e3o ou cria\u00e7\u00e3o de Projetos Pedag\u00f3gicos dos Cursos de Gradua\u00e7\u00e3o<\/p>\n","protected":false},"excerpt":{"rendered":"<p>PROGRAD 2014 Instru\u00e7\u00e3o de Servi\u00e7o Prograd n\u00ba 005\/2014Estabelece procedimentos relativos \u00e0 Dispensa do Enade 2014 Instru\u00e7\u00e3o de Servi\u00e7o Prograd n\u00ba 004\/2014Estabelece procedimentos para o protocolo de solicita\u00e7\u00e3o de tratamento especial para a participa\u00e7\u00e3o de estudantes em eventos culturais, art\u00edsticos, cient\u00edficos, desportivos e exerc\u00edcio ou manobra militar Instru\u00e7\u00e3o de Servi\u00e7o Prograd n\u00ba 003\/2014Estabelece os procedimentos para [&hellip;]<\/p>\n","protected":false},"author":8,"featured_media":0,"parent":0,"menu_order":0,"comment_status":"closed","ping_status":"closed","template":"","meta":{"_acf_changed":false,"_themeisle_gutenberg_block_has_review":false,"footnotes":""},"class_list":["post-2217","page","type-page","status-publish","hentry"],"acf":[],"_links":{"self":[{"href":"https:\/\/sites.uel.br\/prograd\/wp-json\/wp\/v2\/pages\/2217","targetHints":{"allow":["GET"]}}],"collection":[{"href":"https:\/\/sites.uel.br\/prograd\/wp-json\/wp\/v2\/pages"}],"about":[{"href":"https:\/\/sites.uel.br\/prograd\/wp-json\/wp\/v2\/types\/page"}],"author":[{"embeddable":true,"href":"https:\/\/sites.uel.br\/prograd\/wp-json\/wp\/v2\/users\/8"}],"replies":[{"embeddable":true,"href":"https:\/\/sites.uel.br\/prograd\/wp-json\/wp\/v2\/comments?post=2217"}],"version-history":[{"count":15,"href":"https:\/\/sites.uel.br\/prograd\/wp-json\/wp\/v2\/pages\/2217\/revisions"}],"predecessor-version":[{"id":30234,"href":"https:\/\/sites.uel.br\/prograd\/wp-json\/wp\/v2\/pages\/2217\/revisions\/30234"}],"wp:attachment":[{"href":"https:\/\/sites.uel.br\/prograd\/wp-json\/wp\/v2\/media?parent=2217"}],"curies":[{"name":"wp","href":"https:\/\/api.w.org\/{rel}","templated":true}]}}