{"id":2213,"date":"2023-04-04T09:40:06","date_gmt":"2023-04-04T12:40:06","guid":{"rendered":"https:\/\/sites.uel.br\/prograd\/?page_id=2213"},"modified":"2024-05-23T14:38:18","modified_gmt":"2024-05-23T17:38:18","slug":"instrucoes-de-servico-2016","status":"publish","type":"page","link":"https:\/\/sites.uel.br\/prograd\/instrucoes-de-servico-2016\/","title":{"rendered":"Instru\u00e7\u00f5es de Servi\u00e7o"},"content":{"rendered":"\n<hr class=\"wp-block-separator has-alpha-channel-opacity is-style-wide\"\/>\n\n\n\n<h2 class=\"wp-block-heading\">PROGRAD<\/h2>\n\n\n\n<h4 class=\"wp-block-heading\">2016<\/h4>\n\n\n\n<div style=\"height:20px\" aria-hidden=\"true\" class=\"wp-block-spacer\"><\/div>\n\n\n\n<p><strong><a href=\"https:\/\/sites.uel.br\/prograd\/wp-content\/uploads\/documentos\/instrucoes_servico\/2016\/instrucao_servico_04_16.pdf\" target=\"_blank\" rel=\"noreferrer noopener\">Instru\u00e7\u00e3o de Servi\u00e7o Prograd n\u00ba 004\/2016<\/a><\/strong><br>Disp\u00f5e sobre procedimentos para o Registro de Frequ\u00eancia tendo em vista o Calend\u00e1rio Acad\u00eamico Complementar &#8211; Ano Letivo 2016 e Calend\u00e1rio Acad\u00eamico de Reposi\u00e7\u00e3o &#8211; Ano Letivo 2016<\/p>\n\n\n\n<p><strong><a href=\"https:\/\/sites.uel.br\/prograd\/wp-content\/uploads\/documentos\/instrucoes_servico\/2016\/instrucao_servico_02_16.pdf\" target=\"_blank\" rel=\"noreferrer noopener\">Instru\u00e7\u00e3o de Servi\u00e7o Prograd n\u00ba 002\/2016<\/a><\/strong><br>Estabelece procedimentos relativos \u00e0 Revalida\u00e7\u00e3o de Diplomas do Curso de Gradua\u00e7\u00e3o em Medicina por meio do processo REVALIDA<\/p>\n\n\n\n<p><strong><a href=\"https:\/\/sites.uel.br\/prograd\/wp-content\/uploads\/documentos\/instrucoes_servico\/2016\/instrucao_servico_01_16.pdf\" target=\"_blank\" rel=\"noreferrer noopener\">Instru\u00e7\u00e3o de Servi\u00e7o Prograd n\u00ba 001\/2016<\/a><\/strong><br>Estabelece prazos e procedimentos para tramita\u00e7\u00e3o dos processos de adequa\u00e7\u00e3o, reformula\u00e7\u00e3o ou cria\u00e7\u00e3o de Projetos Pedag\u00f3gicos dos Cursos de Gradua\u00e7\u00e3o<\/p>\n","protected":false},"excerpt":{"rendered":"<p>PROGRAD 2016 Instru\u00e7\u00e3o de Servi\u00e7o Prograd n\u00ba 004\/2016Disp\u00f5e sobre procedimentos para o Registro de Frequ\u00eancia tendo em vista o Calend\u00e1rio Acad\u00eamico Complementar &#8211; Ano Letivo 2016 e Calend\u00e1rio Acad\u00eamico de Reposi\u00e7\u00e3o &#8211; Ano Letivo 2016 Instru\u00e7\u00e3o de Servi\u00e7o Prograd n\u00ba 002\/2016Estabelece procedimentos relativos \u00e0 Revalida\u00e7\u00e3o de Diplomas do Curso de Gradua\u00e7\u00e3o em Medicina por meio [&hellip;]<\/p>\n","protected":false},"author":8,"featured_media":0,"parent":0,"menu_order":0,"comment_status":"closed","ping_status":"closed","template":"","meta":{"_acf_changed":false,"_themeisle_gutenberg_block_has_review":false,"footnotes":""},"class_list":["post-2213","page","type-page","status-publish","hentry"],"acf":[],"_links":{"self":[{"href":"https:\/\/sites.uel.br\/prograd\/wp-json\/wp\/v2\/pages\/2213","targetHints":{"allow":["GET"]}}],"collection":[{"href":"https:\/\/sites.uel.br\/prograd\/wp-json\/wp\/v2\/pages"}],"about":[{"href":"https:\/\/sites.uel.br\/prograd\/wp-json\/wp\/v2\/types\/page"}],"author":[{"embeddable":true,"href":"https:\/\/sites.uel.br\/prograd\/wp-json\/wp\/v2\/users\/8"}],"replies":[{"embeddable":true,"href":"https:\/\/sites.uel.br\/prograd\/wp-json\/wp\/v2\/comments?post=2213"}],"version-history":[{"count":10,"href":"https:\/\/sites.uel.br\/prograd\/wp-json\/wp\/v2\/pages\/2213\/revisions"}],"predecessor-version":[{"id":30236,"href":"https:\/\/sites.uel.br\/prograd\/wp-json\/wp\/v2\/pages\/2213\/revisions\/30236"}],"wp:attachment":[{"href":"https:\/\/sites.uel.br\/prograd\/wp-json\/wp\/v2\/media?parent=2213"}],"curies":[{"name":"wp","href":"https:\/\/api.w.org\/{rel}","templated":true}]}}

Instruções de Serviço

<hr class="wp-block-separator has-alpha-channel-opacity is-style-wide"/>



<h2 class="wp-block-heading">PROGRAD</h2>



<h4 class="wp-block-heading">2016</h4>



<div style="height:20px" aria-hidden="true" class="wp-block-spacer"></div>



<p><strong><a href="https://sites.uel.br/prograd/wp-content/uploads/documentos/instrucoes_servico/2016/instrucao_servico_04_16.pdf" target="_blank" rel="noreferrer noopener">Instrução de Serviço Prograd nº 004/2016</a></strong><br>Dispõe sobre procedimentos para o Registro de Frequência tendo em vista o Calendário Acadêmico Complementar &#8211; Ano Letivo 2016 e Calendário Acadêmico de Reposição &#8211; Ano Letivo 2016</p>



<p><strong><a href="https://sites.uel.br/prograd/wp-content/uploads/documentos/instrucoes_servico/2016/instrucao_servico_02_16.pdf" target="_blank" rel="noreferrer noopener">Instrução de Serviço Prograd nº 002/2016</a></strong><br>Estabelece procedimentos relativos à Revalidação de Diplomas do Curso de Graduação em Medicina por meio do processo REVALIDA</p>



<p><strong><a href="https://sites.uel.br/prograd/wp-content/uploads/documentos/instrucoes_servico/2016/instrucao_servico_01_16.pdf" target="_blank" rel="noreferrer noopener">Instrução de Serviço Prograd nº 001/2016</a></strong><br>Estabelece prazos e procedimentos para tramitação dos processos de adequação, reformulação ou criação de Projetos Pedagógicos dos Cursos de Graduação</p>

<p>PROGRAD 2016 Instrução de Serviço Prograd nº 004/2016Dispõe sobre procedimentos para o Registro de Frequência tendo em vista o Calendário Acadêmico Complementar &#8211; Ano Letivo 2016 e Calendário Acadêmico de Reposição &#8211; Ano Letivo 2016 Instrução de Serviço Prograd nº 002/2016Estabelece procedimentos relativos à Revalidação de Diplomas do Curso de Graduação em Medicina por meio [&hellip;]</p>
