{"id":2211,"date":"2023-04-04T09:39:52","date_gmt":"2023-04-04T12:39:52","guid":{"rendered":"https:\/\/sites.uel.br\/prograd\/?page_id=2211"},"modified":"2024-05-23T14:38:22","modified_gmt":"2024-05-23T17:38:22","slug":"instrucoes-de-servico-2017","status":"publish","type":"page","link":"https:\/\/sites.uel.br\/prograd\/instrucoes-de-servico-2017\/","title":{"rendered":"Instru\u00e7\u00f5es de Servi\u00e7o"},"content":{"rendered":"\n<hr class=\"wp-block-separator has-alpha-channel-opacity is-style-wide\"\/>\n\n\n\n<h2 class=\"wp-block-heading\">PROGRAD<\/h2>\n\n\n\n<h4 class=\"wp-block-heading\">2017<\/h4>\n\n\n\n<div style=\"height:20px\" aria-hidden=\"true\" class=\"wp-block-spacer\"><\/div>\n\n\n\n<p><strong><a href=\"https:\/\/sites.uel.br\/prograd\/wp-content\/uploads\/documentos\/instrucoes_servico\/2017\/instrucao_servico_04_17.pdf\" target=\"_blank\" rel=\"noreferrer noopener\">Instru\u00e7\u00e3o de Servi\u00e7o Prograd n\u00ba 004\/2017<\/a><\/strong><br>Estabelece procedimentos e prazos para a tramita\u00e7\u00e3o dos processos de reformula\u00e7\u00e3o ou cria\u00e7\u00e3o de Projetos Pedag\u00f3gicos dos Cursos de Gradua\u00e7\u00e3o, a vigorar a partir do ano letivo de 2019<\/p>\n\n\n\n<p><strong><a href=\"https:\/\/sites.uel.br\/prograd\/wp-content\/uploads\/documentos\/instrucoes_servico\/2017\/instrucao_servico_03_17.pdf\" target=\"_blank\" rel=\"noreferrer noopener\">Instru\u00e7\u00e3o de Servi\u00e7o Prograd n\u00ba 003\/2017<\/a><\/strong><br>Estabelece procedimentos para a expedi\u00e7\u00e3o e registro de segunda ou mais vias de diploma de curso de gradua\u00e7\u00e3o na Universidade Estadual de Londrina<\/p>\n\n\n\n<p><strong><a href=\"https:\/\/sites.uel.br\/prograd\/wp-content\/uploads\/documentos\/instrucoes_servico\/2017\/instrucao_servico_02_17.pdf\" target=\"_blank\" rel=\"noreferrer noopener\">Instru\u00e7\u00e3o de Servi\u00e7o Prograd n\u00ba 002\/2017<\/a><\/strong><br>Estabelece procedimentos relativos \u00e0 proposta de Oferta e Hor\u00e1rio das Atividades Acad\u00eamicas dos Cursos de Gradua\u00e7\u00e3o<\/p>\n\n\n\n<p><strong><a href=\"https:\/\/sites.uel.br\/prograd\/wp-content\/uploads\/documentos\/instrucoes_servico\/2017\/instrucao_servico_01_17.pdf\" target=\"_blank\" rel=\"noreferrer noopener\">Instru\u00e7\u00e3o de Servi\u00e7o Prograd n\u00ba 001\/2017<\/a><\/strong><br>Estabelece procedimentos relativos \u00e0 Dispensa do Enade 2016<\/p>\n","protected":false},"excerpt":{"rendered":"<p>PROGRAD 2017 Instru\u00e7\u00e3o de Servi\u00e7o Prograd n\u00ba 004\/2017Estabelece procedimentos e prazos para a tramita\u00e7\u00e3o dos processos de reformula\u00e7\u00e3o ou cria\u00e7\u00e3o de Projetos Pedag\u00f3gicos dos Cursos de Gradua\u00e7\u00e3o, a vigorar a partir do ano letivo de 2019 Instru\u00e7\u00e3o de Servi\u00e7o Prograd n\u00ba 003\/2017Estabelece procedimentos para a expedi\u00e7\u00e3o e registro de segunda ou mais vias de diploma [&hellip;]<\/p>\n","protected":false},"author":8,"featured_media":0,"parent":0,"menu_order":0,"comment_status":"closed","ping_status":"closed","template":"","meta":{"_acf_changed":false,"_themeisle_gutenberg_block_has_review":false,"footnotes":""},"class_list":["post-2211","page","type-page","status-publish","hentry"],"acf":[],"_links":{"self":[{"href":"https:\/\/sites.uel.br\/prograd\/wp-json\/wp\/v2\/pages\/2211","targetHints":{"allow":["GET"]}}],"collection":[{"href":"https:\/\/sites.uel.br\/prograd\/wp-json\/wp\/v2\/pages"}],"about":[{"href":"https:\/\/sites.uel.br\/prograd\/wp-json\/wp\/v2\/types\/page"}],"author":[{"embeddable":true,"href":"https:\/\/sites.uel.br\/prograd\/wp-json\/wp\/v2\/users\/8"}],"replies":[{"embeddable":true,"href":"https:\/\/sites.uel.br\/prograd\/wp-json\/wp\/v2\/comments?post=2211"}],"version-history":[{"count":10,"href":"https:\/\/sites.uel.br\/prograd\/wp-json\/wp\/v2\/pages\/2211\/revisions"}],"predecessor-version":[{"id":30237,"href":"https:\/\/sites.uel.br\/prograd\/wp-json\/wp\/v2\/pages\/2211\/revisions\/30237"}],"wp:attachment":[{"href":"https:\/\/sites.uel.br\/prograd\/wp-json\/wp\/v2\/media?parent=2211"}],"curies":[{"name":"wp","href":"https:\/\/api.w.org\/{rel}","templated":true}]}}