{"id":1957,"date":"2023-03-30T16:48:58","date_gmt":"2023-03-30T19:48:58","guid":{"rendered":"https:\/\/sites.uel.br\/prograd\/?page_id=1957"},"modified":"2024-02-08T14:43:55","modified_gmt":"2024-02-08T17:43:55","slug":"resolucoes-2008","status":"publish","type":"page","link":"https:\/\/sites.uel.br\/prograd\/resolucoes-2008\/","title":{"rendered":"Resolu\u00e7\u00f5es"},"content":{"rendered":"\n<hr class=\"wp-block-separator has-alpha-channel-opacity is-style-wide\"\/>\n\n\n\n<h4 class=\"wp-block-heading has-text-align-left\" style=\"font-size:25px\">2008<\/h4>\n\n\n\n<div style=\"height:20px\" aria-hidden=\"true\" class=\"wp-block-spacer\"><\/div>\n\n\n\n<h4 class=\"wp-block-heading\" style=\"font-size:25px\">CA<\/h4>\n\n\n\n<p><strong><a rel=\"noreferrer noopener\" href=\"https:\/\/sites.uel.br\/prograd\/wp-content\/uploads\/documentos\/resolucoes\/2008\/resolucao_184_08.pdf\" target=\"_blank\">Resolu\u00e7\u00e3o CA n\u00ba 0184\/2008<\/a><\/strong><br>Estabelece o n\u00famero de vagas da Bolsa Ensino<\/p>\n\n\n\n<p><strong><a rel=\"noreferrer noopener\" href=\"https:\/\/sites.uel.br\/prograd\/wp-content\/uploads\/documentos\/resolucoes\/2008\/resolucao_183_08.pdf\" target=\"_blank\">Resolu\u00e7\u00e3o CA n\u00ba 0183\/2008<\/a><\/strong><br>Institui a Prova Pedestre Universit\u00e1ria Cidade de Londrina como parte das comemora\u00e7\u00f5es do anivers\u00e1rio de funda\u00e7\u00e3o da Universidade Estadual de Londrina<\/p>\n\n\n\n<p><strong><a rel=\"noreferrer noopener\" href=\"https:\/\/sites.uel.br\/prograd\/wp-content\/uploads\/documentos\/resolucoes\/2008\/resolucao_174_08.pdf\" target=\"_blank\">Resolu\u00e7\u00e3o CA n\u00ba 0174\/2008<\/a><\/strong><br>Disp\u00f5e sobre pre\u00e7o p\u00fablico para expedi\u00e7\u00e3o de documentos e presta\u00e7\u00e3o de servi\u00e7os constantes do Anexo I<\/p>\n\n\n\n<p><strong><a rel=\"noreferrer noopener\" href=\"https:\/\/sites.uel.br\/prograd\/wp-content\/uploads\/documentos\/resolucoes\/2008\/resolucao_152_08.pdf\" target=\"_blank\">Resolu\u00e7\u00e3o CA n\u00ba 0152\/2008<\/a><\/strong><br>Estabelece os novos n\u00fameros de vagas e valores das Bolsas da Universidade Estadual de Londrina<\/p>\n\n\n\n<p><strong><a rel=\"noreferrer noopener\" href=\"https:\/\/sites.uel.br\/prograd\/wp-content\/uploads\/documentos\/resolucoes\/2008\/resolucao_136_08.pdf\" target=\"_blank\">Resolu\u00e7\u00e3o CA n\u00ba 0136\/2008<\/a><\/strong><br>Estabelece procedimentos referentes \u00e0 carga hor\u00e1ria contratual de docentes que atuam no ensino da L\u00edngua Brasileira de Sinais &#8211; Libras na Universidade Estadual de Londrina<\/p>\n\n\n\n<p><strong><a rel=\"noreferrer noopener\" href=\"https:\/\/sites.uel.br\/prograd\/wp-content\/uploads\/documentos\/resolucoes\/2008\/resolucao_56_08.pdf\" target=\"_blank\">Resolu\u00e7\u00e3o CA n\u00ba 0056\/2008<\/a><\/strong><br>Estabelece o n\u00famero de vagas e o valor da Bolsa Ensino, para o ano letivo de 2008<\/p>\n\n\n\n<p><strong><a rel=\"noreferrer noopener\" href=\"https:\/\/sites.uel.br\/prograd\/wp-content\/uploads\/documentos\/resolucoes\/2008\/resolucao_28_08.pdf\" target=\"_blank\">Resolu\u00e7\u00e3o CA n\u00ba 0028\/2008<\/a><\/strong><br>Aprova o Regimento e o Regulamento da Moradia Estudantil da UEL &#8211; Universidade Estadual de Londrina<\/p>\n\n\n\n<p><strong><a rel=\"noreferrer noopener\" href=\"https:\/\/sites.uel.br\/prograd\/wp-content\/uploads\/documentos\/resolucoes\/2008\/resolucao_27_08.pdf\" target=\"_blank\">Resolu\u00e7\u00e3o CA n\u00ba 0027\/2008<\/a><\/strong><br>Regulamenta a concess\u00e3o de seguro para alunos matriculados nas disciplinas FIT008(Sa\u00fade Coletiva II) e 6FIT017(Sa\u00fade Coletiva III), do Curso de Fisioterapia<\/p>\n\n\n\n<div style=\"height:20px\" aria-hidden=\"true\" class=\"wp-block-spacer\"><\/div>\n\n\n\n<h4 class=\"wp-block-heading\" style=\"font-size:25px\">CEPE<\/h4>\n\n\n\n<p><strong><a rel=\"noreferrer noopener\" href=\"https:\/\/sites.uel.br\/prograd\/wp-content\/uploads\/documentos\/resolucoes\/2008\/resolucao_187_08.pdf\" target=\"_blank\">Resolu\u00e7\u00e3o CEPE n\u00ba 0187\/2008<\/a><\/strong><br>Acrescenta par\u00e1grafo \u00fanico ao Art. 8\u00ba da Resolu\u00e7\u00e3o CEPE n\u00ba 172\/2007, que regulamenta a concess\u00e3o de dilata\u00e7\u00e3o de prazo para a conclus\u00e3o de Cursos de Gradua\u00e7\u00e3o<\/p>\n\n\n\n<p><strong><a href=\"https:\/\/sites.uel.br\/prograd\/wp-content\/uploads\/documentos\/resolucoes\/2008\/resolucao_186_08.pdf\" target=\"_blank\" rel=\"noreferrer noopener\">Resolu\u00e7\u00e3o CEPE n\u00ba 0186\/2008<\/a><\/strong><br>Obs: Revogada conforme&nbsp;<a href=\"https:\/\/sites.uel.br\/prograd\/wp-content\/uploads\/documentos\/resolucoes\/2022\/resolucao_116_22.pdf\" target=\"_blank\" rel=\"noreferrer noopener\">Resolu\u00e7\u00e3o CEPE n\u00ba 116\/2022<\/a><br>Disp\u00f5e sobre a revalida\u00e7\u00e3o de diplomas de Cursos de Gradua\u00e7\u00e3o expedidos por estabelecimentos estrangeiros de ensino superior na UEL<\/p>\n\n\n\n<p><strong><a rel=\"noreferrer noopener\" href=\"https:\/\/sites.uel.br\/prograd\/wp-content\/uploads\/documentos\/resolucoes\/2008\/resolucao_178_08.pdf\" target=\"_blank\">Resolu\u00e7\u00e3o CEPE n\u00ba 0178\/2008<\/a><\/strong><br>Disp\u00f5e sobre carga hor\u00e1ria m\u00ednima dos Cursos de Gradua\u00e7\u00e3o da UEL e d\u00e1 outras provid\u00eancias<\/p>\n\n\n\n<p><strong><a rel=\"noreferrer noopener\" href=\"https:\/\/sites.uel.br\/prograd\/wp-content\/uploads\/documentos\/resolucoes\/2008\/resolucao_166_08.pdf\" target=\"_blank\">Resolu\u00e7\u00e3o CEPE n\u00ba 0166\/2008<\/a><\/strong><br>Regulamenta o Est\u00e1gio de Gradua\u00e7\u00e3o da Universidade Estadual de Londrina<\/p>\n\n\n\n<p><strong><a rel=\"noreferrer noopener\" href=\"https:\/\/sites.uel.br\/prograd\/wp-content\/uploads\/documentos\/resolucoes\/2008\/resolucao_160_08.pdf\" target=\"_blank\">Resolu\u00e7\u00e3o CEPE n\u00ba 0160\/2008<\/a><\/strong><br>Revoga a Resolu\u00e7\u00e3o CEPE n\u00ba 0138\/2008<\/p>\n\n\n\n<p><strong><a rel=\"noreferrer noopener\" href=\"https:\/\/sites.uel.br\/prograd\/wp-content\/uploads\/documentos\/resolucoes\/2008\/resolucao_156_08.pdf\" target=\"_blank\">Resolu\u00e7\u00e3o CEPE n\u00ba 0156\/2008<\/a><\/strong><br>Regulamenta a concess\u00e3o de certificados de honra ao m\u00e9rito aos estudantes concluintes dos Cursos de Gradua\u00e7\u00e3o da UEL<\/p>\n\n\n\n<p><strong><a rel=\"noreferrer noopener\" href=\"https:\/\/sites.uel.br\/prograd\/wp-content\/uploads\/documentos\/resolucoes\/2008\/resolucao_144_08.pdf\" target=\"_blank\">Resolu\u00e7\u00e3o CEPE n\u00ba 0144\/2008<\/a><\/strong><br>Estabelece o Calend\u00e1rio das Atividades de Ensino dos Cursos de Gradua\u00e7\u00e3o para o ano letivo de 2009<\/p>\n\n\n\n<p><strong><a rel=\"noreferrer noopener\" href=\"https:\/\/sites.uel.br\/prograd\/wp-content\/uploads\/documentos\/resolucoes\/2008\/resolucao_143_08.pdf\" target=\"_blank\">Resolu\u00e7\u00e3o CEPE n\u00ba 0143\/2008<\/a><\/strong><br>Estabelece diretrizes gerais para proposi\u00e7\u00e3o, implanta\u00e7\u00e3o e altera\u00e7\u00e3o de Projetos Pedag\u00f3gicos na Universidade Estadual de Londrina<\/p>\n\n\n\n<p><strong><a rel=\"noreferrer noopener\" href=\"https:\/\/sites.uel.br\/prograd\/wp-content\/uploads\/documentos\/resolucoes\/2008\/resolucao_142_08.pdf\" target=\"_blank\">Resolu\u00e7\u00e3o CEPE n\u00ba 0142\/2008<\/a><\/strong><br>D\u00e1 nova regulamenta\u00e7\u00e3o ao Programa de Forma\u00e7\u00e3o Complementar no Ensino de Gradua\u00e7\u00e3o da Universidade Estadual de Londrina<\/p>\n\n\n\n<p><strong><a rel=\"noreferrer noopener\" href=\"https:\/\/sites.uel.br\/prograd\/wp-content\/uploads\/documentos\/resolucoes\/2008\/resolucao_139_08.pdf\" target=\"_blank\">Resolu\u00e7\u00e3o CEPE n\u00ba 0139\/2008<\/a><\/strong><br>Revoga a suspens\u00e3o de revalida\u00e7\u00e3o de diplomas de Cursos de Gradua\u00e7\u00e3o expedidos por estabelecimentos estrangeiros, a partir do ano letivo de 2009, exceto para cursos vinculados ao Centro de Ci\u00eancias da Sa\u00fade<\/p>\n\n\n\n<p><strong><a rel=\"noreferrer noopener\" href=\"https:\/\/sites.uel.br\/prograd\/wp-content\/uploads\/documentos\/resolucoes\/2008\/resolucao_138_08.pdf\" target=\"_blank\">Resolu\u00e7\u00e3o CEPE n\u00ba 0138\/2008<\/a><\/strong><br>Altera o Calend\u00e1rio das Atividades de Ensino dos Cursos de Gradua\u00e7\u00e3o, referente ao ano letivo de 2008<\/p>\n\n\n\n<p><strong><a rel=\"noreferrer noopener\" href=\"https:\/\/sites.uel.br\/prograd\/wp-content\/uploads\/documentos\/resolucoes\/2008\/resolucao_111_08.pdf\" target=\"_blank\">Resolu\u00e7\u00e3o CEPE n\u00ba 0111\/2008<\/a><\/strong><br>Regulamenta o Processo Seletivo de Transfer\u00eancia Externa para Cursos de Gradua\u00e7\u00e3o da Universidade Estadual de Londrina<\/p>\n\n\n\n<p><strong><a rel=\"noreferrer noopener\" href=\"https:\/\/sites.uel.br\/prograd\/wp-content\/uploads\/documentos\/resolucoes\/2008\/resolucao_110_08.pdf\" target=\"_blank\">Resolu\u00e7\u00e3o CEPE n\u00ba 0110\/2008<\/a><\/strong><br>Regulamenta a adapta\u00e7\u00e3o curricular para estudantes que solicitaram aproveitamento de estudos<\/p>\n\n\n\n<p><strong><a rel=\"noreferrer noopener\" href=\"https:\/\/sites.uel.br\/prograd\/wp-content\/uploads\/documentos\/resolucoes\/2008\/resolucao_97_08.pdf\" target=\"_blank\">Resolu\u00e7\u00e3o CEPE n\u00ba 0097\/2008<\/a><\/strong><br>Regulamenta os procedimentos referentes aos registros Acad\u00eamicos dos estudantes de gradua\u00e7\u00e3o participantes de Conv\u00eanios ou Programas de Interc\u00e2mbio e Mobilidade Acad\u00eamica<\/p>\n\n\n\n<p><strong><a rel=\"noreferrer noopener\" href=\"https:\/\/sites.uel.br\/prograd\/wp-content\/uploads\/documentos\/resolucoes\/2008\/resolucao_96_08.pdf\" target=\"_blank\">Resolu\u00e7\u00e3o CEPE n\u00ba 0096\/2008<\/a><\/strong><br>Aprova o Regulamento Geral de Trabalho de Conclus\u00e3o de Curso de Gradua\u00e7\u00e3o da Universidade Estadual de Londrina<\/p>\n\n\n\n<p><strong><a rel=\"noreferrer noopener\" href=\"https:\/\/sites.uel.br\/prograd\/wp-content\/uploads\/documentos\/resolucoes\/2008\/resolucao_81_08.pdf\" target=\"_blank\">Resolu\u00e7\u00e3o CEPE n\u00ba 0081\/2008<\/a><\/strong><br>Fixa normas e vagas para o Processo Seletivo Vestibular 2009 para Ingresso nos Cursos de Gradua\u00e7\u00e3o da Universidade Estadual de Londrina<\/p>\n\n\n\n<p><strong><a rel=\"noreferrer noopener\" href=\"https:\/\/sites.uel.br\/prograd\/wp-content\/uploads\/documentos\/resolucoes\/2008\/resolucao_80_08.pdf\" target=\"_blank\">Resolu\u00e7\u00e3o CEPE n\u00ba 0080\/2008<\/a><\/strong><br>D\u00e1 nova regulamenta\u00e7\u00e3o a atividade de Monitoria Acad\u00eamica para os Cursos de Gradua\u00e7\u00e3o da Universidade Estadual de Londrina<\/p>\n\n\n\n<p><strong><a rel=\"noreferrer noopener\" href=\"https:\/\/sites.uel.br\/prograd\/wp-content\/uploads\/documentos\/resolucoes\/2008\/resolucao_78_08.pdf\" target=\"_blank\">Resolu\u00e7\u00e3o CEPE n\u00ba 0078\/2008<\/a><\/strong><br>Estabelece o n\u00famero de vagas da Bolsa Especial a alunos da gradua\u00e7\u00e3o em Letras no Laborat\u00f3rio de Letras para o ano de 2008<\/p>\n\n\n\n<p><strong><a rel=\"noreferrer noopener\" href=\"https:\/\/sites.uel.br\/prograd\/wp-content\/uploads\/documentos\/resolucoes\/2008\/resolucao_76_08.pdf\" target=\"_blank\">Resolu\u00e7\u00e3o CEPE n\u00ba 0076\/2008<\/a><\/strong><br>Altera o Art. 20, \u00a7 2\u00ba, da Resolu\u00e7\u00e3o CEPE n\u00ba 146\/2007, que regulamenta procedimentos acad\u00eamicos e administrativos dos Cursos de Gradua\u00e7\u00e3o<\/p>\n\n\n\n<p><strong><a rel=\"noreferrer noopener\" href=\"https:\/\/sites.uel.br\/prograd\/wp-content\/uploads\/documentos\/resolucoes\/2008\/resolucao_75_08.pdf\" target=\"_blank\">Resolu\u00e7\u00e3o CEPE n\u00ba 0075\/2008<\/a><\/strong><br>Revoga o \u00a7 4\u00ba do Art. 2\u00ba da Resolu\u00e7\u00e3o CEPE n\u00ba 70\/2002, com reda\u00e7\u00e3o que lhe deu a Resolu\u00e7\u00e3o CEPE n\u00ba 68\/2003<\/p>\n\n\n\n<p><strong><a rel=\"noreferrer noopener\" href=\"https:\/\/sites.uel.br\/prograd\/wp-content\/uploads\/documentos\/resolucoes\/2008\/resolucao_74_08.pdf\" target=\"_blank\">Resolu\u00e7\u00e3o CEPE n\u00ba 0074\/2008<\/a><\/strong><br>Estabelece o n\u00famero de vagas na Universidade Estadual de Londrina para atender ao Programa Estudantes &#8211; Conv\u00eanio de Gradua\u00e7\u00e3o &#8211; PEC-G, do Minist\u00e9rio das Rela\u00e7\u00f5es Exteriores e do Minist\u00e9rio da Educa\u00e7\u00e3o<\/p>\n\n\n\n<p><strong><a rel=\"noreferrer noopener\" href=\"https:\/\/sites.uel.br\/prograd\/wp-content\/uploads\/documentos\/resolucoes\/2008\/resolucao_15_08.pdf\" target=\"_blank\">Resolu\u00e7\u00e3o CEPE n\u00ba 0015\/2008<\/a><\/strong><br>Altera o Calend\u00e1rio das Atividades de Ensino dos Cursos de Gradua\u00e7\u00e3o, referente ao ano letivo de 2008<\/p>\n\n\n\n<p><strong><a rel=\"noreferrer noopener\" href=\"https:\/\/sites.uel.br\/prograd\/wp-content\/uploads\/documentos\/resolucoes\/2008\/resolucao_14_08.pdf\" target=\"_blank\">Resolu\u00e7\u00e3o CEPE n\u00ba 0014\/2008<\/a><\/strong><br>Regulamenta o est\u00e1gio de gradua\u00e7\u00e3o dos estudantes de outras Institui\u00e7\u00f5es de Ensino Superior &#8211; IES no \u00e2mbito da Universidade Estadual de Londrina<\/p>\n\n\n\n<div style=\"height:20px\" aria-hidden=\"true\" class=\"wp-block-spacer\"><\/div>\n\n\n\n<h4 class=\"wp-block-heading\" style=\"font-size:25px\">CEPE\/CA<\/h4>\n\n\n\n<p><strong><a rel=\"noreferrer noopener\" href=\"https:\/\/sites.uel.br\/prograd\/wp-content\/uploads\/documentos\/resolucoes\/2008\/resolucao_177_08.pdf\" target=\"_blank\">Resolu\u00e7\u00e3o CEPE\/CA n\u00ba 0177\/2008<\/a><\/strong><br>Regulamenta a recep\u00e7\u00e3o de estudantes ingressantes e dispositivos referentes ao trote<\/p>\n\n\n\n<p><strong><a rel=\"noreferrer noopener\" href=\"https:\/\/sites.uel.br\/prograd\/wp-content\/uploads\/documentos\/resolucoes\/2008\/resolucao_137_08.pdf\" target=\"_blank\">Resolu\u00e7\u00e3o CEPE\/CA n\u00ba 0137\/2008<\/a><\/strong><br>Estabelece a gratuidade da primeira via de Certificado, Diploma e Hist\u00f3rico Escolar Oficial para estudante de gradua\u00e7\u00e3o<\/p>\n\n\n\n<p><strong><a rel=\"noreferrer noopener\" href=\"https:\/\/sites.uel.br\/prograd\/wp-content\/uploads\/documentos\/resolucoes\/2008\/resolucao_08_08.pdf\" target=\"_blank\">Resolu\u00e7\u00e3o CEPE\/CA n\u00ba 0008\/2008<\/a><\/strong><br>Estabelece adequa\u00e7\u00f5es curriculares para o Curso de Gradua\u00e7\u00e3o em Arquitetura e Urbanismo, a serem implantadas a partir do ano letivo de 2008<\/p>\n\n\n\n<p><strong><a rel=\"noreferrer noopener\" href=\"https:\/\/sites.uel.br\/prograd\/wp-content\/uploads\/documentos\/resolucoes\/2008\/resolucao_07_08.pdf\" target=\"_blank\">Resolu\u00e7\u00e3o CEPE\/CA n\u00ba 0007\/2008<\/a><\/strong><br>Estabelece adequa\u00e7\u00f5es curriculares para o Curso de Gradua\u00e7\u00e3o em Medicina, a vigorar a partir do ano letivo de 2008<\/p>\n\n\n\n<div style=\"height:20px\" aria-hidden=\"true\" class=\"wp-block-spacer\"><\/div>\n\n\n\n<h4 class=\"wp-block-heading\" style=\"font-size:25px\">CU<\/h4>\n\n\n\n<p><strong><a href=\"https:\/\/sites.uel.br\/prograd\/wp-content\/uploads\/documentos\/resolucoes\/2008\/resolucao_161_08.pdf\" target=\"_blank\" rel=\"noreferrer noopener\">Resolu\u00e7\u00e3o CU n\u00ba 0161\/2008<\/a><\/strong><br>Altera a reda\u00e7\u00e3o do Art. 172, inciso XXV, do Regimento Geral da Universidade Estadual de Londrina<\/p>\n\n\n\n<p><strong><a rel=\"noreferrer noopener\" href=\"https:\/\/sites.uel.br\/prograd\/wp-content\/uploads\/documentos\/resolucoes\/2008\/resolucao_154_08.pdf\" target=\"_blank\">Resolu\u00e7\u00e3o CU n\u00ba 0154\/2008<\/a><\/strong><br>Altera o Artigo 22 do Regimento Geral da Universidade Estadual de Londrina<\/p>\n\n\n\n<p><strong><a rel=\"noreferrer noopener\" href=\"https:\/\/sites.uel.br\/prograd\/wp-content\/uploads\/documentos\/resolucoes\/2008\/resolucao_133_08.pdf\" target=\"_blank\">Resolu\u00e7\u00e3o CU n\u00ba 0133\/2008<\/a><\/strong><br>Altera os artigos 40 e 43 do Regimento Geral da Universidade Estadual de Londrina<\/p>\n\n\n\n<p><strong><a href=\"https:\/\/sites.uel.br\/prograd\/wp-content\/uploads\/documentos\/resolucoes\/2008\/resolucao_67_08.pdf\" target=\"_blank\" rel=\"noreferrer noopener\">Resolu\u00e7\u00e3o CU n\u00ba 0067\/2008<\/a><\/strong><br>Aprova o Regimento da C\u00e2mara de Gradua\u00e7\u00e3o, do Conselho de Ensino, Pesquisa e Extens\u00e3o<\/p>\n","protected":false},"excerpt":{"rendered":"<p>2008 CA Resolu\u00e7\u00e3o CA n\u00ba 0184\/2008Estabelece o n\u00famero de vagas da Bolsa Ensino Resolu\u00e7\u00e3o CA n\u00ba 0183\/2008Institui a Prova Pedestre Universit\u00e1ria Cidade de Londrina como parte das comemora\u00e7\u00f5es do anivers\u00e1rio de funda\u00e7\u00e3o da Universidade Estadual de Londrina Resolu\u00e7\u00e3o CA n\u00ba 0174\/2008Disp\u00f5e sobre pre\u00e7o p\u00fablico para expedi\u00e7\u00e3o de documentos e presta\u00e7\u00e3o de servi\u00e7os constantes do Anexo [&hellip;]<\/p>\n","protected":false},"author":8,"featured_media":0,"parent":0,"menu_order":0,"comment_status":"closed","ping_status":"closed","template":"","meta":{"_acf_changed":false,"_themeisle_gutenberg_block_has_review":false,"footnotes":""},"class_list":["post-1957","page","type-page","status-publish","hentry"],"acf":[],"_links":{"self":[{"href":"https:\/\/sites.uel.br\/prograd\/wp-json\/wp\/v2\/pages\/1957","targetHints":{"allow":["GET"]}}],"collection":[{"href":"https:\/\/sites.uel.br\/prograd\/wp-json\/wp\/v2\/pages"}],"about":[{"href":"https:\/\/sites.uel.br\/prograd\/wp-json\/wp\/v2\/types\/page"}],"author":[{"embeddable":true,"href":"https:\/\/sites.uel.br\/prograd\/wp-json\/wp\/v2\/users\/8"}],"replies":[{"embeddable":true,"href":"https:\/\/sites.uel.br\/prograd\/wp-json\/wp\/v2\/comments?post=1957"}],"version-history":[{"count":22,"href":"https:\/\/sites.uel.br\/prograd\/wp-json\/wp\/v2\/pages\/1957\/revisions"}],"predecessor-version":[{"id":24968,"href":"https:\/\/sites.uel.br\/prograd\/wp-json\/wp\/v2\/pages\/1957\/revisions\/24968"}],"wp:attachment":[{"href":"https:\/\/sites.uel.br\/prograd\/wp-json\/wp\/v2\/media?parent=1957"}],"curies":[{"name":"wp","href":"https:\/\/api.w.org\/{rel}","templated":true}]}}