{"id":1953,"date":"2023-03-30T16:48:34","date_gmt":"2023-03-30T19:48:34","guid":{"rendered":"https:\/\/sites.uel.br\/prograd\/?page_id=1953"},"modified":"2024-02-08T14:31:48","modified_gmt":"2024-02-08T17:31:48","slug":"resolucoes-2010","status":"publish","type":"page","link":"https:\/\/sites.uel.br\/prograd\/resolucoes-2010\/","title":{"rendered":"Resolu\u00e7\u00f5es"},"content":{"rendered":"\n<hr class=\"wp-block-separator has-alpha-channel-opacity is-style-wide\"\/>\n\n\n\n<h4 class=\"wp-block-heading has-text-align-left\" style=\"font-size:25px\">2010<\/h4>\n\n\n\n<div style=\"height:20px\" aria-hidden=\"true\" class=\"wp-block-spacer\"><\/div>\n\n\n\n<h4 class=\"wp-block-heading\" style=\"font-size:25px\">CA<\/h4>\n\n\n\n<p><strong><a rel=\"noreferrer noopener\" href=\"https:\/\/sites.uel.br\/prograd\/wp-content\/uploads\/documentos\/resolucoes\/2010\/resolucao_02_10.pdf\" target=\"_blank\">Resolu\u00e7\u00e3o CA n\u00ba 0002\/2010<\/a><\/strong>&nbsp;<br>Disp\u00f5e sobre pre\u00e7o p\u00fablico para inscri\u00e7\u00e3o dos candidatos concorrentes \u00e0s vagas remanescentes com aproveitamento da nota final do ENEM no \u00e2mbito da UEL<\/p>\n\n\n\n<div style=\"height:20px\" aria-hidden=\"true\" class=\"wp-block-spacer\"><\/div>\n\n\n\n<h4 class=\"wp-block-heading\" style=\"font-size:25px\">CEPE<\/h4>\n\n\n\n<p><strong><a rel=\"noreferrer noopener\" href=\"https:\/\/sites.uel.br\/prograd\/wp-content\/uploads\/documentos\/resolucoes\/2010\/resolucao_117_10.pdf\" target=\"_blank\">Resolu\u00e7\u00e3o CEPE n\u00ba 117\/2010<\/a><\/strong><br>Reformula o Projeto Pedag\u00f3gico do Curso de Educa\u00e7\u00e3o F\u00edsica &#8211; Habilita\u00e7\u00e3o: Bacharelado, a ser implantado a partir do ano letivo de 2011<\/p>\n\n\n\n<p><strong><a rel=\"noreferrer noopener\" href=\"https:\/\/sites.uel.br\/prograd\/wp-content\/uploads\/documentos\/resolucoes\/2010\/resolucao_116_10.pdf\" target=\"_blank\">Resolu\u00e7\u00e3o CEPE n\u00ba 116\/2010<\/a><\/strong><br>Estabelece o Calend\u00e1rio das Atividades de Ensino dos Cursos de Gradua\u00e7\u00e3o para o ano letivo de 2011<\/p>\n\n\n\n<p><strong><a href=\"https:\/\/sites.uel.br\/prograd\/wp-content\/uploads\/documentos\/resolucoes\/2010\/resolucao_86_10.pdf\" target=\"_blank\" rel=\"noreferrer noopener\">Resolu\u00e7\u00e3o CEPE n\u00ba 086\/2010<\/a><\/strong><br><em>Obs: revogada pela\u00a0<a href=\"https:\/\/sites.uel.br\/prograd\/wp-content\/uploads\/documentos\/resolucoes\/2021\/resolucao_71_21.pdf\" target=\"_blank\" rel=\"noreferrer noopener\">Resolu\u00e7\u00e3o CEPE n\u00ba 71\/2021<\/a><\/em>\u00a0<br>Estabelece diretrizes gerais para proposi\u00e7\u00e3o, implanta\u00e7\u00e3o e altera\u00e7\u00e3o de Projetos Pedag\u00f3gicos de Cursos de Gradua\u00e7\u00e3o na Universidade Estadual de Londrina<\/p>\n\n\n\n<p><strong><a rel=\"noreferrer noopener\" href=\"https:\/\/sites.uel.br\/prograd\/wp-content\/uploads\/documentos\/resolucoes\/2010\/resolucao_85_10.pdf\" target=\"_blank\">Resolu\u00e7\u00e3o CEPE n\u00ba 085\/2010<\/a><\/strong><br>Regulamenta a concess\u00e3o de dilata\u00e7\u00e3o de prazo para a conclus\u00e3o de Cursos de Gradua\u00e7\u00e3o na Universidade Estadual de Londrina<\/p>\n\n\n\n<p><strong><a rel=\"noreferrer noopener\" href=\"https:\/\/sites.uel.br\/prograd\/wp-content\/uploads\/documentos\/resolucoes\/2010\/resolucao_62_10.pdf\" target=\"_blank\">Resolu\u00e7\u00e3o CEPE n\u00ba 062\/2010<\/a><\/strong><br>Estabelece o n\u00famero de vagas na Universidade Estadual de Londrina para atender ao Programa Estudantes &#8211; Conv\u00eanio de Gradua\u00e7\u00e3o &#8211; PEC-G, do Minist\u00e9rio das Rela\u00e7\u00f5es Exteriores e do Minist\u00e9rio da Educa\u00e7\u00e3o<\/p>\n\n\n\n<p><strong><a rel=\"noreferrer noopener\" href=\"https:\/\/sites.uel.br\/prograd\/wp-content\/uploads\/documentos\/resolucoes\/2010\/resolucao_51_10.pdf\" target=\"_blank\">Resolu\u00e7\u00e3o CEPE n\u00ba 051\/2010<\/a><\/strong><br>Regulamenta a cria\u00e7\u00e3o de cursos na modalidade a dist\u00e2ncia UEL<\/p>\n\n\n\n<div style=\"height:20px\" aria-hidden=\"true\" class=\"wp-block-spacer\"><\/div>\n\n\n\n<h4 class=\"wp-block-heading\" style=\"font-size:25px\">CEPE\/CA<\/h4>\n\n\n\n<p><strong><a rel=\"noreferrer noopener\" href=\"https:\/\/sites.uel.br\/prograd\/wp-content\/uploads\/documentos\/resolucoes\/2010\/resolucao_118_10.pdf\" target=\"_blank\">Resolu\u00e7\u00e3o CEPE\/CA n\u00ba 118\/2010<\/a><\/strong><br>Altera os artigos 8\u00ba e 9\u00ba da Resolu\u00e7\u00e3o CEPE\/CA n\u00ba 88\/2006 que regulamenta as fun\u00e7\u00f5es docentes e cargas hor\u00e1rias correspondentes das atividades do Curso de Medicina da UEL<\/p>\n\n\n\n<p><strong><a rel=\"noreferrer noopener\" href=\"https:\/\/sites.uel.br\/prograd\/wp-content\/uploads\/documentos\/resolucoes\/2010\/resolucao_102_10.pdf\" target=\"_blank\">Resolu\u00e7\u00e3o CEPE\/CA n\u00ba 102\/2010<\/a><\/strong><br>Estabelece o Projeto Pedag\u00f3gico do curso de Primeira Licenciatura em Pedagogia integrante do Programa Emergencial de Forma\u00e7\u00e3o de Professores em exerc\u00edcio na Educa\u00e7\u00e3o B\u00e1sica P\u00fablica, a ser ofertado na modalidade a dist\u00e2ncia<\/p>\n\n\n\n<p><strong><a rel=\"noreferrer noopener\" href=\"https:\/\/sites.uel.br\/prograd\/wp-content\/uploads\/documentos\/resolucoes\/2010\/resolucao_65_10.pdf\" target=\"_blank\">Resolu\u00e7\u00e3o CEPE\/CA n\u00ba 65\/2010<\/a><\/strong><br>Cria e aprova o Projeto Pedag\u00f3gico do Curso de Gradua\u00e7\u00e3o em Nutri\u00e7\u00e3o, a ser implantado a partir do ano letivo de 2012<\/p>\n\n\n\n<p><strong><a rel=\"noreferrer noopener\" href=\"https:\/\/sites.uel.br\/prograd\/wp-content\/uploads\/documentos\/resolucoes\/2010\/resolucao_31_10.pdf\" target=\"_blank\">Resolu\u00e7\u00e3o CEPE\/CA n\u00ba 31\/2010<\/a><\/strong><br>Altera a distribui\u00e7\u00e3o do n\u00famero de vagas a serem ofertadas no curso de Direito, no Processo Seletivo Concurso Vestibular do ano letivo de 2011<\/p>\n","protected":false},"excerpt":{"rendered":"<p>2010 CA Resolu\u00e7\u00e3o CA n\u00ba 0002\/2010&nbsp;Disp\u00f5e sobre pre\u00e7o p\u00fablico para inscri\u00e7\u00e3o dos candidatos concorrentes \u00e0s vagas remanescentes com aproveitamento da nota final do ENEM no \u00e2mbito da UEL CEPE Resolu\u00e7\u00e3o CEPE n\u00ba 117\/2010Reformula o Projeto Pedag\u00f3gico do Curso de Educa\u00e7\u00e3o F\u00edsica &#8211; Habilita\u00e7\u00e3o: Bacharelado, a ser implantado a partir do ano letivo de 2011 Resolu\u00e7\u00e3o [&hellip;]<\/p>\n","protected":false},"author":8,"featured_media":0,"parent":0,"menu_order":0,"comment_status":"closed","ping_status":"closed","template":"","meta":{"_acf_changed":false,"_themeisle_gutenberg_block_has_review":false,"footnotes":""},"class_list":["post-1953","page","type-page","status-publish","hentry"],"acf":[],"_links":{"self":[{"href":"https:\/\/sites.uel.br\/prograd\/wp-json\/wp\/v2\/pages\/1953","targetHints":{"allow":["GET"]}}],"collection":[{"href":"https:\/\/sites.uel.br\/prograd\/wp-json\/wp\/v2\/pages"}],"about":[{"href":"https:\/\/sites.uel.br\/prograd\/wp-json\/wp\/v2\/types\/page"}],"author":[{"embeddable":true,"href":"https:\/\/sites.uel.br\/prograd\/wp-json\/wp\/v2\/users\/8"}],"replies":[{"embeddable":true,"href":"https:\/\/sites.uel.br\/prograd\/wp-json\/wp\/v2\/comments?post=1953"}],"version-history":[{"count":13,"href":"https:\/\/sites.uel.br\/prograd\/wp-json\/wp\/v2\/pages\/1953\/revisions"}],"predecessor-version":[{"id":24958,"href":"https:\/\/sites.uel.br\/prograd\/wp-json\/wp\/v2\/pages\/1953\/revisions\/24958"}],"wp:attachment":[{"href":"https:\/\/sites.uel.br\/prograd\/wp-json\/wp\/v2\/media?parent=1953"}],"curies":[{"name":"wp","href":"https:\/\/api.w.org\/{rel}","templated":true}]}}