{"id":1943,"date":"2023-03-30T16:47:37","date_gmt":"2023-03-30T19:47:37","guid":{"rendered":"https:\/\/sites.uel.br\/prograd\/?page_id=1943"},"modified":"2024-02-02T13:55:23","modified_gmt":"2024-02-02T16:55:23","slug":"resolucoes-2015","status":"publish","type":"page","link":"https:\/\/sites.uel.br\/prograd\/resolucoes-2015\/","title":{"rendered":"Resolu\u00e7\u00f5es"},"content":{"rendered":"\n<hr class=\"wp-block-separator has-alpha-channel-opacity is-style-wide\"\/>\n\n\n\n<h4 class=\"wp-block-heading has-text-align-left\" style=\"font-size:25px\">2015<\/h4>\n\n\n\n<div style=\"height:20px\" aria-hidden=\"true\" class=\"wp-block-spacer\"><\/div>\n\n\n\n<h4 class=\"wp-block-heading\" style=\"font-size:25px\">CA<\/h4>\n\n\n\n<p><strong><a rel=\"noreferrer noopener\" href=\"https:\/\/sites.uel.br\/prograd\/wp-content\/uploads\/documentos\/resolucoes\/2015\/resolucao_53_15.pdf\" target=\"_blank\">Resolu\u00e7\u00e3o CA n\u00ba 53\/2015<\/a><\/strong><br>Estabelece diretrizes para contrata\u00e7\u00e3o de seguro de vida e de acidentes pessoais aos servidores e discentes da UEL e de outras institui\u00e7\u00f5es que realizam est\u00e1gio nesta Institui\u00e7\u00e3o<\/p>\n\n\n\n<p><strong><a rel=\"noreferrer noopener\" href=\"https:\/\/sites.uel.br\/prograd\/wp-content\/uploads\/documentos\/resolucoes\/2015\/resolucao_15_15.pdf\" target=\"_blank\">Resolu\u00e7\u00e3o CA n\u00ba 15\/2015<\/a><\/strong><br>Altera as modalidades de bolsa para rec\u00e9m-graduados e para graduandos na Universidade Estadual de Londrina para o Programa PROPE<\/p>\n\n\n\n<div style=\"height:20px\" aria-hidden=\"true\" class=\"wp-block-spacer\"><\/div>\n\n\n\n<h4 class=\"wp-block-heading\" style=\"font-size:25px\">CEPE<\/h4>\n\n\n\n<p><strong><a rel=\"noreferrer noopener\" href=\"https:\/\/sites.uel.br\/prograd\/wp-content\/uploads\/documentos\/resolucoes\/2015\/resolucao_90_15.pdf\" target=\"_blank\">Resolu\u00e7\u00e3o CEPE n\u00ba 90\/2015<\/a><\/strong><br>Estabelece altera\u00e7\u00e3o e inclus\u00e3o \u00e0 Resolu\u00e7\u00e3o CEPE n\u00ba 076\/2015, que disp\u00f5e sobre o Calend\u00e1rio das Atividades de Ensino dos Cursos de Gradua\u00e7\u00e3o, da Universidade Estadual de Londrina para o ano letivo de 2016<\/p>\n\n\n\n<p><strong><a rel=\"noreferrer noopener\" href=\"https:\/\/sites.uel.br\/prograd\/wp-content\/uploads\/documentos\/resolucoes\/2015\/resolucao_77_15.pdf\" target=\"_blank\">Resolu\u00e7\u00e3o CEPE n\u00ba 77\/2015<\/a><\/strong><br>Altera a concess\u00e3o de certificados de honra ao m\u00e9rito aos estudantes concluintes dos Cursos de Gradua\u00e7\u00e3o da Universidade Estadual de Londrina (UEL)<\/p>\n\n\n\n<p><strong><a rel=\"noreferrer noopener\" href=\"https:\/\/sites.uel.br\/prograd\/wp-content\/uploads\/documentos\/resolucoes\/2015\/resolucao_76_15.pdf\" target=\"_blank\">Resolu\u00e7\u00e3o CEPE n\u00ba 76\/2015<\/a><\/strong><br>Estabelece o Calend\u00e1rio das Atividades de Ensino dos Cursos de Gradua\u00e7\u00e3o para o ano letivo de 2016<\/p>\n\n\n\n<p><strong><a rel=\"noreferrer noopener\" href=\"https:\/\/sites.uel.br\/prograd\/wp-content\/uploads\/documentos\/resolucoes\/2015\/resolucao_75_15.pdf\" target=\"_blank\">Resolu\u00e7\u00e3o CEPE n\u00ba 75\/2015<\/a><\/strong><br>Altera os Arts. 15, 17, 20 e 31 da Resolu\u00e7\u00e3o CEPE n\u00ba 16\/2014, estabelecendo a publica\u00e7\u00e3o por meio do Portal do Estudante<\/p>\n\n\n\n<p><strong><a rel=\"noreferrer noopener\" href=\"https:\/\/sites.uel.br\/prograd\/wp-content\/uploads\/documentos\/resolucoes\/2015\/resolucao_68_15.pdf\" target=\"_blank\">Resolu\u00e7\u00e3o CEPE n\u00ba 68\/2015<\/a><\/strong><br>Estabelece complementa\u00e7\u00e3o \u00e0 Resolu\u00e7\u00e3o CEPE n\u00ba 028\/2015, que disp\u00f5e sobre o Calend\u00e1rio das Atividades de Ensino dos Cursos de Gradua\u00e7\u00e3o, da Universidade Estadual de Londrina<\/p>\n\n\n\n<p><strong><a rel=\"noreferrer noopener\" href=\"https:\/\/sites.uel.br\/prograd\/wp-content\/uploads\/documentos\/resolucoes\/2015\/resolucao_56_15.pdf\" target=\"_blank\">Resolu\u00e7\u00e3o CEPE n\u00ba 56\/2015<\/a><\/strong><br>Institui a oferta de Libras &#8211; L\u00edngua Brasileira de Sinais como disciplina especial, para os estudantes dos Cursos de Gradua\u00e7\u00e3o, na habilita\u00e7\u00e3o bacharelado, da Universidade Estadual de Londrina<\/p>\n\n\n\n<p><strong><a rel=\"noreferrer noopener\" href=\"https:\/\/sites.uel.br\/prograd\/wp-content\/uploads\/documentos\/resolucoes\/2015\/resolucao_55_15.pdf\" target=\"_blank\">Resolu\u00e7\u00e3o CEPE n\u00ba 55\/2015<\/a><\/strong><br>Aprova a ades\u00e3o da Universidade Estadual de Londrina (UEL) ao Sistema de Sele\u00e7\u00e3o Unificada (SISU) e a reserva de vagas nos Cursos de Gradua\u00e7\u00e3o da UEL no SISU<\/p>\n\n\n\n<p><strong><a rel=\"noreferrer noopener\" href=\"https:\/\/sites.uel.br\/prograd\/wp-content\/uploads\/documentos\/resolucoes\/2015\/resolucao_39_15.pdf\" target=\"_blank\">Resolu\u00e7\u00e3o CEPE n\u00ba 39\/2015<\/a><\/strong><br>Estabelece o n\u00famero de vagas na Universidade Estadual de Londrina para atender ao Programa Estudantes &#8211; Conv\u00eanio de Gradua\u00e7\u00e3o &#8211; PEC-G, do Minist\u00e9rio das Rela\u00e7\u00f5es Exteriores e do Minist\u00e9rio da Educa\u00e7\u00e3o<\/p>\n\n\n\n<p><strong><a rel=\"noreferrer noopener\" href=\"https:\/\/sites.uel.br\/prograd\/wp-content\/uploads\/documentos\/resolucoes\/2015\/resolucao_29_15.pdf\" target=\"_blank\">Resolu\u00e7\u00e3o CEPE n\u00ba 29\/2015<\/a><\/strong><br>Aprova a ades\u00e3o da Universidade Estadual de Londrina (UEL) ao Sistema de Sele\u00e7\u00e3o Unificada (SISU) e a reserva de vagas nos Cursos de Gradua\u00e7\u00e3o da UEL no SISU<\/p>\n\n\n\n<p><strong><a rel=\"noreferrer noopener\" href=\"https:\/\/sites.uel.br\/prograd\/wp-content\/uploads\/documentos\/resolucoes\/2015\/resolucao_28_15.pdf\" target=\"_blank\">Resolu\u00e7\u00e3o CEPE n\u00ba 28\/2015<\/a><\/strong><br>Estabelece adequa\u00e7\u00e3o \u00e0 Resolu\u00e7\u00e3o CEPE n\u00ba 001\/2015, que disp\u00f5e sobre o Calend\u00e1rio das Atividades de Ensino dos Cursos de Gradua\u00e7\u00e3o, da Universidade Estadual de Londrina<\/p>\n\n\n\n<p><strong><a rel=\"noreferrer noopener\" href=\"https:\/\/sites.uel.br\/prograd\/wp-content\/uploads\/documentos\/resolucoes\/2015\/resolucao_27_15.pdf\" target=\"_blank\">Resolu\u00e7\u00e3o CEPE n\u00ba 27\/2015<\/a><\/strong><br>Fixa normas e vagas para o Processo Seletivo Vestibular 2016 para ingresso nos Cursos de Gradua\u00e7\u00e3o da Universidade Estadual de Londrina<\/p>\n\n\n\n<p><strong><a rel=\"noreferrer noopener\" href=\"https:\/\/sites.uel.br\/prograd\/wp-content\/uploads\/documentos\/resolucoes\/2015\/resolucao_25_15.pdf\" target=\"_blank\">Resolu\u00e7\u00e3o CEPE n\u00ba 25\/2015<\/a><\/strong><br>Revoga a suspens\u00e3o do Calend\u00e1rio de Aulas dos Cursos de Gradua\u00e7\u00e3o e de P\u00f3s-Gradua\u00e7\u00e3o da Universidade Estadual de Londrina (UEL)<\/p>\n\n\n\n<p><strong><a rel=\"noreferrer noopener\" href=\"https:\/\/sites.uel.br\/prograd\/wp-content\/uploads\/documentos\/resolucoes\/2015\/resolucao_22_15.pdf\" target=\"_blank\">Resolu\u00e7\u00e3o CEPE n\u00ba 22\/2015<\/a><\/strong><br>Suspende o Calend\u00e1rio de aulas dos Cursos de Gradua\u00e7\u00e3o e P\u00f3s-Gradua\u00e7\u00e3o<\/p>\n\n\n\n<p><strong><a rel=\"noreferrer noopener\" href=\"https:\/\/sites.uel.br\/prograd\/wp-content\/uploads\/documentos\/resolucoes\/2015\/resolucao_01_15.pdf\" target=\"_blank\">Resolu\u00e7\u00e3o CEPE n\u00ba 01\/2015<\/a><\/strong><br>Estabelece adequa\u00e7\u00e3o \u00e0 Resolu\u00e7\u00e3o CEPE n\u00ba 093\/2014, que disp\u00f5e sobre o Calend\u00e1rio das Atividades de Ensino dos Cursos de Gradua\u00e7\u00e3o, da Universidade Estadual de Londrina<\/p>\n\n\n\n<div style=\"height:20px\" aria-hidden=\"true\" class=\"wp-block-spacer\"><\/div>\n\n\n\n<h4 class=\"wp-block-heading\" style=\"font-size:25px\">CEPE\/CA<\/h4>\n\n\n\n<p><strong><a rel=\"noreferrer noopener\" href=\"https:\/\/sites.uel.br\/prograd\/wp-content\/uploads\/documentos\/resolucoes\/2015\/resolucao_85_15.pdf\" target=\"_blank\">Resolu\u00e7\u00e3o CEPE\/CA n\u00ba 85\/2015<\/a><\/strong><br>Reformula o Grupo de Estudos de Pr\u00e1ticas em Ensino (GEPE) junto \u00e0 Pr\u00f3-Reitoria de Gradua\u00e7\u00e3o (PROGRAD) da Universidade Estadual de Londrina (UEL)<\/p>\n\n\n\n<p><strong><a rel=\"noreferrer noopener\" href=\"https:\/\/sites.uel.br\/prograd\/wp-content\/uploads\/documentos\/resolucoes\/2015\/resolucao_73_15.pdf\" target=\"_blank\">Resolu\u00e7\u00e3o CEPE\/CA n\u00ba 73\/2015<\/a><\/strong><br>Reformula o Projeto Pedag\u00f3gico do Curso de Design Gr\u00e1fico, a ser implantado a partir do ano letivo de 2016<\/p>\n\n\n\n<p><strong><a rel=\"noreferrer noopener\" href=\"https:\/\/sites.uel.br\/prograd\/wp-content\/uploads\/documentos\/resolucoes\/2015\/resolucao_69_15.pdf\" target=\"_blank\">Resolu\u00e7\u00e3o CEPE\/CA n\u00ba 69\/2015<\/a><\/strong><br>Cria o Curso de Licenciatura em Computa\u00e7\u00e3o, na modalidade a dist\u00e2ncia, na Universidade Estadual de Londrina<\/p>\n\n\n\n<p><strong><a rel=\"noreferrer noopener\" href=\"https:\/\/sites.uel.br\/prograd\/wp-content\/uploads\/documentos\/resolucoes\/2015\/resolucao_63_15.pdf\" target=\"_blank\">Resolu\u00e7\u00e3o CEPE\/CA n\u00ba 63\/2015<\/a><\/strong><br>Regulamenta as atividades administrativas, financeiras e pedag\u00f3gicas de Empresa J\u00fanior na UEL, como Programa de Forma\u00e7\u00e3o Complementar<\/p>\n\n\n\n<p><strong><a rel=\"noreferrer noopener\" href=\"https:\/\/sites.uel.br\/prograd\/wp-content\/uploads\/documentos\/resolucoes\/2015\/resolucao_20_15.pdf\" target=\"_blank\">Resolu\u00e7\u00e3o CEPE\/CA n\u00ba 20\/2015<\/a><\/strong><br>Reformula o Projeto Pedag\u00f3gico do curso de Educa\u00e7\u00e3o F\u00edsica &#8211; Habilita\u00e7\u00e3o: Bacharelado, a vigorar a partir do ano letivo de 2016<\/p>\n\n\n\n<p><strong><a rel=\"noreferrer noopener\" href=\"https:\/\/sites.uel.br\/prograd\/wp-content\/uploads\/documentos\/resolucoes\/2015\/resolucao_14_15.pdf\" target=\"_blank\">Resolu\u00e7\u00e3o CEPE\/CA n\u00ba 14\/2015<\/a><\/strong><br>Reformula o Programa de Apoio ao Acesso e Perman\u00eancia para a Forma\u00e7\u00e3o do Estudante da UEL (PROPE)<\/p>\n\n\n\n<p><strong><a rel=\"noreferrer noopener\" href=\"https:\/\/sites.uel.br\/prograd\/wp-content\/uploads\/documentos\/resolucoes\/2015\/resolucao_08_15.pdf\" target=\"_blank\">Resolu\u00e7\u00e3o CEPE\/CA n\u00ba 08\/2015<\/a><\/strong><br>Regulamenta o Est\u00e1gio dos estudantes do Ensino M\u00e9dio do Col\u00e9gio de Aplica\u00e7\u00e3o &#8220;Professor Jos\u00e9 Alo\u00edsio Arag\u00e3o&#8221;<\/p>\n","protected":false},"excerpt":{"rendered":"<p>2015 CA Resolu\u00e7\u00e3o CA n\u00ba 53\/2015Estabelece diretrizes para contrata\u00e7\u00e3o de seguro de vida e de acidentes pessoais aos servidores e discentes da UEL e de outras institui\u00e7\u00f5es que realizam est\u00e1gio nesta Institui\u00e7\u00e3o Resolu\u00e7\u00e3o CA n\u00ba 15\/2015Altera as modalidades de bolsa para rec\u00e9m-graduados e para graduandos na Universidade Estadual de Londrina para o Programa PROPE CEPE [&hellip;]<\/p>\n","protected":false},"author":8,"featured_media":0,"parent":0,"menu_order":0,"comment_status":"closed","ping_status":"closed","template":"","meta":{"_acf_changed":false,"_themeisle_gutenberg_block_has_review":false,"footnotes":""},"class_list":["post-1943","page","type-page","status-publish","hentry"],"acf":[],"_links":{"self":[{"href":"https:\/\/sites.uel.br\/prograd\/wp-json\/wp\/v2\/pages\/1943","targetHints":{"allow":["GET"]}}],"collection":[{"href":"https:\/\/sites.uel.br\/prograd\/wp-json\/wp\/v2\/pages"}],"about":[{"href":"https:\/\/sites.uel.br\/prograd\/wp-json\/wp\/v2\/types\/page"}],"author":[{"embeddable":true,"href":"https:\/\/sites.uel.br\/prograd\/wp-json\/wp\/v2\/users\/8"}],"replies":[{"embeddable":true,"href":"https:\/\/sites.uel.br\/prograd\/wp-json\/wp\/v2\/comments?post=1943"}],"version-history":[{"count":14,"href":"https:\/\/sites.uel.br\/prograd\/wp-json\/wp\/v2\/pages\/1943\/revisions"}],"predecessor-version":[{"id":19559,"href":"https:\/\/sites.uel.br\/prograd\/wp-json\/wp\/v2\/pages\/1943\/revisions\/19559"}],"wp:attachment":[{"href":"https:\/\/sites.uel.br\/prograd\/wp-json\/wp\/v2\/media?parent=1943"}],"curies":[{"name":"wp","href":"https:\/\/api.w.org\/{rel}","templated":true}]}}