{"id":1935,"date":"2023-03-30T16:46:20","date_gmt":"2023-03-30T19:46:20","guid":{"rendered":"https:\/\/sites.uel.br\/prograd\/?page_id=1935"},"modified":"2024-02-02T13:54:39","modified_gmt":"2024-02-02T16:54:39","slug":"resolucoes-2019","status":"publish","type":"page","link":"https:\/\/sites.uel.br\/prograd\/resolucoes-2019\/","title":{"rendered":"Resolu\u00e7\u00f5es"},"content":{"rendered":"\n<hr class=\"wp-block-separator has-alpha-channel-opacity is-style-wide\"\/>\n\n\n\n<h4 class=\"wp-block-heading has-text-align-left\" style=\"font-size:25px\">2019<\/h4>\n\n\n\n<div style=\"height:20px\" aria-hidden=\"true\" class=\"wp-block-spacer\"><\/div>\n\n\n\n<h4 class=\"wp-block-heading\" style=\"font-size:25px\">CEPE<\/h4>\n\n\n\n<p><strong><a rel=\"noreferrer noopener\" href=\"https:\/\/sites.uel.br\/prograd\/wp-content\/uploads\/documentos\/resolucoes\/2019\/resolucao_79_19.pdf\" target=\"_blank\">Resolu\u00e7\u00e3o CEPE n\u00ba 79\/2019<\/a><\/strong><br>Extingue, no turno vespertino, a oferta do curso de Letras Ingl\u00eas, modalidade: Licenciatura, Habilita\u00e7\u00e3o: L\u00edngua Inglesa e Literaturas em L\u00edngua Inglesa<\/p>\n\n\n\n<p><strong><a rel=\"noreferrer noopener\" href=\"https:\/\/sites.uel.br\/prograd\/wp-content\/uploads\/documentos\/resolucoes\/2019\/resolucao_78_19.pdf\" target=\"_blank\">Resolu\u00e7\u00e3o CEPE n\u00ba 78\/2019<\/a><\/strong><br>Extingue, no turno vespertino, a oferta do curso de Letras Espanhol, modalidade: Licenciatura, Habilita\u00e7\u00e3o: L\u00edngua Espanhola e Literatura Hisp\u00e2nica<\/p>\n\n\n\n<p><strong><a rel=\"noreferrer noopener\" href=\"https:\/\/sites.uel.br\/prograd\/wp-content\/uploads\/documentos\/resolucoes\/2019\/resolucao_71_19.pdf\" target=\"_blank\">Resolu\u00e7\u00e3o CEPE n\u00ba 71\/2019<\/a><\/strong><br>Estabelece o Calend\u00e1rio das Atividades de Ensino dos Cursos de Gradua\u00e7\u00e3o para o ano letivo de 2020<\/p>\n\n\n\n<p><strong><a rel=\"noreferrer noopener\" href=\"https:\/\/sites.uel.br\/prograd\/wp-content\/uploads\/documentos\/resolucoes\/2019\/resolucao_70_19.pdf\" target=\"_blank\">Resolu\u00e7\u00e3o CEPE n\u00ba 70\/2019<\/a><\/strong><br>Estabelece altera\u00e7\u00e3o da Resolu\u00e7\u00e3o CEPE n\u00ba 047\/2019, que disp\u00f5e sobre o Calend\u00e1rio das Atividades de Ensino dos Cursos de Gradua\u00e7\u00e3o para o ano letivo de 2019<\/p>\n\n\n\n<p><strong><a rel=\"noreferrer noopener\" href=\"https:\/\/sites.uel.br\/prograd\/wp-content\/uploads\/documentos\/resolucoes\/2019\/resolucao_47_19.pdf\" target=\"_blank\">Resolu\u00e7\u00e3o CEPE n\u00ba 47\/2019<\/a><\/strong><br>Reformula a Resolu\u00e7\u00e3o CEPE n\u00ba 112\/2018, que disp\u00f5e sobre o Calend\u00e1rio das Atividades de Ensino dos Cursos de Gradua\u00e7\u00e3o, da Universidade Estadual de Londrina para o ano letivo de 2019<\/p>\n\n\n\n<p><strong><a rel=\"noreferrer noopener\" href=\"https:\/\/sites.uel.br\/prograd\/wp-content\/uploads\/documentos\/resolucoes\/2019\/resolucao_37_19.pdf\" target=\"_blank\">Resolu\u00e7\u00e3o CEPE n\u00ba 37\/2019<\/a><\/strong><br>Estabelece o n\u00famero de vagas na Universidade Estadual de Londrina para atender ao Programa Estudantes &#8211; Conv\u00eanio de Gradua\u00e7\u00e3o &#8211; PEC-G, do Minist\u00e9rio das Rela\u00e7\u00f5es Exteriores e do Minist\u00e9rio da Educa\u00e7\u00e3o<\/p>\n\n\n\n<p><strong><a rel=\"noreferrer noopener\" href=\"https:\/\/sites.uel.br\/prograd\/wp-content\/uploads\/documentos\/resolucoes\/2019\/resolucao_34_19.pdf\" target=\"_blank\">Resolu\u00e7\u00e3o CEPE n\u00ba 34\/2019<\/a><\/strong><br>Suspende o Calend\u00e1rio das Atividades de Ensino dos Cursos de Gradua\u00e7\u00e3o para o ano letivo de 2019 da Universidade Estadual de Londrina<\/p>\n\n\n\n<p><strong><a rel=\"noreferrer noopener\" href=\"https:\/\/sites.uel.br\/prograd\/wp-content\/uploads\/documentos\/resolucoes\/2019\/resolucao_25_19.pdf\" target=\"_blank\">Resolu\u00e7\u00e3o CEPE n\u00ba 25\/2019<\/a><\/strong><br>Regulamenta o Processo Seletivo de Transfer\u00eancia Externa para Cursos de Gradua\u00e7\u00e3o da Universidade Estadual de Londrina (UEL)<\/p>\n\n\n\n<div style=\"height:20px\" aria-hidden=\"true\" class=\"wp-block-spacer\"><\/div>\n\n\n\n<h4 class=\"wp-block-heading\" style=\"font-size:25px\">CEPE\/CA<\/h4>\n\n\n\n<p><strong><a rel=\"noreferrer noopener\" href=\"https:\/\/sites.uel.br\/prograd\/wp-content\/uploads\/documentos\/resolucoes\/2019\/resolucao_83_19.pdf\" target=\"_blank\">Resolu\u00e7\u00e3o CEPE\/CA n\u00ba 83\/2019<\/a><\/strong><br>Reformula o Projeto Pedag\u00f3gico do Curso de Arquitetura e Urbansimo, a ser implantado a partir do ano letivo de 2020<\/p>\n\n\n\n<p><strong><a rel=\"noreferrer noopener\" href=\"https:\/\/sites.uel.br\/prograd\/wp-content\/uploads\/documentos\/resolucoes\/2019\/resolucao_74_19.pdf\" target=\"_blank\">Resolu\u00e7\u00e3o CEPE\/CA n\u00ba 74\/2019<\/a><\/strong><br>Reformula o Projeto Pedag\u00f3gico do Curso de Matematica &#8211; Bacharelado, a ser implantado a partir do ano letivo de 2020<\/p>\n\n\n\n<p><strong><a rel=\"noreferrer noopener\" href=\"https:\/\/sites.uel.br\/prograd\/wp-content\/uploads\/documentos\/resolucoes\/2019\/resolucao_65_19.pdf\" target=\"_blank\">Resolu\u00e7\u00e3o CEPE\/CA n\u00ba 65\/2019<\/a><\/strong><br>Reformula o Projeto Pedag\u00f3gico do Curso de Ci\u00eancia da Computa\u00e7\u00e3o &#8211; Bacharelado, a ser implantado a partir do ano letivo de 2020<\/p>\n\n\n\n<p><strong><a rel=\"noreferrer noopener\" href=\"https:\/\/sites.uel.br\/prograd\/wp-content\/uploads\/documentos\/resolucoes\/2019\/resolucao_26_19.pdf\" target=\"_blank\">Resolu\u00e7\u00e3o CEPE\/CA n\u00ba 26\/2019<\/a><\/strong><br>Reformula o Projeto Pedag\u00f3gico do Curso de Geografia &#8211; Bacharelado, a ser implantado a partir do ano letivo de 2019<\/p>\n\n\n\n<p><strong><a rel=\"noreferrer noopener\" href=\"https:\/\/sites.uel.br\/prograd\/wp-content\/uploads\/documentos\/resolucoes\/2019\/resolucao_01_19.pdf\" target=\"_blank\">Resolu\u00e7\u00e3o CEPE\/CA n\u00ba 01\/2019<\/a><\/strong><br>Reformula o Grupo de Estudos de Pr\u00e1ticas em Ensino (GEPE) junto \u00e0 Pr\u00f3-Reitoria de Gradua\u00e7\u00e3o (PROGRAD) da Universidade Estadual de Londrina (UEL)<\/p>\n","protected":false},"excerpt":{"rendered":"<p>2019 CEPE Resolu\u00e7\u00e3o CEPE n\u00ba 79\/2019Extingue, no turno vespertino, a oferta do curso de Letras Ingl\u00eas, modalidade: Licenciatura, Habilita\u00e7\u00e3o: L\u00edngua Inglesa e Literaturas em L\u00edngua Inglesa Resolu\u00e7\u00e3o CEPE n\u00ba 78\/2019Extingue, no turno vespertino, a oferta do curso de Letras Espanhol, modalidade: Licenciatura, Habilita\u00e7\u00e3o: L\u00edngua Espanhola e Literatura Hisp\u00e2nica Resolu\u00e7\u00e3o CEPE n\u00ba 71\/2019Estabelece o Calend\u00e1rio das [&hellip;]<\/p>\n","protected":false},"author":8,"featured_media":0,"parent":0,"menu_order":0,"comment_status":"closed","ping_status":"closed","template":"","meta":{"_acf_changed":false,"_themeisle_gutenberg_block_has_review":false,"footnotes":""},"class_list":["post-1935","page","type-page","status-publish","hentry"],"acf":[],"_links":{"self":[{"href":"https:\/\/sites.uel.br\/prograd\/wp-json\/wp\/v2\/pages\/1935","targetHints":{"allow":["GET"]}}],"collection":[{"href":"https:\/\/sites.uel.br\/prograd\/wp-json\/wp\/v2\/pages"}],"about":[{"href":"https:\/\/sites.uel.br\/prograd\/wp-json\/wp\/v2\/types\/page"}],"author":[{"embeddable":true,"href":"https:\/\/sites.uel.br\/prograd\/wp-json\/wp\/v2\/users\/8"}],"replies":[{"embeddable":true,"href":"https:\/\/sites.uel.br\/prograd\/wp-json\/wp\/v2\/comments?post=1935"}],"version-history":[{"count":15,"href":"https:\/\/sites.uel.br\/prograd\/wp-json\/wp\/v2\/pages\/1935\/revisions"}],"predecessor-version":[{"id":19554,"href":"https:\/\/sites.uel.br\/prograd\/wp-json\/wp\/v2\/pages\/1935\/revisions\/19554"}],"wp:attachment":[{"href":"https:\/\/sites.uel.br\/prograd\/wp-json\/wp\/v2\/media?parent=1935"}],"curies":[{"name":"wp","href":"https:\/\/api.w.org\/{rel}","templated":true}]}}