{"id":1760,"date":"2023-02-17T15:07:42","date_gmt":"2023-02-17T18:07:42","guid":{"rendered":"https:\/\/sites.uel.br\/prograd\/?page_id=1760"},"modified":"2024-06-19T15:49:39","modified_gmt":"2024-06-19T18:49:39","slug":"guia-academico-representacao-politica-dos-estudantes","status":"publish","type":"page","link":"https:\/\/sites.uel.br\/prograd\/guia-academico-representacao-politica-dos-estudantes\/","title":{"rendered":"Guia Acad\u00eamico"},"content":{"rendered":"\n<hr class=\"wp-block-separator has-alpha-channel-opacity is-style-wide\"\/>\n\n\n<div class=\"wp-block-image\">\n<figure class=\"aligncenter size-full\"><a href=\"https:\/\/sites.uel.br\/prograd\/guia-academico\/\"><img loading=\"lazy\" decoding=\"async\" width=\"557\" height=\"154\" src=\"https:\/\/sites.uel.br\/prograd\/wp-content\/uploads\/2023\/02\/cab_guia_academico-1.jpg\" alt=\"\" class=\"wp-image-1635\" srcset=\"https:\/\/sites.uel.br\/prograd\/wp-content\/uploads\/2023\/02\/cab_guia_academico-1.jpg 557w, https:\/\/sites.uel.br\/prograd\/wp-content\/uploads\/2023\/02\/cab_guia_academico-1-300x83.jpg 300w\" sizes=\"auto, (max-width: 557px) 100vw, 557px\" \/><\/a><\/figure>\n<\/div>\n\n\n<h2 class=\"wp-block-heading\"><strong>Representa\u00e7\u00e3o Pol\u00edtica dos Estudantes<\/strong><\/h2>\n\n\n\n<p><strong>Diret\u00f3rio Central dos Estudantes &#8211; DCE<\/strong><\/p>\n\n\n\n<p>O DCE \u00e9 o \u00f3rg\u00e3o de m\u00e1xima representa\u00e7\u00e3o estudantil, se articulando com todos os Centros Acad\u00eamicos dos cursos de gradua\u00e7\u00e3o. \u00c9 formado por uma diretoria eleita pelos estudantes. Cabe aos pr\u00f3prios estudantes a organiza\u00e7\u00e3o da elei\u00e7\u00e3o. Por representar o conjunto dos estudantes da Universidade, o DCE, al\u00e9m de indicar a representa\u00e7\u00e3o estudantil dos conselhos superiores, \u00e9 constantemente convidado para participar de importantes inst\u00e2ncias de delibera\u00e7\u00e3o pol\u00edtica da UEL e mesmo da comunidade externa.<\/p>\n\n\n\n<p>Mais informa\u00e7\u00f5es:\u00a0<a href=\"https:\/\/www.instagram.com\/dceuel\/\" target=\"_blank\" rel=\"noreferrer noopener\">https:\/\/www.instagram.com\/dceuel<\/a>.<\/p>\n\n\n\n<div style=\"height:20px\" aria-hidden=\"true\" class=\"wp-block-spacer\"><\/div>\n\n\n\n<p><strong><a><\/a>Centro Acad\u00eamico &#8211; CA<\/strong><\/p>\n\n\n\n<p>Cabe ao CA representar os estudantes em diversas inst\u00e2ncias tais como departamento e colegiado. Representa tamb\u00e9m os estudantes junto ao conselho de centros acad\u00eamicos do DCE. Os CA constituem-se em rico espa\u00e7o de conviv\u00eancia e de discuss\u00f5es. Alguns centros acad\u00eamicos oferecem e organizam atividades de lazer.<\/p>\n\n\n\n<div style=\"height:20px\" aria-hidden=\"true\" class=\"wp-block-spacer\"><\/div>\n\n\n\n<p><strong><a><\/a>Representa\u00e7\u00e3o<\/strong>&nbsp;<strong>Estudantil<\/strong>&nbsp;<strong>junto<\/strong>&nbsp;<strong>aos<\/strong>&nbsp;<strong>Conselhos<\/strong>&nbsp;<strong>Superiores<\/strong><\/p>\n\n\n\n<p>Os \u00f3rg\u00e3os m\u00e1ximos da Universidade s\u00e3o os Conselhos Superiores:<br><br>CEPE &#8211; Conselho de Ensino, Pesquisa e Extens\u00e3o, no qual participam todos os coordenadores de Colegiado da Universidade e representantes discentes escolhidos pelo conselho deliberativo do DCE.<br><br>CA &#8211; Conselho de Administra\u00e7\u00e3o, onde os estudantes t\u00eam um representante tamb\u00e9m escolhido pelo conselho deliberativo do DCE.<br><br>CU &#8211; Conselho Universit\u00e1rio que \u00e9 o \u00f3rg\u00e3o m\u00e1ximo de delibera\u00e7\u00e3o institucional respons\u00e1vel pelo estabelecimento da pol\u00edtica institucional da Universidade e pela sua supervis\u00e3o.<br><br>Participam do CU todos os integrantes do CEPE, CA, e mais alguns representantes de docentes, servidores t\u00e9cnico-administrativo e da comunidade externa. Consultando os novos Estatuto e Regimento da UEL, verifica-se que aumentou a representa\u00e7\u00e3o estudantil nos Departamentos, Colegiados, Conselhos de Centro, CEPE, Conselho de Administra\u00e7\u00e3o e no Conselho Universit\u00e1rio. A representa\u00e7\u00e3o estudantil \u00e9 respons\u00e1vel por 15 a 30% da composi\u00e7\u00e3o destes \u00f3rg\u00e3os e conselhos.<\/p>\n","protected":false},"excerpt":{"rendered":"<p>Representa\u00e7\u00e3o Pol\u00edtica dos Estudantes Diret\u00f3rio Central dos Estudantes &#8211; DCE O DCE \u00e9 o \u00f3rg\u00e3o de m\u00e1xima representa\u00e7\u00e3o estudantil, se articulando com todos os Centros Acad\u00eamicos dos cursos de gradua\u00e7\u00e3o. \u00c9 formado por uma diretoria eleita pelos estudantes. Cabe aos pr\u00f3prios estudantes a organiza\u00e7\u00e3o da elei\u00e7\u00e3o. Por representar o conjunto dos estudantes da Universidade, o [&hellip;]<\/p>\n","protected":false},"author":8,"featured_media":0,"parent":0,"menu_order":0,"comment_status":"closed","ping_status":"closed","template":"","meta":{"_acf_changed":false,"_themeisle_gutenberg_block_has_review":false,"footnotes":""},"class_list":["post-1760","page","type-page","status-publish","hentry"],"acf":[],"_links":{"self":[{"href":"https:\/\/sites.uel.br\/prograd\/wp-json\/wp\/v2\/pages\/1760","targetHints":{"allow":["GET"]}}],"collection":[{"href":"https:\/\/sites.uel.br\/prograd\/wp-json\/wp\/v2\/pages"}],"about":[{"href":"https:\/\/sites.uel.br\/prograd\/wp-json\/wp\/v2\/types\/page"}],"author":[{"embeddable":true,"href":"https:\/\/sites.uel.br\/prograd\/wp-json\/wp\/v2\/users\/8"}],"replies":[{"embeddable":true,"href":"https:\/\/sites.uel.br\/prograd\/wp-json\/wp\/v2\/comments?post=1760"}],"version-history":[{"count":9,"href":"https:\/\/sites.uel.br\/prograd\/wp-json\/wp\/v2\/pages\/1760\/revisions"}],"predecessor-version":[{"id":30804,"href":"https:\/\/sites.uel.br\/prograd\/wp-json\/wp\/v2\/pages\/1760\/revisions\/30804"}],"wp:attachment":[{"href":"https:\/\/sites.uel.br\/prograd\/wp-json\/wp\/v2\/media?parent=1760"}],"curies":[{"name":"wp","href":"https:\/\/api.w.org\/{rel}","templated":true}]}}