{"id":136,"date":"2022-12-14T13:28:39","date_gmt":"2022-12-14T16:28:39","guid":{"rendered":"https:\/\/sites.uel.br\/prograd\/?page_id=136"},"modified":"2026-04-07T09:17:33","modified_gmt":"2026-04-07T12:17:33","slug":"equipe","status":"publish","type":"page","link":"https:\/\/sites.uel.br\/prograd\/apresentacao\/equipe\/","title":{"rendered":"Equipe e Estrutura"},"content":{"rendered":"\n<hr class=\"wp-block-separator has-alpha-channel-opacity is-style-wide\"\/>\n\n\n\n<p>A administra\u00e7\u00e3o da Pr\u00f3-Reitoria de Gradua\u00e7\u00e3o (PROGRAD) \u00e9 composta por uma Pr\u00f3-Reitora e duas Diretorias, que contemplam nove Divis\u00f5es Administrativas, sendo que cada Divis\u00e3o, est\u00e1 alocada em uma Diretoria, e um N\u00facleo de Acessibilidade.<\/p>\n\n\n\n<p><\/p>\n\n\n\n<p>\u2022 Pr\u00f3-Reitora<br>\u2022 Diretoria de Apoio \u00e0 A\u00e7\u00e3o Pedag\u00f3gica<br>\u2022 Diretoria de Assuntos Acad\u00eamicos<br>\u2022 Secretaria Executiva<br>\u2022 Divis\u00f5es Administrativas<br>\u2022 N\u00facleo de Acessibilidade da UEL<\/p>\n\n\n\n<hr class=\"wp-block-separator has-text-color has-cinza-color has-css-opacity has-cinza-background-color has-background is-style-wide\"\/>\n\n\n\n<p><strong><strong>Pr\u00f3-Reitoria<\/strong><\/strong><br>Profa. Dra. Ana M\u00e1rcia Fernandes Tucci de Carvalho (Pr\u00f3-Reitora)<\/p>\n\n\n\n<p><strong><strong>Diretoria de Apoio \u00e0 A\u00e7\u00e3o Pedag\u00f3gica<\/strong><\/strong><br>Profa. Dra. Lilian Kemmer Chiment\u00e3o (Diretora)<\/p>\n\n\n\n<p><strong><strong><strong>Diretoria de Assuntos Acad\u00eamicos<\/strong><\/strong><\/strong><br>Profa. Dra. Maria Elisa Wotzasek Cestari (Diretora)<\/p>\n\n\n\n<p><strong><strong>Secretaria Executiva<\/strong><\/strong><br>Elaine Oliveira de Jesus (Secret\u00e1ria)<\/p>\n\n\n\n<p><strong><strong>N\u00facleo de Acessibilidade da UEL<\/strong> (NAC)<\/strong><br>Ingrid Caroline de Oliveira Ausec (Psic\u00f3loga)<br>Ariadne de Souza Choucino (Int\u00e9rprete de Libras)<br>Marli Guimar\u00e3es da Silva (Pedagoga)<\/p>\n\n\n\n<p><strong>Assessoria T\u00e9cnica Legislativa<\/strong><br>Guilherme Fresnedas Bolzan<\/p>\n\n\n\n<hr class=\"wp-block-separator has-text-color has-cinza-color has-css-opacity has-cinza-background-color has-background is-style-wide\"\/>\n\n\n\n<h3 class=\"wp-block-heading is-style-default\">Diretoria de Apoio \u00e0 A\u00e7\u00e3o Pedag\u00f3gica<\/h3>\n\n\n\n<div style=\"height:10px\" aria-hidden=\"true\" class=\"wp-block-spacer\"><\/div>\n\n\n\n<p><strong>Divis\u00e3o Central de Est\u00e1gios e Interc\u00e2mbios\u00a0(DCEI)<\/strong><br>Sueli Terezinha Ferreira da Silva (Chefia)<br>C\u00e9sar Henrique Michelan Korki<br>Matheus Henrique Klesic Queiroz Bordin<\/p>\n\n\n\n<p><strong>Divis\u00e3o de Colegiados de Cursos e Curr\u00edculos (DCC)<\/strong><br>Cl\u00e1udio Cavalcante de Oliveira (Chefia)<br>Alexandre Antonio Mendes<\/p>\n\n\n\n<p><strong>Divis\u00e3o de Pol\u00edticas de Gradua\u00e7\u00e3o (DPG)<\/strong><br>Everson Antonio Moro Cazarim (Chefia)<br>Aline Maziero Cardoso<br>Jamile Carla Baptista<\/p>\n\n\n\n<div style=\"height:40px\" aria-hidden=\"true\" class=\"wp-block-spacer\"><\/div>\n\n\n\n<h3 class=\"wp-block-heading is-style-default\">Diretoria de Assuntos Acad\u00eamicos<\/h3>\n\n\n\n<div style=\"height:10px\" aria-hidden=\"true\" class=\"wp-block-spacer\"><\/div>\n\n\n\n<p><strong>Divis\u00e3o de Apoio Administrativo (DAA)<\/strong><br>Fabiano Ferrari Ribeiro (Chefia)<br>Ros\u00e2ngela de Oliveira Rizzo<\/p>\n\n\n\n<p><strong>Divis\u00e3o de Apoio T\u00e9cnico (DAT)<\/strong><br>Andreia Cristina Neves Freitas (Chefia)<br>Elza Kazumi Fukuda Azuma<br>Mariane Delfino Rodrigues<br>Robson Jos\u00e9 dos Santos<\/p>\n\n\n\n<p><strong>Divis\u00e3o de Arquivo Geral (DAG)<\/strong><br>Rute Soares (Chefia)<br>Roseli dos Santos Dias<\/p>\n\n\n\n<p><strong>Divis\u00e3o Especial de Registro de Diplomas (DERD)<\/strong><br>Alvaro Alcindo Pacheco Braga (Chefia)<br>Solange Aparecida Luciano Serafim<\/p>\n\n\n\n<p><strong>Divis\u00e3o de Matr\u00edcula e Documenta\u00e7\u00e3o (DMD)<\/strong><br>Alessandra Costeski (Chefia)<br>Adriano Livino da Silva<br>Maria Eduarda Foglieta Moreira<\/p>\n\n\n\n<p><strong>Divis\u00e3o de Registro (DR)<\/strong><br>M\u00e1rcia Regina da Silva Fernandes (Chefia)<br>Beatriz Machado da Concei\u00e7\u00e3o<br>Daniel Chamlet<br><\/p>\n\n\n\n<div style=\"height:10px\" aria-hidden=\"true\" class=\"wp-block-spacer\"><\/div>\n\n\n\n<p>Atualizado em 07\/04\/2026<\/p>\n","protected":false},"excerpt":{"rendered":"<p>A administra\u00e7\u00e3o da Pr\u00f3-Reitoria de Gradua\u00e7\u00e3o (PROGRAD) \u00e9 composta por uma Pr\u00f3-Reitora e duas Diretorias, que contemplam nove Divis\u00f5es Administrativas, sendo que cada Divis\u00e3o, est\u00e1 alocada em uma Diretoria, e um N\u00facleo de Acessibilidade. \u2022 Pr\u00f3-Reitora\u2022 Diretoria de Apoio \u00e0 A\u00e7\u00e3o Pedag\u00f3gica\u2022 Diretoria de Assuntos Acad\u00eamicos\u2022 Secretaria Executiva\u2022 Divis\u00f5es Administrativas\u2022 N\u00facleo de Acessibilidade da UEL [&hellip;]<\/p>\n","protected":false},"author":2,"featured_media":0,"parent":246,"menu_order":0,"comment_status":"closed","ping_status":"closed","template":"","meta":{"_acf_changed":false,"_themeisle_gutenberg_block_has_review":false,"footnotes":""},"class_list":["post-136","page","type-page","status-publish","hentry"],"acf":[],"_links":{"self":[{"href":"https:\/\/sites.uel.br\/prograd\/wp-json\/wp\/v2\/pages\/136","targetHints":{"allow":["GET"]}}],"collection":[{"href":"https:\/\/sites.uel.br\/prograd\/wp-json\/wp\/v2\/pages"}],"about":[{"href":"https:\/\/sites.uel.br\/prograd\/wp-json\/wp\/v2\/types\/page"}],"author":[{"embeddable":true,"href":"https:\/\/sites.uel.br\/prograd\/wp-json\/wp\/v2\/users\/2"}],"replies":[{"embeddable":true,"href":"https:\/\/sites.uel.br\/prograd\/wp-json\/wp\/v2\/comments?post=136"}],"version-history":[{"count":150,"href":"https:\/\/sites.uel.br\/prograd\/wp-json\/wp\/v2\/pages\/136\/revisions"}],"predecessor-version":[{"id":37126,"href":"https:\/\/sites.uel.br\/prograd\/wp-json\/wp\/v2\/pages\/136\/revisions\/37126"}],"up":[{"embeddable":true,"href":"https:\/\/sites.uel.br\/prograd\/wp-json\/wp\/v2\/pages\/246"}],"wp:attachment":[{"href":"https:\/\/sites.uel.br\/prograd\/wp-json\/wp\/v2\/media?parent=136"}],"curies":[{"name":"wp","href":"https:\/\/api.w.org\/{rel}","templated":true}]}}