{"id":1244,"date":"2023-02-08T11:17:28","date_gmt":"2023-02-08T14:17:28","guid":{"rendered":"https:\/\/sites.uel.br\/prograd\/?page_id=1244"},"modified":"2025-10-24T17:28:04","modified_gmt":"2025-10-24T20:28:04","slug":"vagas-remanescentes","status":"publish","type":"page","link":"https:\/\/sites.uel.br\/prograd\/graduacao\/vagas-remanescentes\/","title":{"rendered":"Vagas Remanescentes"},"content":{"rendered":"\n<hr class=\"wp-block-separator has-alpha-channel-opacity is-style-wide\"\/>\n\n\n<div class=\"wp-block-image\">\n<figure class=\"alignright size-full\"><a href=\"https:\/\/cops.uel.br\/\" target=\"_blank\" rel=\"noreferrer noopener\"><img loading=\"lazy\" decoding=\"async\" width=\"354\" height=\"142\" src=\"https:\/\/sites.uel.br\/prograd\/wp-content\/uploads\/2023\/02\/logo-cops-1.png\" alt=\"\" class=\"wp-image-1226\" srcset=\"https:\/\/sites.uel.br\/prograd\/wp-content\/uploads\/2023\/02\/logo-cops-1.png 354w, https:\/\/sites.uel.br\/prograd\/wp-content\/uploads\/2023\/02\/logo-cops-1-300x120.png 300w\" sizes=\"auto, (max-width: 354px) 100vw, 354px\" \/><\/a><\/figure>\n<\/div>\n\n\n<p>As vagas remanescentes do Vestibular da UEL podem ser preenchidas de duas formas:<\/p>\n\n\n\n<ul class=\"wp-block-list\">\n<li>Pela nota do pr\u00f3prio Vestibular;<\/li>\n\n\n\n<li>Pela <a href=\"https:\/\/sites.uel.br\/prograd\/graduacao\/enem\/\" target=\"_blank\" rel=\"noreferrer noopener\">nota do Enem<\/a>.<\/li>\n<\/ul>\n\n\n\n<p>A sele\u00e7\u00e3o \u00e9 aberta quando n\u00e3o h\u00e1 mais candidatos classificados no Vestibular para serem convocados.<\/p>\n\n\n\n<p>O Processo Seletivo para Vagas Remanescentes \u00e9 realizado pela <a href=\"https:\/\/www.cops.uel.br\/\" target=\"_blank\" rel=\"noreferrer noopener\">Coordenadoria de Processos Seletivos (Cops)<\/a>.<\/p>\n\n\n\n<p><\/p>\n","protected":false},"excerpt":{"rendered":"<p>As vagas remanescentes do Vestibular da UEL podem ser preenchidas de duas formas: A sele\u00e7\u00e3o \u00e9 aberta quando n\u00e3o h\u00e1 mais candidatos classificados no Vestibular para serem convocados. O Processo Seletivo para Vagas Remanescentes \u00e9 realizado pela Coordenadoria de Processos Seletivos (Cops).<\/p>\n","protected":false},"author":8,"featured_media":0,"parent":12,"menu_order":0,"comment_status":"closed","ping_status":"closed","template":"","meta":{"_acf_changed":false,"_themeisle_gutenberg_block_has_review":false,"footnotes":""},"class_list":["post-1244","page","type-page","status-publish","hentry"],"acf":[],"_links":{"self":[{"href":"https:\/\/sites.uel.br\/prograd\/wp-json\/wp\/v2\/pages\/1244","targetHints":{"allow":["GET"]}}],"collection":[{"href":"https:\/\/sites.uel.br\/prograd\/wp-json\/wp\/v2\/pages"}],"about":[{"href":"https:\/\/sites.uel.br\/prograd\/wp-json\/wp\/v2\/types\/page"}],"author":[{"embeddable":true,"href":"https:\/\/sites.uel.br\/prograd\/wp-json\/wp\/v2\/users\/8"}],"replies":[{"embeddable":true,"href":"https:\/\/sites.uel.br\/prograd\/wp-json\/wp\/v2\/comments?post=1244"}],"version-history":[{"count":10,"href":"https:\/\/sites.uel.br\/prograd\/wp-json\/wp\/v2\/pages\/1244\/revisions"}],"predecessor-version":[{"id":35713,"href":"https:\/\/sites.uel.br\/prograd\/wp-json\/wp\/v2\/pages\/1244\/revisions\/35713"}],"up":[{"embeddable":true,"href":"https:\/\/sites.uel.br\/prograd\/wp-json\/wp\/v2\/pages\/12"}],"wp:attachment":[{"href":"https:\/\/sites.uel.br\/prograd\/wp-json\/wp\/v2\/media?parent=1244"}],"curies":[{"name":"wp","href":"https:\/\/api.w.org\/{rel}","templated":true}]}}