{"id":10253,"date":"2023-06-19T11:25:23","date_gmt":"2023-06-19T14:25:23","guid":{"rendered":"https:\/\/sites.uel.br\/prograd\/?page_id=10253"},"modified":"2024-04-29T10:15:56","modified_gmt":"2024-04-29T13:15:56","slug":"catalogo-dos-cursos-de-graduacao-2016-educacao-fisica-bacharelado-e-licenciatura","status":"publish","type":"page","link":"https:\/\/sites.uel.br\/prograd\/catalogo-dos-cursos-de-graduacao-2016-educacao-fisica-bacharelado-e-licenciatura\/","title":{"rendered":"Cat\u00e1logo dos Cursos de Gradua\u00e7\u00e3o (2016)"},"content":{"rendered":"\n<hr class=\"wp-block-separator has-alpha-channel-opacity is-style-wide\"\/>\n\n\n\n<h2 class=\"wp-block-heading\">Educa\u00e7\u00e3o F\u00edsica \u2013 Bacharelado e Licenciatura<\/h2>\n\n\n\n<p>Informa\u00e7\u00f5es do Curso<br>(<a href=\"https:\/\/sites.uel.br\/prograd\/wp-content\/uploads\/catalogo_cursos\/2016\/informacoes_cursos\/educacao_fisica_bacharelado.pdf\" target=\"_blank\" rel=\"noreferrer noopener\">Bacharelado<\/a>) (<a href=\"https:\/\/sites.uel.br\/prograd\/wp-content\/uploads\/catalogo_cursos\/2016\/informacoes_cursos\/educacao_fisica_licenciatura.pdf\" target=\"_blank\" rel=\"noreferrer noopener\">Licenciatura<\/a>)<\/p>\n\n\n\n<p>Organiza\u00e7\u00e3o Curricular<br>(<a href=\"https:\/\/sites.uel.br\/prograd\/wp-content\/uploads\/catalogo_cursos\/2016\/organizacao_curricular\/educacao_fisica_bacharelado_matutino.pdf\" target=\"_blank\" rel=\"noreferrer noopener\">Bacharelado &#8211; Matutino<\/a>) (<a href=\"https:\/\/sites.uel.br\/prograd\/wp-content\/uploads\/catalogo_cursos\/2016\/organizacao_curricular\/educacao_fisica_bacharelado_noturno.pdf\" target=\"_blank\" rel=\"noreferrer noopener\">Bacharelado &#8211; Noturno<\/a>)<br>(<a href=\"https:\/\/sites.uel.br\/prograd\/wp-content\/uploads\/catalogo_cursos\/2016\/organizacao_curricular\/educacao_fisica_licenciatura_matutino.pdf\" target=\"_blank\" rel=\"noreferrer noopener\">Licenciatura &#8211; Matutino<\/a>)<\/p>\n\n\n\n<p>Ementas<br>(<a href=\"https:\/\/sites.uel.br\/prograd\/wp-content\/uploads\/catalogo_cursos\/2016\/ementas\/educacao_fisica_bacharelado_matutino.pdf\" target=\"_blank\" rel=\"noreferrer noopener\">Bacharelado &#8211; Matutino<\/a>) (<a href=\"https:\/\/sites.uel.br\/prograd\/wp-content\/uploads\/catalogo_cursos\/2016\/ementas\/educacao_fisica_bacharelado_noturno.pdf\" target=\"_blank\" rel=\"noreferrer noopener\">Bacharelado &#8211; Noturno<\/a>)<br>(<a href=\"https:\/\/sites.uel.br\/prograd\/wp-content\/uploads\/catalogo_cursos\/2016\/ementas\/educacao_fisica_licenciatura_matutino.pdf\" target=\"_blank\" rel=\"noreferrer noopener\">Licenciatura &#8211; Matutino<\/a>) (<a href=\"https:\/\/sites.uel.br\/prograd\/wp-content\/uploads\/catalogo_cursos\/2016\/ementas\/educacao_fisica_licenciatura_noturno.pdf\" target=\"_blank\" rel=\"noreferrer noopener\">Licenciatura &#8211; Noturno<\/a>)<\/p>\n\n\n\n<p>Corpo Docente<br>(<a href=\"https:\/\/sites.uel.br\/prograd\/wp-content\/uploads\/catalogo_cursos\/2016\/corpo_docente\/educacao_fisica_bacharelado.pdf\" target=\"_blank\" rel=\"noreferrer noopener\">Bacharelado<\/a>) (<a href=\"https:\/\/sites.uel.br\/prograd\/wp-content\/uploads\/catalogo_cursos\/2016\/corpo_docente\/educacao_fisica_licenciatura.pdf\" target=\"_blank\" rel=\"noreferrer noopener\">Licenciatura<\/a>)<\/p>\n\n\n\n<p><a href=\"https:\/\/sites.uel.br\/prograd\/wp-content\/uploads\/catalogo_cursos\/2016\/estrutura_recursos\/cefe.pdf\" target=\"_blank\" rel=\"noreferrer noopener\">Estrutura\/Recursos<\/a><\/p>\n","protected":false},"excerpt":{"rendered":"<p>Educa\u00e7\u00e3o F\u00edsica \u2013 Bacharelado e Licenciatura Informa\u00e7\u00f5es do Curso(Bacharelado) (Licenciatura) Organiza\u00e7\u00e3o Curricular(Bacharelado &#8211; Matutino) (Bacharelado &#8211; Noturno)(Licenciatura &#8211; Matutino) Ementas(Bacharelado &#8211; Matutino) (Bacharelado &#8211; Noturno)(Licenciatura &#8211; Matutino) (Licenciatura &#8211; Noturno) Corpo Docente(Bacharelado) (Licenciatura) Estrutura\/Recursos<\/p>\n","protected":false},"author":8,"featured_media":0,"parent":0,"menu_order":0,"comment_status":"closed","ping_status":"closed","template":"","meta":{"_acf_changed":false,"_themeisle_gutenberg_block_has_review":false,"footnotes":""},"class_list":["post-10253","page","type-page","status-publish","hentry"],"acf":[],"_links":{"self":[{"href":"https:\/\/sites.uel.br\/prograd\/wp-json\/wp\/v2\/pages\/10253","targetHints":{"allow":["GET"]}}],"collection":[{"href":"https:\/\/sites.uel.br\/prograd\/wp-json\/wp\/v2\/pages"}],"about":[{"href":"https:\/\/sites.uel.br\/prograd\/wp-json\/wp\/v2\/types\/page"}],"author":[{"embeddable":true,"href":"https:\/\/sites.uel.br\/prograd\/wp-json\/wp\/v2\/users\/8"}],"replies":[{"embeddable":true,"href":"https:\/\/sites.uel.br\/prograd\/wp-json\/wp\/v2\/comments?post=10253"}],"version-history":[{"count":7,"href":"https:\/\/sites.uel.br\/prograd\/wp-json\/wp\/v2\/pages\/10253\/revisions"}],"predecessor-version":[{"id":28894,"href":"https:\/\/sites.uel.br\/prograd\/wp-json\/wp\/v2\/pages\/10253\/revisions\/28894"}],"wp:attachment":[{"href":"https:\/\/sites.uel.br\/prograd\/wp-json\/wp\/v2\/media?parent=10253"}],"curies":[{"name":"wp","href":"https:\/\/api.w.org\/{rel}","templated":true}]}}

Catálogo dos Cursos de Graduação (2016)

<hr class="wp-block-separator has-alpha-channel-opacity is-style-wide"/>



<h2 class="wp-block-heading">Educação Física – Bacharelado e Licenciatura</h2>



<p>Informações do Curso<br>(<a href="https://sites.uel.br/prograd/wp-content/uploads/catalogo_cursos/2016/informacoes_cursos/educacao_fisica_bacharelado.pdf" target="_blank" rel="noreferrer noopener">Bacharelado</a>) (<a href="https://sites.uel.br/prograd/wp-content/uploads/catalogo_cursos/2016/informacoes_cursos/educacao_fisica_licenciatura.pdf" target="_blank" rel="noreferrer noopener">Licenciatura</a>)</p>



<p>Organização Curricular<br>(<a href="https://sites.uel.br/prograd/wp-content/uploads/catalogo_cursos/2016/organizacao_curricular/educacao_fisica_bacharelado_matutino.pdf" target="_blank" rel="noreferrer noopener">Bacharelado &#8211; Matutino</a>) (<a href="https://sites.uel.br/prograd/wp-content/uploads/catalogo_cursos/2016/organizacao_curricular/educacao_fisica_bacharelado_noturno.pdf" target="_blank" rel="noreferrer noopener">Bacharelado &#8211; Noturno</a>)<br>(<a href="https://sites.uel.br/prograd/wp-content/uploads/catalogo_cursos/2016/organizacao_curricular/educacao_fisica_licenciatura_matutino.pdf" target="_blank" rel="noreferrer noopener">Licenciatura &#8211; Matutino</a>)</p>



<p>Ementas<br>(<a href="https://sites.uel.br/prograd/wp-content/uploads/catalogo_cursos/2016/ementas/educacao_fisica_bacharelado_matutino.pdf" target="_blank" rel="noreferrer noopener">Bacharelado &#8211; Matutino</a>) (<a href="https://sites.uel.br/prograd/wp-content/uploads/catalogo_cursos/2016/ementas/educacao_fisica_bacharelado_noturno.pdf" target="_blank" rel="noreferrer noopener">Bacharelado &#8211; Noturno</a>)<br>(<a href="https://sites.uel.br/prograd/wp-content/uploads/catalogo_cursos/2016/ementas/educacao_fisica_licenciatura_matutino.pdf" target="_blank" rel="noreferrer noopener">Licenciatura &#8211; Matutino</a>) (<a href="https://sites.uel.br/prograd/wp-content/uploads/catalogo_cursos/2016/ementas/educacao_fisica_licenciatura_noturno.pdf" target="_blank" rel="noreferrer noopener">Licenciatura &#8211; Noturno</a>)</p>



<p>Corpo Docente<br>(<a href="https://sites.uel.br/prograd/wp-content/uploads/catalogo_cursos/2016/corpo_docente/educacao_fisica_bacharelado.pdf" target="_blank" rel="noreferrer noopener">Bacharelado</a>) (<a href="https://sites.uel.br/prograd/wp-content/uploads/catalogo_cursos/2016/corpo_docente/educacao_fisica_licenciatura.pdf" target="_blank" rel="noreferrer noopener">Licenciatura</a>)</p>



<p><a href="https://sites.uel.br/prograd/wp-content/uploads/catalogo_cursos/2016/estrutura_recursos/cefe.pdf" target="_blank" rel="noreferrer noopener">Estrutura/Recursos</a></p>

<p>Educação Física – Bacharelado e Licenciatura Informações do Curso(Bacharelado) (Licenciatura) Organização Curricular(Bacharelado &#8211; Matutino) (Bacharelado &#8211; Noturno)(Licenciatura &#8211; Matutino) Ementas(Bacharelado &#8211; Matutino) (Bacharelado &#8211; Noturno)(Licenciatura &#8211; Matutino) (Licenciatura &#8211; Noturno) Corpo Docente(Bacharelado) (Licenciatura) Estrutura/Recursos</p>
