{"id":10034,"date":"2023-06-15T11:07:05","date_gmt":"2023-06-15T14:07:05","guid":{"rendered":"https:\/\/sites.uel.br\/prograd\/?page_id=10034"},"modified":"2024-05-03T14:23:56","modified_gmt":"2024-05-03T17:23:56","slug":"catalogo-dos-cursos-de-graduacao-2018-ciencias-sociais-bacharelado-e-licenciatura","status":"publish","type":"page","link":"https:\/\/sites.uel.br\/prograd\/catalogo-dos-cursos-de-graduacao-2018-ciencias-sociais-bacharelado-e-licenciatura\/","title":{"rendered":"Cat\u00e1logo dos Cursos de Gradua\u00e7\u00e3o (2018)"},"content":{"rendered":"\n<hr class=\"wp-block-separator has-alpha-channel-opacity is-style-wide\"\/>\n\n\n\n<h2 class=\"wp-block-heading\">Ci\u00eancias Sociais \u2013 Bacharelado e Licenciatura<\/h2>\n\n\n\n<p><strong>Ci\u00eancias Sociais<\/strong><br><strong>Habilita\u00e7\u00e3o:<\/strong>&nbsp;<strong>Bacharelado<\/strong><\/p>\n\n\n\n<p><\/p>\n\n\n\n<p><strong>Cria\u00e7\u00e3o<\/strong><br>Resolu\u00e7\u00e3o n.\u00ba 100, de 25.05.72<\/p>\n\n\n\n<p><\/p>\n\n\n\n<p><strong>Implanta\u00e7\u00e3o do Curso na UEL<\/strong><br>16.02.73<\/p>\n\n\n\n<p><\/p>\n\n\n\n<p><strong>Reconhecimento<\/strong><br>Dispon\u00edvel em:&nbsp;<a href=\"http:\/\/www.uel.br\/prograd\/reconhecimento\" target=\"_blank\" rel=\"noreferrer noopener\"><\/a><a href=\"https:\/\/sites.uel.br\/prograd\/decretos-renovacao-de-cursos\/\">sites.uel.br\/prograd\/decretos-renovacao-de-cursos<\/a><\/p>\n\n\n\n<p><\/p>\n\n\n\n<p><strong>Grau<\/strong><br>Bacharel em Ci\u00eancias Sociais<\/p>\n\n\n\n<p><\/p>\n\n\n\n<p><strong>C\u00f3digo\/Turno<\/strong><br>68 \u2013 Matutino; 28 &#8211; Noturno<\/p>\n\n\n\n<p><\/p>\n\n\n\n<p><strong>Perfil do Profissional<\/strong><br>Prop\u00f5e-se a forma\u00e7\u00e3o de um profissional cr\u00edtico e comprometido \u00e9tica e socialmente com as quest\u00f5es sociais contempor\u00e2neas. O Curso de Ci\u00eancias Sociais deseja propiciar ao concluinte: capacidade de pesquisa e reflex\u00e3o cr\u00edtica sobre a realidade social; compromisso social; capacidade de operar com teorias, conceitos e m\u00e9todos pr\u00f3prios das Ci\u00eancias Sociais; abertura para outras compet\u00eancias necess\u00e1rias \u00e0 forma\u00e7\u00e3o do educador\/pesquisador e habilidades did\u00e1tico-pedag\u00f3gicas e dom\u00ednio dos conte\u00fados b\u00e1sicos para o exerc\u00edcio do magist\u00e9rio.<\/p>\n\n\n\n<p><\/p>\n\n\n\n<p><strong>Objetivo do Curso<\/strong><br>Permitir uma forma\u00e7\u00e3o te\u00f3rica e de pesquisa capaz de conduzir o aluno a uma reflex\u00e3o cr\u00edtica sobre a sociedade contempor\u00e2nea e, ao mesmo tempo, prepar\u00e1-lo para a inser\u00e7\u00e3o no mercado de trabalho; integrar o ensino, a pesquisa e a extens\u00e3o como momentos de um mesmo processo de constru\u00e7\u00e3o do conhecimento; propiciar ao aluno uma forma\u00e7\u00e3o integrada das \u00e1reas e sub\u00e1reas das Ci\u00eancias Sociais; promover discuss\u00f5es interdisciplinares atrav\u00e9s de atividades e semin\u00e1rios integrados e Garantir, na forma\u00e7\u00e3o do estudante, o compromisso \u00e9tico e social com sua pr\u00e1tica profissional.<\/p>\n\n\n\n<p><\/p>\n\n\n\n<p><strong>Campos de Atua\u00e7\u00e3o<\/strong><br>Empresas p\u00fablicas e privadas, institui\u00e7\u00f5es de pesquisa e exerc\u00edcio da doc\u00eancia no ensino superior. A profiss\u00e3o est\u00e1 regulamentada pela Lei n.\u00ba 6.888, de 10.02.80 e Decreto n.\u00ba 89.531, de 05.04.84.<\/p>\n\n\n\n<p><\/p>\n\n\n\n<p><strong>Sistema<\/strong>&nbsp;<strong>Acad\u00eamico<\/strong><br>Cr\u00e9dito semestral<\/p>\n\n\n\n<p><\/p>\n\n\n\n<p><strong>N.\u00ba<\/strong>&nbsp;<strong>de<\/strong>&nbsp;<strong>Estudantes por Turma<\/strong><br>Matutino \u2013 50; Noturno \u2013 50<\/p>\n\n\n\n<p><\/p>\n\n\n\n<p><strong>Ci\u00eancias Sociais<br>Habilita\u00e7\u00e3o:<\/strong>&nbsp;<strong>Licenciatura<\/strong><\/p>\n\n\n\n<p><\/p>\n\n\n\n<p><strong>Cria\u00e7\u00e3o<\/strong><br>Resolu\u00e7\u00e3o n.\u00ba 100, de 25.05.72<\/p>\n\n\n\n<p><\/p>\n\n\n\n<p><strong>Implanta\u00e7\u00e3o do Curso na UEL<\/strong><br>16.02.73<\/p>\n\n\n\n<p><\/p>\n\n\n\n<p><strong>Reconhecimento<\/strong><br>Dispon\u00edvel em:&nbsp;<a href=\"http:\/\/www.uel.br\/prograd\/reconhecimento\" target=\"_blank\" rel=\"noreferrer noopener\"><\/a><a href=\"https:\/\/sites.uel.br\/prograd\/decretos-renovacao-de-cursos\/\">sites.uel.br\/prograd\/decretos-renovacao-de-cursos<\/a><\/p>\n\n\n\n<p><\/p>\n\n\n\n<p><strong>Grau<\/strong><br>Licenciado em Ci\u00eancias Sociais<\/p>\n\n\n\n<p><\/p>\n\n\n\n<p><strong>C\u00f3digo\/Turno<\/strong><br>68 &#8211; Matutino; 28 &#8211; Noturno<\/p>\n\n\n\n<p><\/p>\n\n\n\n<p><strong>Perfil do Profissional<\/strong><br>Prop\u00f5e-se a forma\u00e7\u00e3o de um profissional cr\u00edtico e comprometido \u00e9tica e socialmente com as quest\u00f5es sociais contempor\u00e2neas. O Curso de Ci\u00eancias Sociais \u2013 Habilita\u00e7\u00e3o Licenciatura \u2013 deseja propiciar ao concluinte: habilidades did\u00e1tico-pedag\u00f3gicas e dom\u00ednio dos conte\u00fados b\u00e1sicos para o exerc\u00edcio do magist\u00e9rio \u2013 Ensino da Sociologia no Ensino M\u00e9dio; capacidade de pesquisa e reflex\u00e3o cr\u00edtica sobre a realidade social; compromisso social; capacidade de operar com teorias, conceitos e m\u00e9todos pr\u00f3prios das Ci\u00eancias Sociais e abertura para outras compet\u00eancias necess\u00e1rias \u00e0 forma\u00e7\u00e3o do educador\/pesquisador.<\/p>\n\n\n\n<p><\/p>\n\n\n\n<p><strong>Objetivo do Curso<\/strong><br>Permitir uma forma\u00e7\u00e3o te\u00f3rica e de pesquisa capaz de conduzir o aluno a uma reflex\u00e3o cr\u00edtica sobre a sociedade contempor\u00e2nea e, ao mesmo tempo, prepar\u00e1-lo para a inser\u00e7\u00e3o no mercado de trabalho; integrar o ensino, a pesquisa e a extens\u00e3o como momentos de um mesmo processo de constru\u00e7\u00e3o do conhecimento; propiciar ao aluno uma forma\u00e7\u00e3o integrada das \u00e1reas e sub\u00e1reas das Ci\u00eancias Sociais; promover discuss\u00f5es interdisciplinares atrav\u00e9s de atividades e semin\u00e1rios integrados e garantir, na forma\u00e7\u00e3o do estudante, o compromisso \u00e9tico e social com sua pr\u00e1tica profissional.<\/p>\n\n\n\n<p><\/p>\n\n\n\n<p><strong>Campos de Atua\u00e7\u00e3o<\/strong><br>Escolas p\u00fablicas e privadas de ensino fundamental, m\u00e9dio e superior. A profiss\u00e3o est\u00e1 regulamentada pela Lei n.\u00ba 6.888, de 10.02.80 e Decreto n.\u00ba 89.531, de 05.04.84.<\/p>\n\n\n\n<p><\/p>\n\n\n\n<p><strong>Sistema<\/strong>&nbsp;<strong>Acad\u00eamico<\/strong><br>Cr\u00e9dito semestral<\/p>\n\n\n\n<p><\/p>\n\n\n\n<p><strong>N.\u00ba<\/strong>&nbsp;<strong>de<\/strong>&nbsp;<strong>Estudantes por Turma<\/strong><br>Matutino \u2013 50; Noturno \u2013 50<\/p>\n\n\n\n<div style=\"height:30px\" aria-hidden=\"true\" class=\"wp-block-spacer\"><\/div>\n\n\n\n<h3 class=\"wp-block-heading\"><strong>Saiba Mais Sobre o Curso de Ci\u00eancias Sociais \u2013 Bacharelado e Licenciatura<\/strong><\/h3>\n\n\n\n<p>Organiza\u00e7\u00e3o Curricular<br>(<a href=\"https:\/\/sites.uel.br\/prograd\/wp-content\/uploads\/catalogo_cursos\/2018\/organizacao_curricular\/ciencias_sociais_bacharelado_matutino.pdf\" target=\"_blank\" rel=\"noreferrer noopener\">Bacharelado &#8211; Matutino<\/a>) (<a href=\"https:\/\/sites.uel.br\/prograd\/wp-content\/uploads\/catalogo_cursos\/2018\/organizacao_curricular\/ciencias_sociais_bacharelado_noturno.pdf\" target=\"_blank\" rel=\"noreferrer noopener\">Bacharelado &#8211; Noturno<\/a>)<br>(<a href=\"https:\/\/sites.uel.br\/prograd\/wp-content\/uploads\/catalogo_cursos\/2018\/organizacao_curricular\/ciencias_sociais_licenciatura_matutino.pdf\" target=\"_blank\" rel=\"noreferrer noopener\">Licenciatura &#8211; Matutino<\/a>) (<a href=\"https:\/\/sites.uel.br\/prograd\/wp-content\/uploads\/catalogo_cursos\/2018\/organizacao_curricular\/ciencias_sociais_licenciatura_noturno.pdf\" target=\"_blank\" rel=\"noreferrer noopener\">Licenciatura &#8211; Noturno<\/a>)<\/p>\n\n\n\n<p>Ementas<br>(<a href=\"https:\/\/sites.uel.br\/prograd\/wp-content\/uploads\/catalogo_cursos\/2018\/ementas\/ciencias_sociais_bacharelado_matutino.pdf\" target=\"_blank\" rel=\"noreferrer noopener\">Bacharelado &#8211; Matutino<\/a>) (<a href=\"https:\/\/sites.uel.br\/prograd\/wp-content\/uploads\/catalogo_cursos\/2018\/ementas\/ciencias_sociais_bacharelado_noturno.pdf\" target=\"_blank\" rel=\"noreferrer noopener\">Bacharelado &#8211; Noturno<\/a>)<br>(<a href=\"https:\/\/sites.uel.br\/prograd\/wp-content\/uploads\/catalogo_cursos\/2018\/ementas\/ciencias_sociais_licenciatura_matutino.pdf\" target=\"_blank\" rel=\"noreferrer noopener\">Licenciatura &#8211; Matutino<\/a>) (<a href=\"https:\/\/sites.uel.br\/prograd\/wp-content\/uploads\/catalogo_cursos\/2018\/ementas\/ciencias_sociais_licenciatura_noturno.pdf\" target=\"_blank\" rel=\"noreferrer noopener\">Licenciatura &#8211; Noturno<\/a>)<\/p>\n\n\n\n<p><a href=\"https:\/\/sites.uel.br\/prograd\/wp-content\/uploads\/catalogo_cursos\/2018\/corpo_docente\/ciencias_sociais.pdf\" target=\"_blank\" rel=\"noreferrer noopener\">Corpo Docente<\/a><\/p>\n\n\n\n<p><a href=\"https:\/\/sites.uel.br\/prograd\/wp-content\/uploads\/catalogo_cursos\/2018\/estrutura_recursos\/clch.pdf\" target=\"_blank\" rel=\"noreferrer noopener\">Estrutura\/Recursos<\/a><\/p>\n","protected":false},"excerpt":{"rendered":"<p>Ci\u00eancias Sociais \u2013 Bacharelado e Licenciatura Ci\u00eancias SociaisHabilita\u00e7\u00e3o:&nbsp;Bacharelado Cria\u00e7\u00e3oResolu\u00e7\u00e3o n.\u00ba 100, de 25.05.72 Implanta\u00e7\u00e3o do Curso na UEL16.02.73 ReconhecimentoDispon\u00edvel em:&nbsp;sites.uel.br\/prograd\/decretos-renovacao-de-cursos GrauBacharel em Ci\u00eancias Sociais C\u00f3digo\/Turno68 \u2013 Matutino; 28 &#8211; Noturno Perfil do ProfissionalProp\u00f5e-se a forma\u00e7\u00e3o de um profissional cr\u00edtico e comprometido \u00e9tica e socialmente com as quest\u00f5es sociais contempor\u00e2neas. O Curso de Ci\u00eancias Sociais deseja [&hellip;]<\/p>\n","protected":false},"author":8,"featured_media":0,"parent":0,"menu_order":0,"comment_status":"closed","ping_status":"closed","template":"","meta":{"_acf_changed":false,"_themeisle_gutenberg_block_has_review":false,"footnotes":""},"class_list":["post-10034","page","type-page","status-publish","hentry"],"acf":[],"_links":{"self":[{"href":"https:\/\/sites.uel.br\/prograd\/wp-json\/wp\/v2\/pages\/10034","targetHints":{"allow":["GET"]}}],"collection":[{"href":"https:\/\/sites.uel.br\/prograd\/wp-json\/wp\/v2\/pages"}],"about":[{"href":"https:\/\/sites.uel.br\/prograd\/wp-json\/wp\/v2\/types\/page"}],"author":[{"embeddable":true,"href":"https:\/\/sites.uel.br\/prograd\/wp-json\/wp\/v2\/users\/8"}],"replies":[{"embeddable":true,"href":"https:\/\/sites.uel.br\/prograd\/wp-json\/wp\/v2\/comments?post=10034"}],"version-history":[{"count":10,"href":"https:\/\/sites.uel.br\/prograd\/wp-json\/wp\/v2\/pages\/10034\/revisions"}],"predecessor-version":[{"id":29120,"href":"https:\/\/sites.uel.br\/prograd\/wp-json\/wp\/v2\/pages\/10034\/revisions\/29120"}],"wp:attachment":[{"href":"https:\/\/sites.uel.br\/prograd\/wp-json\/wp\/v2\/media?parent=10034"}],"curies":[{"name":"wp","href":"https:\/\/api.w.org\/{rel}","templated":true}]}}