{"id":7883,"date":"2026-03-26T10:32:23","date_gmt":"2026-03-26T13:32:23","guid":{"rendered":"https:\/\/sites.uel.br\/proex\/?page_id=7883"},"modified":"2026-03-26T10:32:23","modified_gmt":"2026-03-26T13:32:23","slug":"1-oficina-aex","status":"publish","type":"page","link":"https:\/\/sites.uel.br\/proex\/1-oficina-aex\/","title":{"rendered":"1\u00b0 Oficina AEX"},"content":{"rendered":"\n<div style=\"height:10px\" aria-hidden=\"true\" class=\"wp-block-spacer\"><\/div>\n\n\n<div class=\"wp-block-image\">\n<figure class=\"aligncenter size-full is-resized\"><img loading=\"lazy\" decoding=\"async\" width=\"581\" height=\"131\" src=\"https:\/\/sites.uel.br\/proex\/wp-content\/uploads\/2026\/03\/image-1.png\" alt=\"\" class=\"wp-image-7884\" style=\"width:331px;height:auto\" srcset=\"https:\/\/sites.uel.br\/proex\/wp-content\/uploads\/2026\/03\/image-1.png 581w, https:\/\/sites.uel.br\/proex\/wp-content\/uploads\/2026\/03\/image-1-300x68.png 300w\" sizes=\"auto, (max-width: 581px) 100vw, 581px\" \/><\/figure>\n<\/div>\n\n\n<div style=\"height:10px\" aria-hidden=\"true\" class=\"wp-block-spacer\"><\/div>\n\n\n\n<p>A <strong>1\u00b0 oficina de Credita\u00e7\u00e3o da AEX<\/strong> \u00e9 uma atividade organizada pelas Pr\u00f3-Reitorias PROEX e PROGRAD, direcionada aos Coordenadores(as) e Vice-Coordenadores(as) de colegiado, AEX, Comiss\u00e3o de Extens\u00e3o e servidores interessados. Seu objetivo \u00e9 apresentar e explicar as <strong>Resolu\u00e7\u00f5es da AEX<\/strong> e <strong>Demonstrar o Funcionamento do Sistema de Credita\u00e7\u00e3o<\/strong>.<\/p>\n\n\n\n<blockquote class=\"wp-block-quote is-layout-flow wp-block-quote-is-layout-flow\">\n<p><strong>PROGRAMA\u00c7\u00c3O<\/strong><\/p>\n<\/blockquote>\n\n\n\n<figure class=\"wp-block-image size-large is-resized\"><img loading=\"lazy\" decoding=\"async\" width=\"731\" height=\"1024\" src=\"https:\/\/sites.uel.br\/proex\/wp-content\/uploads\/2026\/03\/1-oficina-AEX-731x1024.png\" alt=\"\" class=\"wp-image-7889\" style=\"width:287px;height:auto\" srcset=\"https:\/\/sites.uel.br\/proex\/wp-content\/uploads\/2026\/03\/1-oficina-AEX-731x1024.png 731w, https:\/\/sites.uel.br\/proex\/wp-content\/uploads\/2026\/03\/1-oficina-AEX-214x300.png 214w, https:\/\/sites.uel.br\/proex\/wp-content\/uploads\/2026\/03\/1-oficina-AEX-768x1076.png 768w, https:\/\/sites.uel.br\/proex\/wp-content\/uploads\/2026\/03\/1-oficina-AEX-1097x1536.png 1097w, https:\/\/sites.uel.br\/proex\/wp-content\/uploads\/2026\/03\/1-oficina-AEX.png 1428w\" sizes=\"auto, (max-width: 731px) 100vw, 731px\" \/><\/figure>\n","protected":false},"excerpt":{"rendered":"<p>A 1\u00b0 oficina de Credita\u00e7\u00e3o da AEX \u00e9 uma atividade organizada pelas Pr\u00f3-Reitorias PROEX e PROGRAD, direcionada aos Coordenadores(as) e Vice-Coordenadores(as) de colegiado, AEX, Comiss\u00e3o de Extens\u00e3o e servidores interessados. Seu objetivo \u00e9 apresentar e explicar as Resolu\u00e7\u00f5es da AEX e Demonstrar o Funcionamento do Sistema de Credita\u00e7\u00e3o. PROGRAMA\u00c7\u00c3O<\/p>\n","protected":false},"author":9,"featured_media":0,"parent":0,"menu_order":0,"comment_status":"closed","ping_status":"closed","template":"","meta":{"_acf_changed":false,"_themeisle_gutenberg_block_has_review":false,"footnotes":""},"class_list":["post-7883","page","type-page","status-publish","hentry"],"acf":[],"_links":{"self":[{"href":"https:\/\/sites.uel.br\/proex\/wp-json\/wp\/v2\/pages\/7883","targetHints":{"allow":["GET"]}}],"collection":[{"href":"https:\/\/sites.uel.br\/proex\/wp-json\/wp\/v2\/pages"}],"about":[{"href":"https:\/\/sites.uel.br\/proex\/wp-json\/wp\/v2\/types\/page"}],"author":[{"embeddable":true,"href":"https:\/\/sites.uel.br\/proex\/wp-json\/wp\/v2\/users\/9"}],"replies":[{"embeddable":true,"href":"https:\/\/sites.uel.br\/proex\/wp-json\/wp\/v2\/comments?post=7883"}],"version-history":[{"count":2,"href":"https:\/\/sites.uel.br\/proex\/wp-json\/wp\/v2\/pages\/7883\/revisions"}],"predecessor-version":[{"id":7890,"href":"https:\/\/sites.uel.br\/proex\/wp-json\/wp\/v2\/pages\/7883\/revisions\/7890"}],"wp:attachment":[{"href":"https:\/\/sites.uel.br\/proex\/wp-json\/wp\/v2\/media?parent=7883"}],"curies":[{"name":"wp","href":"https:\/\/api.w.org\/{rel}","templated":true}]}}