{"id":7290,"date":"2026-01-12T10:09:03","date_gmt":"2026-01-12T13:09:03","guid":{"rendered":"https:\/\/sites.uel.br\/proex\/?page_id=7290"},"modified":"2026-02-27T10:11:48","modified_gmt":"2026-02-27T13:11:48","slug":"areas-tematicas-eleicoes-2026","status":"publish","type":"page","link":"https:\/\/sites.uel.br\/proex\/areas-tematicas-eleicoes-2026\/","title":{"rendered":"\u00c1reas tem\u00e1ticas-elei\u00e7\u00f5es 2026"},"content":{"rendered":"\n<figure class=\"wp-block-table is-style-stripes\"><table><tbody><tr><td><strong><a href=\"https:\/\/sites.uel.br\/proex\/wp-content\/uploads\/2026\/02\/Edital-057-2026-assinado-atualizado.pdf\">Edital PROEX 057\/2026 -Torna p\u00fablico, o resultado da elei\u00e7\u00e3o eletr\u00f4nica, com a listagem dos candidatos e respectiva vota\u00e7\u00e3o para as fun\u00e7\u00f5es de Coordenadores e Suplentes das \u00c1reas Tem\u00e1ticas abertas pelo Ato Executivo 073\/2025.<\/a><\/strong><\/td><\/tr><tr><td><strong><a href=\"https:\/\/sites.uel.br\/proex\/wp-content\/uploads\/2026\/02\/Edital-036-2026-Inscricoes-Deferidas-Ato-Exec-008-2026.pdf\">Edital PROEX 036\/2026 -Torna p\u00fablico, o resultado da an\u00e1lise dos requerimentos de inscri\u00e7\u00e3o protocolados at\u00e9 o dia 08\/02 pelos candidatos \u00e0 elei\u00e7\u00e3o de Coordenadores e Suplentes das \u00c1reas Tem\u00e1ticas abertas pelos Atos Executivos 008\/2026.<\/a><\/strong><\/td><\/tr><tr><td><strong><a href=\"https:\/\/sites.uel.br\/proex\/wp-content\/uploads\/2026\/02\/Edital_033_2026_Inscricoes_Chapas_Ato_Exec_073_2025_assinado.pdf\">Edital PROEX 033\/2026 -Torna p\u00fablico, o resultado da an\u00e1lise dos requerimentos de inscri\u00e7\u00e3o protocolados pelos candidatos \u00e0 elei\u00e7\u00e3o de Coordenadores e Suplentes das \u00c1reas Tem\u00e1ticas abertas pelos Atos Executivos 073\/2025.<\/a><\/strong><\/td><\/tr><tr><td><a href=\"https:\/\/sites.uel.br\/proex\/wp-content\/uploads\/2026\/02\/Requerimento-de-Inscricao-de-Candidatos-anexo-I-PRORROGACAO-CORRIGIDO.doc\"><strong>Requerimento de Inscri\u00e7\u00e3o de Candidatos (anexo I) PRORROGA\u00c7\u00c3O<\/strong> <\/a><\/td><\/tr><tr><td><strong><a href=\"https:\/\/sites.uel.br\/proex\/wp-content\/uploads\/2026\/02\/Ato-Executivo-n.-008.2026-prorrogacao-Coordenador-das-Areas-Tematicas-na-Camara-de-Extensao-CEPE-1.pdf\">Ato Executivo n.008\/2026 &#8211; PRORROGA O PRAZO DAS INSCRI\u00c7\u00d5ES<\/a><\/strong><\/td><\/tr><tr><td><strong><a href=\"https:\/\/sites.uel.br\/proex\/wp-content\/uploads\/2026\/01\/Requerimento-de-Inscricao-de-Candidatos-anexo-I-2026.doc\">Requerimento de Inscri\u00e7\u00e3o de Candidatos (anexo I)<\/a><\/strong><\/td><\/tr><tr><td><strong><a href=\"https:\/\/sites.uel.br\/proex\/wp-content\/uploads\/2026\/01\/Eleicoes-Areas-Tematicas-2026-CRONOGRAMA.pdf\">Cronograma &#8211; Etapas e prazos da elei\u00e7\u00e3o (Anexo III)<\/a><\/strong><\/td><\/tr><tr><td><strong><a href=\"https:\/\/sites.uel.br\/proex\/wp-content\/uploads\/2026\/01\/Ato-Executivo-073-2025-Eleicoes-Areas-Tematicas-na-Camara-de-Extensao.pdf\">Regimento Eleitoral &#8211; Ato Executivo n.073\/2025<\/a><\/strong><\/td><\/tr><\/tbody><\/table><\/figure>\n\n\n\n<p><\/p>\n","protected":false},"excerpt":{"rendered":"<p>Edital PROEX 057\/2026 -Torna p\u00fablico, o resultado da elei\u00e7\u00e3o eletr\u00f4nica, com a listagem dos candidatos e respectiva vota\u00e7\u00e3o para as fun\u00e7\u00f5es de Coordenadores e Suplentes das \u00c1reas Tem\u00e1ticas abertas pelo Ato Executivo 073\/2025. Edital PROEX 036\/2026 -Torna p\u00fablico, o resultado da an\u00e1lise dos requerimentos de inscri\u00e7\u00e3o protocolados at\u00e9 o dia 08\/02 pelos candidatos \u00e0 elei\u00e7\u00e3o [&hellip;]<\/p>\n","protected":false},"author":9,"featured_media":0,"parent":0,"menu_order":0,"comment_status":"closed","ping_status":"closed","template":"","meta":{"_acf_changed":false,"_themeisle_gutenberg_block_has_review":false,"footnotes":""},"class_list":["post-7290","page","type-page","status-publish","hentry"],"acf":[],"_links":{"self":[{"href":"https:\/\/sites.uel.br\/proex\/wp-json\/wp\/v2\/pages\/7290","targetHints":{"allow":["GET"]}}],"collection":[{"href":"https:\/\/sites.uel.br\/proex\/wp-json\/wp\/v2\/pages"}],"about":[{"href":"https:\/\/sites.uel.br\/proex\/wp-json\/wp\/v2\/types\/page"}],"author":[{"embeddable":true,"href":"https:\/\/sites.uel.br\/proex\/wp-json\/wp\/v2\/users\/9"}],"replies":[{"embeddable":true,"href":"https:\/\/sites.uel.br\/proex\/wp-json\/wp\/v2\/comments?post=7290"}],"version-history":[{"count":10,"href":"https:\/\/sites.uel.br\/proex\/wp-json\/wp\/v2\/pages\/7290\/revisions"}],"predecessor-version":[{"id":7529,"href":"https:\/\/sites.uel.br\/proex\/wp-json\/wp\/v2\/pages\/7290\/revisions\/7529"}],"wp:attachment":[{"href":"https:\/\/sites.uel.br\/proex\/wp-json\/wp\/v2\/media?parent=7290"}],"curies":[{"name":"wp","href":"https:\/\/api.w.org\/{rel}","templated":true}]}}

Áreas temáticas-eleições 2026

<figure class="wp-block-table is-style-stripes"><table><tbody><tr><td><strong><a href="https://sites.uel.br/proex/wp-content/uploads/2026/02/Edital-057-2026-assinado-atualizado.pdf">Edital PROEX 057/2026 -Torna público, o resultado da eleição eletrônica, com a listagem dos candidatos e respectiva votação para as funções de Coordenadores e Suplentes das Áreas Temáticas abertas pelo Ato Executivo 073/2025.</a></strong></td></tr><tr><td><strong><a href="https://sites.uel.br/proex/wp-content/uploads/2026/02/Edital-036-2026-Inscricoes-Deferidas-Ato-Exec-008-2026.pdf">Edital PROEX 036/2026 -Torna público, o resultado da análise dos requerimentos de inscrição protocolados até o dia 08/02 pelos candidatos à eleição de Coordenadores e Suplentes das Áreas Temáticas abertas pelos Atos Executivos 008/2026.</a></strong></td></tr><tr><td><strong><a href="https://sites.uel.br/proex/wp-content/uploads/2026/02/Edital_033_2026_Inscricoes_Chapas_Ato_Exec_073_2025_assinado.pdf">Edital PROEX 033/2026 -Torna público, o resultado da análise dos requerimentos de inscrição protocolados pelos candidatos à eleição de Coordenadores e Suplentes das Áreas Temáticas abertas pelos Atos Executivos 073/2025.</a></strong></td></tr><tr><td><a href="https://sites.uel.br/proex/wp-content/uploads/2026/02/Requerimento-de-Inscricao-de-Candidatos-anexo-I-PRORROGACAO-CORRIGIDO.doc"><strong>Requerimento de Inscrição de Candidatos (anexo I) PRORROGAÇÃO</strong> </a></td></tr><tr><td><strong><a href="https://sites.uel.br/proex/wp-content/uploads/2026/02/Ato-Executivo-n.-008.2026-prorrogacao-Coordenador-das-Areas-Tematicas-na-Camara-de-Extensao-CEPE-1.pdf">Ato Executivo n.008/2026 &#8211; PRORROGA O PRAZO DAS INSCRIÇÕES</a></strong></td></tr><tr><td><strong><a href="https://sites.uel.br/proex/wp-content/uploads/2026/01/Requerimento-de-Inscricao-de-Candidatos-anexo-I-2026.doc">Requerimento de Inscrição de Candidatos (anexo I)</a></strong></td></tr><tr><td><strong><a href="https://sites.uel.br/proex/wp-content/uploads/2026/01/Eleicoes-Areas-Tematicas-2026-CRONOGRAMA.pdf">Cronograma &#8211; Etapas e prazos da eleição (Anexo III)</a></strong></td></tr><tr><td><strong><a href="https://sites.uel.br/proex/wp-content/uploads/2026/01/Ato-Executivo-073-2025-Eleicoes-Areas-Tematicas-na-Camara-de-Extensao.pdf">Regimento Eleitoral &#8211; Ato Executivo n.073/2025</a></strong></td></tr></tbody></table></figure>



<p></p>

<p>Edital PROEX 057/2026 -Torna público, o resultado da eleição eletrônica, com a listagem dos candidatos e respectiva votação para as funções de Coordenadores e Suplentes das Áreas Temáticas abertas pelo Ato Executivo 073/2025. Edital PROEX 036/2026 -Torna público, o resultado da análise dos requerimentos de inscrição protocolados até o dia 08/02 pelos candidatos à eleição [&hellip;]</p>
